493
CXUS52 KGSP 011327
CLMCLT

CLIMATE REPORT
NATIONAL WEATHER SERVICE GREENVILLE-SPARTANBURG SC
857 AM EDT FRI SEP 1 2017

...................................

...THE CHARLOTTE CLIMATE SUMMARY FOR THE MONTH OF AUGUST 2017...

CLIMATE NORMAL PERIOD 1981 TO 2010
CLIMATE RECORD PERIOD 1878 TO 2017

WEATHER         OBSERVED          NORMAL  DEPART  LAST YEAR`S
                 VALUE   DATE(S)  VALUE   FROM    VALUE  DATE(S)
                                          NORMAL
................................................................
TEMPERATURE (F)
RECORD
 HIGH             104   08/10/2007
                        08/09/2007
 LOW               50   08/07/2004
HIGHEST            94   08/20        MM      MM       98  08/26
                        08/18
                        08/17
LOWEST             59   08/30        MM      MM       65  08/23
                        08/01
AVG. MAXIMUM     87.5              87.5     0.0     92.4
AVG. MINIMUM     68.7              67.2     1.5     72.5
MEAN             78.1              77.3     0.8     82.5
DAYS MAX >= 90     13               9.8     3.2       25
DAYS MAX <= 32      0               0.0     0.0        0
DAYS MIN <= 32      0               0.0     0.0        0
DAYS MIN <= 0       0               0.0     0.0        0

PRECIPITATION (INCHES)
RECORD
 MAXIMUM        14.61   1908
 MINIMUM         0.41   2007
TOTALS           5.29              4.22    1.07     1.88
DAILY AVG.       0.17              0.14    0.03     0.06
DAYS >= .01        11               9.8     1.2       10
DAYS >= .10         7               5.9     1.1        6
DAYS >= .50         5               2.6     2.4        0
DAYS >= 1.00        2               1.3     0.7        0
GREATEST
 24 HR. TOTAL    2.05   08/14 TO 08/15           08/07 TO 08/07
                                                          08/07 TO 08/07
                                                          08/07 TO 08/08
 STORM TOTAL       MM                                 MM
 (MM/DD(HH))            MM                    08/07(00) TO 08/07(00)
                                                 08/07(00) TO 08/07(00)8
                                                 08/08(00) TO 08/08(00)8

SNOWFALL (INCHES)
RECORDS
 TOTAL             MM   MM
 24 HR TOTAL       MM
 SNOW DEPTH        MM   MM
TOTALS            0.0               0.0     0.0      0.0
 LIQUID EQUIV    0.00              0.00    0.00     0.00
SINCE 7/1         0.0               0.0     0.0      0.0
 LIQUID 7/1      0.00              0.00    0.00     0.00
SNOWDEPTH AVG.      0                MM      MM        0
DAYS >= TRACE       0               0.0     0.0        0
DAYS >= 1.0         0               0.0     0.0        0
GREATEST
 SNOW DEPTH         0   MM                             0  MM
 24 HR TOTAL      0.0   08/31 TO 08/31           08/07 TO 08/07
                                                          08/07 TO 08/07
                                                          08/08 TO 08/08
 STORM TOTAL       MM                                 MM
 (MM/DD(HH))            MM                    08/07(00) TO 08/07(00)
                                                 08/07(00) TO 08/07(00)8
                                                 08/08(00) TO 08/08(00)8

DEGREE_DAYS
HEATING TOTAL       0                 0       0        0
 SINCE 7/1          0                 0       0        0
COOLING TOTAL     415               383      32      549
 SINCE 1/1       1561              1277     284     1767

FREEZE DATES
RECORD
 EARLIEST     MM
 LATEST       MM
EARLIEST                        MM
LATEST                          MM
.........................................................

WIND (MPH)
AVERAGE WIND SPEED              5.9
HIGHEST WIND SPEED/DIRECTION    28/300    DATE  08/04
HIGHEST GUST SPEED/DIRECTION    39/290    DATE  08/04

SKY COVER
POSSIBLE SUNSHINE (PERCENT)   MM
AVERAGE SKY COVER           0.60
NUMBER OF DAYS FAIR            4
NUMBER OF DAYS PC             17
NUMBER OF DAYS CLOUDY         10

AVERAGE RH (PERCENT)     76

WEATHER CONDITIONS. NUMBER OF DAYS WITH
THUNDERSTORM              6     MIXED PRECIP               0
HEAVY RAIN                6     RAIN                       5
LIGHT RAIN               15     FREEZING RAIN              0
LT FREEZING RAIN          0     HAIL                       0
HEAVY SNOW                0     SNOW                       0
LIGHT SNOW                0     SLEET                      0
FOG                      11     FOG W/VIS <= 1/4 MILE      0
HAZE                      1

-  INDICATES NEGATIVE NUMBERS.
R  INDICATES RECORD WAS SET OR TIED.
MM INDICATES DATA IS MISSING.
T  INDICATES TRACE AMOUNT.

$$

LEC
