000
CXUS52 KGSP 010740
CLMCLT

CLIMATE REPORT
NATIONAL WEATHER SERVICE GREENVILLE-SPARTANBURG SC
240 AM EST THU FEB 1 2018

...................................

...THE CHARLOTTE CLIMATE SUMMARY FOR THE MONTH OF JANUARY 2018...

CLIMATE NORMAL PERIOD 1981 TO 2010
CLIMATE RECORD PERIOD 1878 TO 2018

WEATHER         OBSERVED          NORMAL  DEPART  LAST YEAR`S
                 VALUE   DATE(S)  VALUE   FROM    VALUE  DATE(S)
                                          NORMAL
................................................................
TEMPERATURE (F)
RECORD
 HIGH              79   01/29/2002
                        01/28/1944
 LOW               -5   01/21/1985
HIGHEST            69   01/21        MM      MM       78  01/13
LOWEST              8   01/05        MM      MM       14  01/08
AVG. MAXIMUM     50.0              50.7    -0.7     57.4
AVG. MINIMUM     25.6              29.6    -4.0     37.7
MEAN             37.8              40.1    -2.3     47.6
DAYS MAX >= 90      0               0.0     0.0        0
DAYS MAX <= 32      2               0.9     1.1        1
DAYS MIN <= 32     23              18.4     4.6        9
DAYS MIN <= 0       0               0.1    -0.1        0

PRECIPITATION (INCHES)
RECORD
 MAXIMUM        10.39   1936
 MINIMUM         0.45   1981
TOTALS           2.56              3.41   -0.85     5.72
DAILY AVG.       0.08              0.11   -0.03     0.18
DAYS >= .01         8               9.7    -1.7       11
DAYS >= .10         5               6.7    -1.7        8
DAYS >= .50         1               2.3    -1.3        5
DAYS >= 1.00        1               0.9     0.1        1
GREATEST
 24 HR. TOTAL    1.21   01/28 TO 01/28           01/02 TO 01/03

 STORM TOTAL       MM                                 MM
 (MM/DD(HH))            MM                    01/03(00) TO 01/03(00)


SNOWFALL (INCHES)
RECORDS
 TOTAL           13.5   1893
 24 HR TOTAL     12.1   01/07/1988 TO 01/07/1988
 SNOW DEPTH        12   01/07/1988
TOTALS            3.9               2.1     1.8      1.1
 LIQUID EQUIV    0.39              0.20    0.19     0.11
SINCE 7/1         4.0               2.5     1.5      1.1
 LIQUID 7/1      0.40              0.20    0.20     0.11
SNOWDEPTH AVG.      0                MM      MM        0
DAYS >= TRACE       1               1.0     0.0        2
DAYS >= 1.0         1               0.6     0.4        1
GREATEST
 SNOW DEPTH         3   01/18                          1  01/09
                                                          01/08
                                                          01/07
 24 HR TOTAL      3.9   01/17 TO 01/17           01/06 TO 01/07

 STORM TOTAL       MM                                1.1
 (MM/DD(HH))            MM                    01/07(00) TO 01/07(00)


DEGREE_DAYS
HEATING TOTAL     836               770      66      534
 SINCE 7/1       1974              2107    -133     1577
COOLING TOTAL       0                 0       0        0
 SINCE 1/1          0                 0       0        0

FREEZE DATES
RECORD
 EARLIEST     MM
 LATEST       MM
EARLIEST                        MM
LATEST                          MM
.................................................................

WIND (MPH)
AVERAGE WIND SPEED              6.2
HIGHEST WIND SPEED/DIRECTION    28/170    DATE  01/23
HIGHEST GUST SPEED/DIRECTION    38/220    DATE  01/23

SKY COVER
POSSIBLE SUNSHINE (PERCENT)   MM
AVERAGE SKY COVER           0.40
NUMBER OF DAYS FAIR           13
NUMBER OF DAYS PC             11
NUMBER OF DAYS CLOUDY          7

AVERAGE RH (PERCENT)     59

WEATHER CONDITIONS. NUMBER OF DAYS WITH
THUNDERSTORM              1     MIXED PRECIP               0
HEAVY RAIN                2     RAIN                       4
LIGHT RAIN               10     FREEZING RAIN              0
LT FREEZING RAIN          0     HAIL                       0
HEAVY SNOW                1     SNOW                       0
LIGHT SNOW                1     SLEET                      1
FOG                       6     FOG W/VIS <= 1/4 MILE      0
HAZE                      1


-  INDICATES NEGATIVE NUMBERS.
R  INDICATES RECORD WAS SET OR TIED.
MM INDICATES DATA IS MISSING.
T  INDICATES TRACE AMOUNT.

$$

OUTLAW
