000
CXUS55 KPUB 012034 CCA
CLMCOS

CLIMATE REPORT
NATIONAL WEATHER SERVICE PUEBLO
233 PM MDT FRI MAY 1 2015

...................................

...THE COLORADO SPRINGS CO CLIMATE SUMMARY FOR THE MONTH OF APRIL 2015...

CLIMATE NORMAL PERIOD 1981 TO 2010
CLIMATE RECORD PERIOD 1872 TO 2015

WEATHER         OBSERVED          NORMAL  DEPART  LAST YEAR`S
                 VALUE   DATE(S)  VALUE   FROM    VALUE  DATE(S)
                                          NORMAL
................................................................
TEMPERATURE (F)
RECORD
 HIGH              87   04/30/1992
 LOW               -3   04/10/1959
HIGHEST            79   04/30        63      16       78  04/11
LOWEST             22   04/04        28      -6       18  04/14
                                                          04/04
AVG. MAXIMUM     62.0              59.8     2.2     61.5
AVG. MINIMUM     34.9              33.3     1.6     33.5
MEAN             48.5              46.5     2.0     47.5
DAYS MAX >= 90      0               0.0     0.0
DAYS MAX <= 32      0               0.5    -0.5
DAYS MIN <= 32      8              12.7    -4.7
DAYS MIN <= 0       0               0.0     0.0

PRECIPITATION (INCHES)
RECORD
 MAXIMUM         7.50   1999
 MINIMUM         0.01   1964
TOTALS           0.97              1.42   -0.45     0.92
DAILY AVG.       0.03              0.05   -0.02
DAYS >= .01         7               8.3    -1.3
DAYS >= .10         3               3.5    -0.5
DAYS >= .50         0               0.6    -0.6
DAYS >= 1.00        0               0.1    -0.1
GREATEST
 24 HR. TOTAL    0.67   04/16 TO 04/17              0.51

SNOWFALL (INCHES)
RECORDS
 TOTAL           42.7   1957
TOTALS            1.7               4.9    -3.2      7.5
SINCE 7/1        46.5              37.0     9.5     34.4
SNOWDEPTH AVG.      0
DAYS >= 1.0         1               1.4    -0.4
GREATEST
 SNOW DEPTH         2   04/17                          6
                        04/16
 24 HR TOTAL      1.5   04/16 TO 04/16               6.0

DEGREE_DAYS
HEATING TOTAL     489               554     -65      517
 SINCE 7/1       5379              5922    -543     5785
COOLING TOTAL       0                 1      -1        0
 SINCE 1/1          0                 1      -1        0
.................................................................

WIND (MPH)
AVERAGE WIND SPEED              11.2
HIGHEST WIND SPEED/DIRECTION    45/300    DATE  04/01
HIGHEST GUST SPEED/DIRECTION    58/300    DATE  04/01

SKY COVER
POSSIBLE SUNSHINE (PERCENT)   MM
AVERAGE SKY COVER           0.50
NUMBER OF DAYS FAIR            7
NUMBER OF DAYS PC             16
NUMBER OF DAYS CLOUDY          7

AVERAGE RH (PERCENT)     48

WEATHER CONDITIONS. NUMBER OF DAYS WITH
THUNDERSTORM              4     MIXED PRECIP               3
HEAVY RAIN                2     RAIN                       0
LIGHT RAIN               13     FREEZING RAIN              0
LT FREEZING RAIN          0     HAIL                       1
HEAVY SNOW                1     SNOW                       3
LIGHT SNOW                8     SLEET                      0
FOG                       7     FOG W/VIS <= 1/4 MILE      0
HAZE                      1

-  INDICATES NEGATIVE NUMBERS.
R  INDICATES RECORD WAS SET OR TIED.
MM INDICATES DATA IS MISSING.
T  INDICATES TRACE AMOUNT.

$$
