000
CXUS55 KPUB 011645
CLMCOS


CLIMATE REPORT
NATIONAL WEATHER SERVICE PUEBLO
1045 AM MDT WED NOV 1 2017

...................................

...THE COLORADO SPRINGS CO CLIMATE SUMMARY FOR THE MONTH OF OCTOBER 2017...

CLIMATE NORMAL PERIOD 1981 TO 2010
CLIMATE RECORD PERIOD 1872 TO 2017

WEATHER         OBSERVED          NORMAL  DEPART  LAST YEAR`S
                 VALUE   DATE(S)  VALUE   FROM    VALUE  DATE(S)
                                          NORMAL
................................................................
TEMPERATURE (F)
RECORD
 HIGH              87   10/11/2015
                        10/03/1935
 LOW               -6   10/29/1917
HIGHEST            79   10/25        69      10       86  10/15
                        10/12                             10/16
                                                          10/17
LOWEST             20   10/27        28      -8       30  10/07
AVG. MAXIMUM     65.1              63.0     2.1     73.6
AVG. MINIMUM     35.3              35.8    -0.5     42.3
MEAN             50.2              49.4     0.8     58.0
DAYS MAX >= 90      0               0.0     0.0
DAYS MAX <= 32      0               0.4    -0.4
DAYS MIN <= 32     12               8.9     3.1
DAYS MIN <= 0       0               0.0     0.0

PRECIPITATION (INCHES)
RECORD
 MAXIMUM         5.01   1984
 MINIMUM            T   2016
                        1934
TOTALS           0.23              0.82   -0.59        T
DAILY AVG.       0.01              0.03   -0.02
DAYS >= .01         6               5.0     1.0
DAYS >= .10         0               2.3    -2.3
DAYS >= .50         0               0.4    -0.4
DAYS >= 1.00        0               0.0     0.0
GREATEST
 24 HR. TOTAL    0.09   10/09 TO 10/09              0.11

SNOWFALL (INCHES)
RECORDS
 TOTAL           25.9   1984
TOTALS            0.9               2.9    -2.0      0.0
SINCE 7/1         0.9               3.1    -2.2        T
SNOWDEPTH AVG.      0
DAYS >= 1.0         0               0.8    -0.8
GREATEST
 SNOW DEPTH         1   10/31                          0
 24 HR TOTAL      0.6   10/30 TO 10/31               0.0

DEGREE_DAYS
HEATING TOTAL     450               484     -34      220
 SINCE 7/1        591               674     -83      304
COOLING TOTAL       0                 1      -1        9
 SINCE 1/1        639               455     184      710
.................................................................

WIND (MPH)
AVERAGE WIND SPEED              9.6
HIGHEST WIND SPEED/DIRECTION    37/020    DATE  10/14
HIGHEST GUST SPEED/DIRECTION    45/030    DATE  10/14

SKY COVER
POSSIBLE SUNSHINE (PERCENT)   MM
AVERAGE SKY COVER           0.50
NUMBER OF DAYS FAIR           11
NUMBER OF DAYS PC             15
NUMBER OF DAYS CLOUDY          5

AVERAGE RH (PERCENT)     50

WEATHER CONDITIONS. NUMBER OF DAYS WITH
THUNDERSTORM              1     MIXED PRECIP               0
HEAVY RAIN                0     RAIN                       0
LIGHT RAIN                6     FREEZING RAIN              0
LT FREEZING RAIN          1     HAIL                       0
HEAVY SNOW                0     SNOW                       2
LIGHT SNOW                5     SLEET                      0
FOG                       7     FOG W/VIS <= 1/4 MILE      2
HAZE                      6

-  INDICATES NEGATIVE NUMBERS.
R  INDICATES RECORD WAS SET OR TIED.
MM INDICATES DATA IS MISSING.
T  INDICATES TRACE AMOUNT.

$$
