000
CXUS55 KPUB 012315
CLMCOS


CLIMATE REPORT
NATIONAL WEATHER SERVICE PUEBLO
514 PM MDT SAT APR 1 2017

...................................

...THE COLORADO SPRINGS CO CLIMATE SUMMARY FOR THE MONTH OF MARCH 2017...

CLIMATE NORMAL PERIOD 1981 TO 2010
CLIMATE RECORD PERIOD 1872 TO 2017

WEATHER         OBSERVED          NORMAL  DEPART  LAST YEAR`S
                 VALUE   DATE(S)  VALUE   FROM    VALUE  DATE(S)
                                          NORMAL
................................................................
TEMPERATURE (F)
RECORD
 HIGH              81   03/26/1971
 LOW              -16   03/02/1943
HIGHEST            80   03/19        55      25       74  03/21
                        03/18
LOWEST             16   03/02        21      -5       15  03/20
                        03/01
AVG. MAXIMUM     62.0              52.1     9.9     55.6
AVG. MINIMUM     31.4              26.0     5.4     28.2
MEAN             46.7              39.1     7.6     41.9
DAYS MAX >= 90      0               0.0     0.0
DAYS MAX <= 32      0               2.1    -2.1
DAYS MIN <= 32     16              23.8    -7.8
DAYS MIN <= 0       0               0.1    -0.1

PRECIPITATION (INCHES)
RECORD
 MAXIMUM         3.03   1906
 MINIMUM            T   1946
                        1935
                        1922
TOTALS           0.44              1.00   -0.56     0.73
DAILY AVG.       0.01              0.03   -0.02
DAYS >= .01         6               7.6    -1.6
DAYS >= .10         3               2.7     0.3
DAYS >= .50         0               0.4    -0.4
DAYS >= 1.00        0               0.1    -0.1
GREATEST
 24 HR. TOTAL    0.21   03/23 TO 03/24              0.44

SNOWFALL (INCHES)
RECORDS
 TOTAL           30.2   1909
TOTALS            2.0               8.1    -6.1     10.5
SINCE 7/1        15.4              32.1   -16.7     37.6
SNOWDEPTH AVG.      0
DAYS >= 1.0         1               2.4    -1.4
GREATEST
 SNOW DEPTH         1   03/24                          5
 24 HR TOTAL      1.7   03/24 TO 03/24               7.2

DEGREE_DAYS
HEATING TOTAL     560               805    -245      710
 SINCE 7/1       4313              5368   -1055     4613
COOLING TOTAL       0                 0       0        0
 SINCE 1/1          0                 0       0        0
.................................................................

WIND (MPH)
AVERAGE WIND SPEED              11.5
HIGHEST WIND SPEED/DIRECTION    52/010    DATE  03/23
HIGHEST GUST SPEED/DIRECTION    65/020    DATE  03/23

SKY COVER
POSSIBLE SUNSHINE (PERCENT)   MM
AVERAGE SKY COVER           0.60
NUMBER OF DAYS FAIR            5
NUMBER OF DAYS PC             21
NUMBER OF DAYS CLOUDY          5

AVERAGE RH (PERCENT)     42

WEATHER CONDITIONS. NUMBER OF DAYS WITH
THUNDERSTORM              0     MIXED PRECIP               1
HEAVY RAIN                0     RAIN                       1
LIGHT RAIN                8     FREEZING RAIN              0
LT FREEZING RAIN          0     HAIL                       0
HEAVY SNOW                0     SNOW                       1
LIGHT SNOW                3     SLEET                      0
FOG                       4     FOG W/VIS <= 1/4 MILE      1
HAZE                      0

-  INDICATES NEGATIVE NUMBERS.
R  INDICATES RECORD WAS SET OR TIED.
MM INDICATES DATA IS MISSING.
T  INDICATES TRACE AMOUNT.

$$
