000
CXUS52 KILM 020420
CLMCRE


CLIMATE REPORT
NATIONAL WEATHER SERVICE WILMINGTON NC
1117 PM EST SUN FEB 1 2015

...................................

...THE NORTH MYRTLE BEACH SC CLIMATE SUMMARY FOR THE MONTH OF JANUARY 2015...

CLIMATE NORMAL PERIOD 1981 TO 2010
CLIMATE RECORD PERIOD 1949 TO 2015

WEATHER         OBSERVED          NORMAL  DEPART  LAST YEAR`S
                 VALUE   DATE(S)  VALUE   FROM    VALUE  DATE(S)
                                          NORMAL
................................................................
TEMPERATURE (F)
RECORD
 HIGH              81   01/16/1950
 LOW                7   01/16/1994
HIGHEST            71   01/04                         69  01/20
                                                          01/10
LOWEST             17   01/08                         13  01/25
AVG. MAXIMUM     57.4              55.1     2.3     52.7
AVG. MINIMUM     36.8              36.2     0.6     31.8
MEAN             47.1              45.7     1.4     42.3
DAYS MAX >= 90      0               0.0     0.0        0
DAYS MAX <= 32      1               0.0     1.0        3
DAYS MIN <= 32     12              11.5     0.5       18
DAYS MIN <= 0       0               0.0     0.0        0

PRECIPITATION (INCHES)
TOTALS           4.12              3.69    0.43     1.81
DAILY AVG.       0.13              0.12    0.01     0.06
DAYS >= .01        12                                  8
DAYS >= .10         6                                  4
DAYS >= .50         3                                  1
DAYS >= 1.00        2                                  0
GREATEST
 24 HR. TOTAL    2.30   01/23 TO 01/24

DEGREE_DAYS
HEATING TOTAL     512               600     -88      697
COOLING TOTAL       1                 0       1        0
...................................................

WIND (MPH)
AVERAGE WIND SPEED              7.0
RESULTANT WIND SPEED/DIRECTION   2/325
HIGHEST WIND SPEED/DIRECTION    33/270    DATE  01/24
HIGHEST GUST SPEED/DIRECTION    47/250    DATE  01/24

SKY COVER
POSSIBLE SUNSHINE (PERCENT)   MM
AVERAGE SKY COVER           0.30
NUMBER OF DAYS FAIR           18
NUMBER OF DAYS PC              7
NUMBER OF DAYS CLOUDY          6

AVERAGE RH (PERCENT)     66

WEATHER CONDITIONS. NUMBER OF DAYS WITH
THUNDERSTORM              2     MIXED PRECIP               m
HEAVY RAIN                5     RAIN                       9
LIGHT RAIN               13     FREEZING RAIN              0
LT FREEZING RAIN          0     HAIL                       m
HEAVY SNOW                0     SNOW                       0
LIGHT SNOW                0     SLEET                      m
FOG                      16     FOG W/VIS <= 1/4 MILE      3
HAZE                      3

-  INDICATES NEGATIVE NUMBERS.
R  INDICATES RECORD WAS SET OR TIED.
MM INDICATES DATA IS MISSING.
T  INDICATES TRACE AMOUNT.

$$
