000
CXUS52 KILM 011923
CLMCRE


CLIMATE REPORT
NATIONAL WEATHER SERVICE WILMINGTON NC
321 PM EDT MON MAY 1 2017

...................................

...THE NORTH MYRTLE BEACH SC CLIMATE SUMMARY FOR THE MONTH OF APRIL 2017...

CLIMATE NORMAL PERIOD 1981 TO 2010
CLIMATE RECORD PERIOD 1949 TO 2017

WEATHER         OBSERVED          NORMAL  DEPART  LAST YEAR`S
                 VALUE   DATE(S)  VALUE   FROM    VALUE  DATE(S)
                                          NORMAL
................................................................
TEMPERATURE (F)
RECORD
 HIGH              92   04/22/2002
                        04/21/2002
                        04/26/1990
 LOW               28   04/16/1950
HIGHEST            81   04/30                         88  04/19
                        04/29
LOWEST             37   04/08                         36  04/10
AVG. MAXIMUM     74.8              71.3     3.5     72.5
AVG. MINIMUM     58.4              51.9     6.5     53.0
MEAN             66.6              61.6     5.0     62.8
DAYS MAX >= 90      0               0.0     0.0        0
DAYS MAX <= 32      0               0.0     0.0        0
DAYS MIN <= 32      0               0.2    -0.2        0
DAYS MIN <= 0       0               0.0     0.0        0

PRECIPITATION (INCHES)
TOTALS           3.44              2.96    0.48     0.99
DAILY AVG.       0.11              0.10    0.01     0.03
DAYS >= .01         6                                  5
DAYS >= .10         4                                  2
DAYS >= .50         3                                  0
DAYS >= 1.00        2                                  0
GREATEST
 24 HR. TOTAL    1.13   04/24 TO 04/24

DEGREE_DAYS
HEATING TOTAL      48               141     -93      123
COOLING TOTAL     103                39      64       64
........................................................

WIND (MPH)
AVERAGE WIND SPEED              9.1
RESULTANT WIND SPEED/DIRECTION   6/199
HIGHEST WIND SPEED/DIRECTION    31/240    DATE  04/06
HIGHEST GUST SPEED/DIRECTION    45/250    DATE  04/06

SKY COVER
POSSIBLE SUNSHINE (PERCENT)   MM
AVERAGE SKY COVER           0.20
NUMBER OF DAYS FAIR           21
NUMBER OF DAYS PC              6
NUMBER OF DAYS CLOUDY          3

AVERAGE RH (PERCENT)     79

WEATHER CONDITIONS. NUMBER OF DAYS WITH
THUNDERSTORM              3     MIXED PRECIP              MM
HEAVY RAIN                4     RAIN                       4
LIGHT RAIN                9     FREEZING RAIN              0
LT FREEZING RAIN          0     HAIL                      MM
HEAVY SNOW                0     SNOW                       0
LIGHT SNOW                0     SLEET                     MM
FOG                      19     FOG W/VIS <= 1/4 MILE      6
HAZE                      0

-  INDICATES NEGATIVE NUMBERS.
R  INDICATES RECORD WAS SET OR TIED.
MM INDICATES DATA IS MISSING.
T  INDICATES TRACE AMOUNT.

$$
