000
CXUS51 KRLX 041135
CLMCRW


CLIMATE REPORT
NATIONAL WEATHER SERVICE CHARLESTON WV
734 AM EDT MON SEP 4 2017

...................................

...THE CHARLESTON WV CLIMATE SUMMARY FOR THE MONTH OF AUGUST 2017...

CLIMATE NORMAL PERIOD 1981 TO 2010
CLIMATE RECORD PERIOD 1901 TO 2017

WEATHER         OBSERVED          NORMAL  DEPART  LAST YEAR`S
                 VALUE   DATE(S)  VALUE   FROM    VALUE  DATE(S)
                                          NORMAL
................................................................
TEMPERATURE (F)
RECORD
 HIGH             108   08/06/1918
 LOW               41   08/29/1965
HIGHEST            91   08/22                MM       96  08/27
LOWEST             53   08/26                MM       56  08/23
                        08/25
AVG. MAXIMUM     83.6              84.2    -0.6     88.2
AVG. MINIMUM     62.2              64.5    -2.3     68.5
MEAN             72.9              74.3    -1.4     78.3
DAYS MAX >= 90      4               5.3    -1.3       15
DAYS MAX <= 32      0               0.0     0.0        0
DAYS MIN <= 32      0               0.0     0.0        0
DAYS MIN <= 0       0               0.0     0.0        0

PRECIPITATION (INCHES)
RECORD
 MAXIMUM        10.54   1958
 MINIMUM         0.28   2012
TOTALS           3.43              3.74   -0.31     3.17
DAILY AVG.       0.11              0.12   -0.01     0.10
DAYS >= .01        12              10.3     1.7       13
DAYS >= .10         8               6.5     1.5        7
DAYS >= .50         3               2.8     0.2        2
DAYS >= 1.00        0               1.0    -1.0        0
GREATEST
 24 HR. TOTAL    0.97   08/07 TO 08/07           08/03 TO 08/03
                                                          08/02 TO 08/03
                                                          08/03 TO 08/03

SNOWFALL (INCHES)
RECORDS
 TOTAL             MM   MM
TOTALS            0.0               0.0     0.0      0.0
SINCE 7/1         0.0               0.0     0.0      0.0
SNOWDEPTH AVG.      0                MM      MM        0
DAYS >= 1.0         0               0.0     0.0        0
GREATEST
 SNOW DEPTH         0   MM                             0  MM
 24 HR TOTAL      0.0   08/31 TO 08/31           08/31 TO 08/31
                                                          08/03 TO 08/03
                                                          08/03 TO 08/03

DEGREE_DAYS
HEATING TOTAL       0                 2      -2        0
 SINCE 7/1          0                 2      -2        0
COOLING TOTAL     251               292     -41      420
 SINCE 1/1        938               946      -8     1181
....................................................

WIND (MPH)
AVERAGE WIND SPEED              2.8
HIGHEST WIND SPEED/DIRECTION    25/240    DATE  08/02
HIGHEST GUST SPEED/DIRECTION    35/230    DATE  08/02

SKY COVER
AVERAGE SKY COVER           0.60

AVERAGE RH (PERCENT)     73

WEATHER CONDITIONS. NUMBER OF DAYS WITH
THUNDERSTORM              0     MIXED PRECIP               0
HEAVY RAIN                4     RAIN                       4
LIGHT RAIN               11     FREEZING RAIN              0
LT FREEZING RAIN          0     HAIL                       0
HEAVY SNOW                0     SNOW                       0
LIGHT SNOW                0     SLEET                      0
FOG                      29     FOG W/VIS <= 1/4 MILE     10
HAZE                      5

-  INDICATES NEGATIVE NUMBERS.
R  INDICATES RECORD WAS SET OR TIED.
MM INDICATES DATA IS MISSING.
T  INDICATES TRACE AMOUNT.

$$
