000
CXUS42 KFFC 050322
CLMCSG


CLIMATE REPORT
NATIONAL WEATHER SERVICE PEACHTREE CITY GA
1121 PM EDT SAT JUL 4 2015

...................................

...THE COLUMBUS CLIMATE SUMMARY FOR THE MONTH OF JUNE 2015...

CLIMATE NORMAL PERIOD 1981 TO 2010
CLIMATE RECORD PERIOD 1948 TO 2015

WEATHER         OBSERVED          NORMAL  DEPART  LAST YEAR`S
                 VALUE   DATE(S)  VALUE   FROM    VALUE  DATE(S)
                                          NORMAL
................................................................
TEMPERATURE (F)
RECORD
 HIGH             106   06/30/2012
 LOW               44   06/03/1956
HIGHEST            97   06/23       104      -7       97  06/20
                        06/22
                        06/17
LOWEST             66   06/29        48      18       67  06/12
                        06/04                             06/02
AVG. MAXIMUM     90.5              90.0     0.5     89.8
AVG. MINIMUM     70.4              69.7     0.7     70.2
MEAN             80.4              79.8     0.6     80.0
DAYS MAX >= 90     18              16.3     1.7       19
DAYS MAX <= 32      0               0.0     0.0        0
DAYS MIN <= 32      0               0.0     0.0        0
DAYS MIN <= 0       0               0.0     0.0        0

PRECIPITATION (INCHES)
RECORD
 MAXIMUM        10.83   1967
 MINIMUM         0.51   2000
TOTALS           4.07              3.72    0.35     4.21
DAILY AVG.       0.14              0.12    0.02     0.14
DAYS >= .01        11              10.0     1.0        9
DAYS >= .10         8               6.6     1.4        5
DAYS >= .50         2               2.7    -0.7        2
DAYS >= 1.00        2               0.7     1.3        1
GREATEST
 24 HR. TOTAL    1.43   06/08 TO 06/09           06/23 TO 06/23
                                                          06/30 TO 06/30
                                                          06/30 TO 06/30

DEGREE_DAYS
HEATING TOTAL       0                 0       0        0
 SINCE 7/1       2212              2120      92     2349
COOLING TOTAL     472               446      26      459
 SINCE 1/1        918               804     114      795
.................................................

WIND (MPH)
AVERAGE WIND SPEED              4.2
HIGHEST WIND SPEED/DIRECTION    24/090    DATE  06/24
HIGHEST GUST SPEED/DIRECTION    36/240    DATE  06/08

SKY COVER
POSSIBLE SUNSHINE (PERCENT)    0
AVERAGE SKY COVER           0.30
NUMBER OF DAYS FAIR           22
NUMBER OF DAYS PC              8
NUMBER OF DAYS CLOUDY          0

AVERAGE RH (PERCENT)     68

WEATHER CONDITIONS. NUMBER OF DAYS WITH
THUNDERSTORM              0     MIXED PRECIP               0
HEAVY RAIN                7     RAIN                       4
LIGHT RAIN               14     FREEZING RAIN              0
LT FREEZING RAIN          0     HAIL                       0
HEAVY SNOW                0     SNOW                       0
LIGHT SNOW                0     SLEET                      0
FOG                      10     FOG W/VIS <= 1/4 MILE      1
HAZE                      1

-  INDICATES NEGATIVE NUMBERS.
R  INDICATES RECORD WAS SET OR TIED.
MM INDICATES DATA IS MISSING.
T  INDICATES TRACE AMOUNT.

$$
