000
CXUS51 KILN 011926
CLMCVG


CLIMATE REPORT
NATIONAL WEATHER SERVICE WILMINGTON OH
226 PM EST WED MAR 1 2017

...................................

...THE CINCINNATI CLIMATE SUMMARY FOR THE MONTH OF FEBRUARY 2017...

CLIMATE NORMAL PERIOD 1981 TO 2010
CLIMATE RECORD PERIOD 1869 TO 2017

WEATHER         OBSERVED          NORMAL  DEPART  LAST YEAR`S
                 VALUE   DATE(S)  VALUE   FROM    VALUE  DATE(S)
                                          NORMAL
................................................................
TEMPERATURE (F)
RECORD
 HIGH              78   02/24/2017
 LOW              -17   02/09/1899
HIGHEST            78R  02/24        43      35       72  02/20
LOWEST             11   02/04        25     -14       10  02/13
AVG. MAXIMUM     54.1              42.9    11.2     45.2
AVG. MINIMUM     33.9              26.0     7.9     27.4
MEAN             44.0              34.5     9.5     36.3
DAYS MAX >= 90      0               0.0     0.0        0
DAYS MAX <= 32      2               4.9    -2.9        6
DAYS MIN <= 32     13              20.3    -7.3       19
DAYS MIN <= 0       0               0.5    -0.5        0

PRECIPITATION (INCHES)
TOTALS           3.55              2.81    0.74     5.24
DAILY AVG.       0.13              0.10    0.03     0.18
DAYS >= .01        12              11.6     0.4       13
DAYS >= .10         6               6.1    -0.1        8
DAYS >= .50         2               1.4     0.6        4
DAYS >= 1.00        1               0.5     0.5        2
GREATEST
 24 HR. TOTAL    1.57   02/28 TO 02/28           02/02 TO 02/03
                        02/27 TO 02/28                    02/14 TO 02/14
                        02/28 TO 02/28                    02/14 TO 02/14
 STORM TOTAL       MM                                 MM
 (MM/DD(HH))            MM                    02/03(00) TO 02/03(00)
                                                 02/14(00) TO 02/14(00)4
                                                 02/14(00) TO 02/14(00)4

SNOWFALL (INCHES)
TOTALS            1.6               6.5    -4.9      8.4
SINCE 7/1         8.0              18.6   -10.6     16.9
DAYS >= TRACE       3               5.4    -2.4       12
DAYS >= 1.0         1               1.9    -0.9        3
GREATEST
 24 HR TOTAL      1.4   MM                       02/14 TO 02/14
                                                          02/14 TO 02/14
                                                          02/14 TO 02/14
 STORM TOTAL       MM                                 MM
 (MM/DD(HH))            MM                    02/14(00) TO 02/14(00)
                                                 02/14(00) TO 02/14(00)4
                                                 02/14(00) TO 02/14(00)4

DEGREE_DAYS
HEATING TOTAL     581               855    -274      824
 SINCE 7/1       3080              3827    -747     3208
COOLING TOTAL       0                 0       0        0
 SINCE 1/1          0                 0       0        0
.....................................................

WIND (MPH)
AVERAGE WIND SPEED              9.5
RESULTANT WIND SPEED/DIRECTION   5/238
HIGHEST WIND SPEED/DIRECTION    32/280    DATE  02/24
HIGHEST GUST SPEED/DIRECTION    43/280    DATE  02/24

SKY COVER
AVERAGE SKY COVER           0.70

AVERAGE RH (PERCENT)     67

WEATHER CONDITIONS. NUMBER OF DAYS WITH
THUNDERSTORM              0     MIXED PRECIP               0
HEAVY RAIN                4     RAIN                       6
LIGHT RAIN               14     FREEZING RAIN              0
LT FREEZING RAIN          0     HAIL                       0
HEAVY SNOW                0     SNOW                       0
LIGHT SNOW                3     SLEET                      0
FOG                      13     FOG W/VIS <= 1/4 MILE      1
HAZE                      6

-  INDICATES NEGATIVE NUMBERS.
R  INDICATES RECORD WAS SET OR TIED.
MM INDICATES DATA IS MISSING.
T  INDICATES TRACE AMOUNT.

$$
