358
CXUS51 KILN 011016
CLMCVG


CLIMATE REPORT
NATIONAL WEATHER SERVICE WILMINGTON OH
510 AM EST MON FEB 1 2016

...................................

...THE CINCINNATI CLIMATE SUMMARY FOR THE MONTH OF JANUARY 2016...

CLIMATE NORMAL PERIOD 1981 TO 2010
CLIMATE RECORD PERIOD 1869 TO 2016

WEATHER         OBSERVED          NORMAL  DEPART  LAST YEAR`S
                 VALUE   DATE(S)  VALUE   FROM    VALUE  DATE(S)
                                          NORMAL
................................................................
TEMPERATURE (F)
RECORD
 HIGH              77   01/24/1943
 LOW              -25   01/18/1977
HIGHEST            64   01/31        38      26       62  01/03
LOWEST              5   01/18        22     -17       -2  01/08
AVG. MAXIMUM     39.4              38.7     0.7     38.6
AVG. MINIMUM     21.7              23.0    -1.3     21.7
MEAN             30.5              30.8    -0.3     30.2
DAYS MAX >= 90      0               0.0     0.0        0
DAYS MAX <= 32     10               9.1     0.9       10
DAYS MIN <= 32     27              23.9     3.1       26
DAYS MIN <= 0       0               1.5    -1.5        1

PRECIPITATION (INCHES)
TOTALS           1.39              3.00   -1.61     2.35
DAILY AVG.       0.04              0.10   -0.06     0.08
DAYS >= .01        12              12.4    -0.4       11
DAYS >= .10         6               6.0     0.0        6
DAYS >= .50         0               2.0    -2.0        1
DAYS >= 1.00        0               0.5    -0.5        0
GREATEST
 24 HR. TOTAL    0.51   01/09 TO 01/10

SNOWFALL (INCHES)
TOTALS            8.5               6.5     2.0      1.2
SINCE 7/1         8.5              12.1    -3.6      6.4
DAYS >= TRACE      12               6.5     5.5       13
DAYS >= 1.0         4               2.0     2.0        0
GREATEST
 24 HR TOTAL      2.5   01/10 TO 01/10

DEGREE_DAYS
HEATING TOTAL    1063              1053      10     1075
 SINCE 7/1       2384              2972    -588     3055
COOLING TOTAL       0                 0       0        0
 SINCE 1/1          0                 0       0        0
.......................................................

WIND (MPH)
AVERAGE WIND SPEED              9.6
RESULTANT WIND SPEED/DIRECTION   4/239
HIGHEST WIND SPEED/DIRECTION    37/280    DATE  01/12
HIGHEST GUST SPEED/DIRECTION    45/290    DATE  01/12

SKY COVER
AVERAGE SKY COVER           0.70

AVERAGE RH (PERCENT)     69

WEATHER CONDITIONS. NUMBER OF DAYS WITH
THUNDERSTORM              0     MIXED PRECIP               1
HEAVY RAIN                0     RAIN                       1
LIGHT RAIN                8     FREEZING RAIN              0
LT FREEZING RAIN          0     HAIL                       0
HEAVY SNOW                1     SNOW                       2
LIGHT SNOW               12     SLEET                      0
FOG                      11     FOG W/VIS <= 1/4 MILE      0
HAZE                     11

-  INDICATES NEGATIVE NUMBERS.
R  INDICATES RECORD WAS SET OR TIED.
MM INDICATES DATA IS MISSING.
T  INDICATES TRACE AMOUNT.

$$
