000
CXUS56 KSGX 011442
CLMCZZ


CLIMATE REPORT
NATIONAL WEATHER SERVICE SAN DIEGO, CA
642 AM PST SUN FEB 1 2015

...................................

...THE CAMPO ASOS CA CLIMATE SUMMARY FOR THE MONTH OF JANUARY 2015...

CLIMATE NORMAL PERIOD 1981 TO 2010
CLIMATE RECORD PERIOD 1948 TO 2015

WEATHER         OBSERVED          NORMAL  DEPART  LAST YEAR`S
                 VALUE   DATE(S)  VALUE   FROM    VALUE  DATE(S)
                                          NORMAL
................................................................
TEMPERATURE (F)
RECORD
 HIGH              89   01/07/2004
 LOW               10   01/29/1979
HIGHEST            74   01/18        62      12       79  01/29
LOWEST             17   01/01        34     -17       28  01/08
                                                          01/07
AVG. MAXIMUM     64.0              62.9     1.1     69.9
AVG. MINIMUM     37.9              34.2     3.7     36.3
MEAN             51.0              48.5     2.5     53.1
DAYS MAX >= 90      0               0.0     0.0        0
DAYS MAX <= 32      0               0.0     0.0        0
DAYS MAX >= 100     0                                  0
DAYS MIN <= 32      7              13.4    -6.4       10
DAYS MIN <= 0       0               0.0     0.0        0

PRECIPITATION (INCHES)
RECORD
 MAXIMUM        18.61   1993
 MINIMUM         0.00   1985
TOTALS           0.36              2.98   -2.62     0.08
DAILY AVG.       0.01              0.10   -0.09     0.00
DAYS >= .01         4               6.9    -2.9        1
DAYS >= .10         2               4.7    -2.7        0
DAYS >= .50         0               1.9    -1.9        0
DAYS >= 1.00        0               0.9    -0.9        0
DAYS >= 1.50        0                                  0
DAYS >= 2.00        0                                  0
GREATEST
 24 HR. TOTAL    0.22   12/31 TO 01/01           01/31 TO 01/31
                                                          01/30 TO 01/30
                                                          01/30 TO 01/30
 STORM TOTAL       MM                                 MM
 (MM/DD(HH))            MM                    01/31(00) TO 01/31(00)
                                                 01/30(00) TO 01/30(00)0
                                                 01/30(00) TO 01/30(00)0

SNOWFALL (INCHES)
TOTALS            0.0
SINCE 7/1         0.0

DEGREE_DAYS
HEATING TOTAL     429               510     -81      364
 SINCE 7/1       1320              1616    -296     1487
COOLING TOTAL       0                 0       0        0
 SINCE 1/1          0                 0       0        0

FREEZE DATES
RECORD
 EARLIEST     08/25/1978
 LATEST       06/23/1991
EARLIEST                        10/16
LATEST                          05/19
.................................................

WIND (MPH)
AVERAGE WIND SPEED              8.6
RESULTANT WIND SPEED/DIRECTION   6/059
HIGHEST WIND SPEED/DIRECTION    45/040    DATE  01/24
HIGHEST GUST SPEED/DIRECTION    58/060    DATE  01/24

AVERAGE RH (PERCENT)     51


-  INDICATES NEGATIVE NUMBERS.
R  INDICATES RECORD WAS SET OR TIED.
MM INDICATES DATA IS MISSING.
T  INDICATES TRACE AMOUNT.

$$
