000
CXUS53 KUNR 011608
CLMD07


CLIMATE REPORT
NATIONAL WEATHER SERVICE RAPID CITY SD
1007 AM MDT TUE SEP 1 2015

...................................

...THE FAITH SD CLIMATE SUMMARY FOR THE MONTH OF AUGUST 2015...

CLIMATE NORMAL PERIOD 1981 TO 2010
CLIMATE RECORD PERIOD 9999 TO 9999

WEATHER         OBSERVED          NORMAL  DEPART  LAST YEAR`S
                 VALUE   DATE(S)  VALUE   FROM    VALUE  DATE(S)
                                          NORMAL
................................................................
TEMPERATURE (F)
HIGHEST           104   08/15                         94  08/01
LOWEST             45   08/23                         47  08/26
AVG. MAXIMUM     85.3              85.4    -0.1     80.5
AVG. MINIMUM     58.2              58.1     0.1     58.3
MEAN             71.8              71.7     0.1     69.4
DAYS MAX >= 90      9                                  3
DAYS MAX <= 32      0                                  0
DAYS MIN <= 32      0                                  0
DAYS MIN <= 0       0                                  0

PRECIPITATION (INCHES)
TOTALS           2.51              1.63    0.88     5.57
DAILY AVG.       0.08              0.05    0.03     0.18
DAYS >= .01         7                                 13
DAYS >= .10         4                                  7
DAYS >= .50         2                                  3
DAYS >= 1.00        0                                  1
GREATEST
 24 HR. TOTAL    1.64   08/17 TO 08/18              3.34

DEGREE_DAYS
HEATING TOTAL      29                21       8       26
 SINCE 7/1         29                33      -4       43
COOLING TOTAL     225               230      -5      171
 SINCE 1/1        579               575       4      399
.................................................................

WIND (MPH)
AVERAGE WIND SPEED              11.4
HIGHEST WIND SPEED/DIRECTION    49/300    DATE  08/22
HIGHEST GUST SPEED/DIRECTION    62/290    DATE  08/22

AVERAGE RH (PERCENT)     54


-  INDICATES NEGATIVE NUMBERS.
R  INDICATES RECORD WAS SET OR TIED.
MM INDICATES DATA IS MISSING.
T  INDICATES TRACE AMOUNT.

$$
