000
CXUS52 KMLB 021648 AAA
CLMDAB

CLIMATE REPORT...UPDATED TO INCLUDE SUMMER SEASON
NATIONAL WEATHER SERVICE MELBOURNE FL
1245 PM EDT WED SEP 2 2015

...................................

...THE DAYTONA BEACH CLIMATE SUMMARY FOR THE MONTH OF AUGUST 2015...

CLIMATE NORMAL PERIOD 1981 TO 2010
CLIMATE RECORD PERIOD 1923 TO 2015

WEATHER         OBSERVED          NORMAL  DEPART  LAST YEAR`S
                 VALUE   DATE(S)  VALUE   FROM    VALUE
                                          NORMAL
.............................................................
TEMPERATURE (F)
MONTHLY RECORD
 HOTTEST         84.0   2007
 COLDEST         78.7   1967

DAILY RECORD
 HIGH             101   08/27/1938
                        08/18/1938
 LOW               63   08/04/1938

AUGUST 2015
HIGHEST            95   08/12                         97
LOWEST             72   08/29                         71
                        08/28
                        08/27
AVG. MAXIMUM     90.0              89.6     0.4     91.5
AVG. MINIMUM     74.1              73.4     0.7     74.3
MEAN             82.0              81.5     0.5     82.9
DAYS MAX >= 90     17              13.3     3.7       24
DAYS MAX <= 32      0               0.0     0.0        0
DAYS MIN <= 32      0               0.0     0.0        0
DAYS MIN <= 0       0               0.0     0.0        0

PRECIPITATION (INCHES)
MONTHLY RECORD
 MAXIMUM        19.89   1953
 MINIMUM         2.01   1963

DAILY RECORD
 MAXIMUM         7.00  8/7/2004

AUGUST 2015
TOTALS           7.52              6.40    1.12     2.24
DAYS >= .01        17              14.0     3.0       11
DAYS >= .10        11               9.6     1.4        6
DAYS >= .50         7               4.2     2.8        1
DAYS >= 1.00        3               1.8     1.2        0
GREATEST
 24 HR. TOTAL    1.99   08/29 TO 08/30

SNOWFALL (INCHES)
TOTALS            0.0               0.0     0.0      0.0
SINCE 7/1         0.0               0.0     0.0      0.0
DAYS >= TRACE       0                                  0

DEGREE_DAYS
HEATING TOTAL       0                 0       0        0
 SINCE 7/1          0                 0       0        0
COOLING TOTAL     536               511      25      564
 SINCE 1/1       2494              2074     420     2192
..............................................................

WIND (MPH)
AVERAGE WIND SPEED              5.0
HIGHEST WIND SPEED/DIRECTION    30/190    DATE  08/02
HIGHEST GUST SPEED/DIRECTION    43/190    DATE  08/02

SKY COVER
POSSIBLE SUNSHINE (PERCENT)   MM
AVERAGE SKY COVER           0.60
NUMBER OF DAYS FAIR            3
NUMBER OF DAYS PC             24
NUMBER OF DAYS CLOUDY          4

AVERAGE RH (PERCENT)     79

WEATHER CONDITIONS. NUMBER OF DAYS WITH
THUNDERSTORM             20     MIXED PRECIP               0
HEAVY RAIN               10     RAIN                      10
LIGHT RAIN               25     LT FREEZING RAIN           0
HAIL                      0     LIGHT SNOW                 0
SLEET                     0     FOG                       20
FOG W/VIS <= 1/4 MILE     1     HAZE                       6

-  INDICATES NEGATIVE NUMBERS.
R  INDICATES RECORD WAS SET OR TIED.
MM INDICATES DATA IS MISSING.
T  INDICATES TRACE AMOUNT.

===========================================================
................................................................

...THE DAYTONA BEACH CLIMATE SUMMARY FOR THE SUMMER SEASON, FROM
6/1/2015 TO 8/31/2015...

CLIMATE NORMAL PERIOD 1981 TO 2010
CLIMATE RECORD PERIOD 1923 TO 2015

WEATHER         OBSERVED          NORMAL  DEPART  LAST YEAR`S
                 VALUE   DATE(S)  VALUE   FROM    VALUE  DATE(S)
                                          NORMAL
................................................................
TEMPERATURE (F)
SUMMER RECORDS
 WARMEST         83.5   1998
 COLDEST         77.5   1926

DAILY RECORD
 HIGH             102   07/15/1981
                        06/24/1944
 LOW               52   06/02/1984

SUMMER 2015
HIGHEST            96   07/13                         97
                        06/22
                        06/19
LOWEST             68   06/06                         66
                        06/04
AVG. MAXIMUM     90.6              89.4     1.2     89.9
AVG. MINIMUM     73.2              72.6     0.6     72.8
MEAN             81.9              81.0     0.9     81.3
DAYS MAX >= 90     60              38.2    21.8       54
DAYS MAX <= 32      0               0.0     0.0        0
DAYS MIN <= 32      0               0.0     0.0        0
DAYS MIN <= 0       0               0.0     0.0        0

PRECIPITATION (INCHES)
SUMMER RECORD
 MAXIMUM        33.50   2004
 MINIMUM         8.75   1989

SUMMER 2015
TOTALS          16.95             18.06   -1.11    13.42
DAYS >= .01        42              40.1     1.9       45
DAYS >= .10        27              27.2    -0.2       29
DAYS >= .50        13              12.4     0.6       10
DAYS >= 1.00        6               4.8     1.2        3
GREATEST
 24 HR. TOTAL    2.14   06/19 TO 06/20

SNOWFALL (INCHES)
TOTALS            0.0               0.0     0.0      0.0
SINCE 7/1         0.0               0.0     0.0      0.0
SNOWDEPTH AVG.      0                                  0
DAYS >= TRACE       0                                  0

DEGREE_DAYS
HEATING TOTAL       0                 0       0        0
COOLING TOTAL    1581              1473     108     1526
.................................................................

WIND (MPH)
AVERAGE WIND SPEED              5.4
HIGHEST WIND SPEED/DIRECTION    35/230    DATE  07/14
HIGHEST GUST SPEED/DIRECTION    43/190    DATE  08/02

SKY COVER
POSSIBLE SUNSHINE (PERCENT)   MM
AVERAGE SKY COVER           0.50
NUMBER OF DAYS FAIR           15
NUMBER OF DAYS PC             70
NUMBER OF DAYS CLOUDY          7

AVERAGE RH (PERCENT)     76

WEATHER CONDITIONS. NUMBER OF DAYS WITH
THUNDERSTORM             55     MIXED PRECIP               0
HEAVY RAIN               19     RAIN                      25
LIGHT RAIN               58     LT FREEZING RAIN           0
HAIL                      0     SLEET                      0
FOG                      56     FOG W/VIS <= 1/4 MILE      1
HAZE                     13

-  INDICATES NEGATIVE NUMBERS.
R  INDICATES RECORD WAS SET OR TIED.
MM INDICATES DATA IS MISSING.
T  INDICATES TRACE AMOUNT.

$$

GLITTO
