081
CXUS51 KRNK 051508 CCA
CLMDAN

CLIMATE REPORT
NATIONAL WEATHER SERVICE BLACKSBURG VA
1005 AM EST SUN NOV 5 2017

...................................

...THE DANVILLE VA CLIMATE SUMMARY FOR THE MONTH OF OCTOBER 2017...

CLIMATE NORMAL PERIOD 1981 TO 2010
CLIMATE RECORD PERIOD 1948 TO 2017

WEATHER         OBSERVED          NORMAL  DEPART  LAST YEAR`S
                 VALUE   DATE(S)  VALUE   FROM    VALUE
                                          NORMAL
.............................................................
TEMPERATURE (F)
RECORD
 HIGH              98   10/05/1954
                        10/07/1951
 LOW               22   10/27/1962
HIGHEST            87   10/11                         86
                        10/10
LOWEST             34   10/27                         36
                        10/18
AVG. MAXIMUM     74.1              70.0     4.1     73.7
AVG. MINIMUM     48.8              48.9    -0.1     49.1
MEAN             61.5              59.5     2.0     61.4
DAYS MAX >= 90      0               0.3    -0.3        0
DAYS MAX <= 32      0               0.0     0.0        0
DAYS MIN <= 32      0               1.0    -1.0        0
DAYS MIN <= 0       0               0.0     0.0        0

PRECIPITATION (INCHES)
RECORD
 MAXIMUM        10.87   1990
 MINIMUM         0.12   2000
TOTALS           2.92              3.53   -0.61     5.01
DAILY AVG.       0.09              0.11   -0.02     0.16
DAYS >= .01        10               7.7     2.3        4
DAYS >= .10         7               4.6     2.4        2
DAYS >= .50         1               2.3    -1.3        2
DAYS >= 1.00        1               1.1    -0.1        2
GREATEST
 24 HR. TOTAL    1.38                               3.81

SNOWFALL (INCHES)
TOTALS            0.0                                0.0
DAYS >= TRACE       0                                  0
DAYS >= 1.0         0                                  0
GREATEST
 24 HR TOTAL      0.0                                0.0

DEGREE_DAYS
HEATING TOTAL     167               205     -38      136
COOLING TOTAL      64                33      31       34
..............................................................

WIND (MPH)
AVERAGE WIND SPEED              3.9
HIGHEST WIND SPEED/DIRECTION    21/280    DATE  10/23
HIGHEST GUST SPEED/DIRECTION    31/300    DATE  10/23

SKY COVER
AVERAGE SKY COVER           0.30

AVERAGE RH (PERCENT)     75

WEATHER CONDITIONS. NUMBER OF DAYS WITH
THUNDERSTORM              1     MIXED PRECIP               0
HEAVY RAIN                3     RAIN                       5
LIGHT RAIN               12     FREEZING RAIN              0
LT FREEZING RAIN          0     HAIL                       0
HEAVY SNOW                0     SNOW                       0
LIGHT SNOW                0     SLEET                      0
FOG                      20     FOG W/VIS <= 1/4 MILE      5
HAZE                      0

-  INDICATES NEGATIVE NUMBERS.
R  INDICATES RECORD WAS SET OR TIED.
MM INDICATES DATA IS MISSING.
T  INDICATES TRACE AMOUNT.

$$
