000
CXUS55 KBOU 012003
CLMDEN

CLIMATE REPORT
NATIONAL WEATHER SERVICE BOULDER, CO
202 PM MDT SAT AUG 1 2015

...................................

...THE DENVER CO CLIMATE SUMMARY FOR THE MONTH OF JULY 2015...

CLIMATE NORMAL PERIOD 1981 TO 2010
CLIMATE RECORD PERIOD 1872 TO 2015

WEATHER         OBSERVED          NORMAL  DEPART  LAST YEAR`S
                 VALUE   DATE(S)  VALUE   FROM    VALUE  DATE(S)
                                          NORMAL
................................................................
TEMPERATURE (F)
RECORD
 HIGH             105   07/20/2005
 LOW               42   07/04/1903
                        07/31/1873
HIGHEST            97   07/27                        100  07/07
LOWEST             52   07/28                         55  07/17
                                                          07/16
AVG. MAXIMUM     87.6              89.4    -1.8     88.3
AVG. MINIMUM     57.9              58.9    -1.0     60.6
MEAN             72.8              74.2    -1.4     74.5
DAYS MAX >= 90     16              16.0     0.0       17
DAYS MAX <= 32      0               0.0     0.0        0
DAYS MIN <= 32      0               0.0     0.0        0
DAYS MIN <= 0       0               0.0     0.0        0

PRECIPITATION (INCHES)
RECORD
 MAXIMUM         6.41   1965
 MINIMUM         0.01   1901
TOTALS           1.06              2.16   -1.10     3.85
DAILY AVG.       0.03              0.07   -0.04     0.12
DAYS >= .01        12               8.3     3.7        8
DAYS >= .10         3               4.3    -1.3        6
DAYS >= .50         0               1.4    -1.4        2
DAYS >= 1.00        0               0.7    -0.7        2
GREATEST
 24 HR. TOTAL    0.33   07/18/15                    2.85  07/29/14
                        07/18/15                          07/30/14

SNOWFALL (INCHES)
 TOTAL            0.0                                0.0

DEGREE_DAYS
HEATING TOTAL       5                 6      -1        5
 SINCE 7/1          5                 6      -1        5
COOLING TOTAL     251               289     -38      304
 SINCE 1/1        409               444     -35      431

FREEZE DATES
RECORD
 EARLIEST     09/08/1962
 LATEST       06/08/2007
EARLIEST                        10/07
LATEST                          05/05
..................................................

WIND (MPH)
AVERAGE WIND SPEED              9.3
RESULTANT WIND SPEED/DIRECTION   3/176
HIGHEST WIND SPEED/DIRECTION    46/320    DATE  07/15
HIGHEST GUST SPEED/DIRECTION    60/330    DATE  07/15

SKY COVER
POSSIBLE SUNSHINE (PERCENT)   MM
AVERAGE SKY COVER           0.60
NUMBER OF DAYS FAIR            4
NUMBER OF DAYS PC             22
NUMBER OF DAYS CLOUDY          5

AVERAGE RH (PERCENT)     52

WEATHER CONDITIONS. NUMBER OF DAYS WITH
THUNDERSTORM              0     MIXED PRECIP               0
HEAVY RAIN                3     RAIN                       1
LIGHT RAIN               16     FREEZING RAIN              0
LT FREEZING RAIN          0     HAIL                       0
HEAVY SNOW                0     SNOW                       0
LIGHT SNOW                0     SLEET                      0
FOG                       7     FOG W/VIS <= 1/4 MILE      0
HAZE                      6

-  INDICATES NEGATIVE NUMBERS.
R  INDICATES RECORD WAS SET OR TIED.
MM INDICATES DATA IS MISSING.
T  INDICATES TRACE AMOUNT.

.....JULY 2015 SLIGHTLY COOLER WITH NEAR NORMAL PRECIPITATION.....

AFTER A WARMER AND WETTER JUNE 2015 WITH THE NORTH AMERICAN MONSOON
IN FULL FORCE...THE EARLY PORTION OF JULY CONTINUED WITH THAT
MONSOONAL PATTERN WITH MOIST AND UNSETTLED CONDITIONS. FOR THE FINAL
TWO WEEKS OF JULY...MID AND UPPER LEVEL STABILITY ASSOCIATED WITH A
DOMINANT RIDGE OF HIGH PRESSURE OVER THE SOUTHWESTERN UNITED STATES
INCREASED WHILE INHIBITING THE WIDESPREAD AFTERNOON SHOWERS AND
THUNDERSTORMS OVER THE EASTERN PLAINS WHICH HAD BEEN OBSERVED FOR
SEVERAL WEEKS PRIOR.

TEMPERATURES:

THE AVERAGE TEMPERATURE AT DENVER INTERNATIONAL AIRPORT FOR THE
MONTH OF JULY WAS 72.8 DEGREES F WHICH WAS 1.4 DEGREES BELOW THE
NORMAL OF 74.2 DEGREES. JULY OF 2012 WAS THE WARMEST JULY AND
WARMEST MONTH EVER RECORD IN DENVER ...WITH AN AVERAGE TEMPERATURE
OF 78.9 DEGREES F. THERE WERE 16 DAYS DURING THE MONTH IN WHICH THE
TEMPERATURE REACHED OR EXCEEDED THE 90 DEGREE MARK...AND NO DAYS AT
OR ABOVE 100 DEGREES. THE COLDEST JULY ON RECORD WAS 67.3 DEGREES F
WHICH OCCURRED BACK IN 1895. THE HIGHEST TEMPERATURE OF THE MONTH
WAS 97 DEGREES WHICH OCCURRED ON THE 27TH. THE COLDEST TEMPERATURE
OF THE MONTH WAS 52 DEGREES WHICH OCCURRED LESS THAN 24 HOURS
LATER ON THE MORNING OF THE 28TH.

PRECIPITATION:

PRECIPITATION FOR THE MONTH OF JULY AT DENVER INTERNATIONAL AIRPORT
WAS 1.06 INCHES...WHICH IS 1.10 INCHES BELOW THE NORMAL OF 2.16
INCHES. THERE WERE 12 DAYS WITH MEASURABLE PRECIPITATION. ON THE 18
THE...0.33 INCHES OF PRECIPITATION FELL WHICH IS THE GREATEST DAILY
AMOUNT FOR THE MONTH.

TEN WETTEST JULY`S IN DENVER WEATHER HISTORY SINCE 1872:

6.41 INCHES 1965
5.92 INCHES 1998
5.60 INCHES 1997
5.24 INCHES 1919
4.76 INCHES 2001
4.28 INCHES 1895
4.17 INCHES 1956
4.17 INCHES 1909
4.17 INCHES 1875
4.11 INCHES 1991

10 DRIEST JULY`S IN DENVER WEATHER HISTORY SINCE 1872:

0.01 INCHES 1901
0.08 INCHES 1939
0.24 INCHES 2008
0.27 INCHES 2005
0.31 INCHES 1917
0.32 INCHES 1934
0.33 INCHES 1924
0.33 INCHES 1877
0.34 INCHES 1891
0.41 INCHES 1888

THERE WERE 11 DAYS IN WHICH THUNDER WAS OBSERVED AT DENVER
INTERNATIONAL AIRPORT WITH NO HAIL REPORTED. DENSE FOG WITH A
VISIBILITY AT OR BELOW 1/4 MILE WAS NOT OBSERVED IN JULY 2015. THE
PEAK WIND FOR THE MONTH WAS 60 MPH FROM THE NORTH NORTHWEST WHICH
OCCURRED ON THE AFTERNOON OF THE 15TH.

$$
