000
CXUS54 KAMA 011618
CLMDHT


CLIMATE REPORT
NATIONAL WEATHER SERVICE AMARILLO TX
1117 AM CDT SAT JUL 1 2017

...................................

...THE DALHART CLIMATE SUMMARY FOR THE MONTH OF JUNE 2017...

CLIMATE NORMAL PERIOD 1981 TO 2010
CLIMATE RECORD PERIOD 1948 TO 2017

WEATHER         OBSERVED          NORMAL  DEPART  LAST YEAR`S
                 VALUE   DATE(S)  VALUE   FROM    VALUE  DATE(S)
                                          NORMAL
................................................................
TEMPERATURE (F)
RECORD
 HIGH             110   06/26/2011
 LOW               40   06/10/1955
HIGHEST           107   06/17                        101  06/22
                                                          06/17
LOWEST             49   06/14                         49  06/17
                        06/03
                        06/01
AVG. MAXIMUM     93.1              87.4     5.7     92.4
AVG. MINIMUM     59.5              57.8     1.7     60.5
MEAN             76.3              72.6     3.7     76.4
DAYS MAX >= 90     17              12.3     4.7       21
DAYS MAX <= 32      0               0.0     0.0        0
DAYS MIN <= 32      0               0.0     0.0        0
DAYS MIN <= 0       0               0.0     0.0        0

PRECIPITATION (INCHES)
TOTALS           1.26              2.30   -1.04     2.01
DAILY AVG.       0.04              0.08   -0.04     0.07
DAYS >= .01         2               8.0    -6.0       10
DAYS >= .10         1               4.7    -3.7        6
DAYS >= .50         1               1.4    -0.4        1
DAYS >= 1.00        1               0.4     0.6        0
GREATEST
 24 HR. TOTAL    1.17   06/25 TO 06/25

SNOWFALL (INCHES)
TOTALS            0.0               0.0     0.0      0.0
SINCE 7/1        11.3              18.9    -7.6     12.7
DAYS >= TRACE       0               0.0     0.0
DAYS >= 1.0         0               0.0     0.0        0
GREATEST
 SNOW DEPTH         0   MM
 24 HR TOTAL      0.0   06/30 TO 06/30

DEGREE_DAYS
HEATING TOTAL       0                12     -12        0
 SINCE 7/1       3634              4729   -1095     3851
COOLING TOTAL     346               240     106      350
 SINCE 1/1        423               312     111      396
.................................................................

WIND (MPH)
AVERAGE WIND SPEED              11.8
HIGHEST WIND SPEED/DIRECTION    45/120    DATE  06/25
HIGHEST GUST SPEED/DIRECTION    67/130    DATE  06/25

SKY COVER
POSSIBLE SUNSHINE (PERCENT)   MM
NUMBER OF DAYS FAIR           25
NUMBER OF DAYS PC              3
NUMBER OF DAYS CLOUDY          2

AVERAGE RH (PERCENT)     52

WEATHER CONDITIONS. NUMBER OF DAYS WITH
THUNDERSTORM              0     MIXED PRECIP               0
HEAVY RAIN                2     RAIN                       1
LIGHT RAIN                9     FREEZING RAIN              0
LT FREEZING RAIN          0     HEAVY SNOW                 0
SNOW                      0     LIGHT SNOW                 0
SLEET                     0     FOG                        5
FOG W/VIS <= 1/4 MILE     0     HAZE                       8

-  INDICATES NEGATIVE NUMBERS.
R  INDICATES RECORD WAS SET OR TIED.
MM INDICATES DATA IS MISSING.
T  INDICATES TRACE AMOUNT.

$$
