000
CXUS54 KAMA 011550
CLMDHT


CLIMATE REPORT
NATIONAL WEATHER SERVICE AMARILLO TX
1050 AM CDT FRI SEP 1 2017

...................................

...THE DALHART CLIMATE SUMMARY FOR THE MONTH OF AUGUST 2017...

CLIMATE NORMAL PERIOD 1981 TO 2010
CLIMATE RECORD PERIOD 1948 TO 2017

WEATHER         OBSERVED          NORMAL  DEPART  LAST YEAR`S
                 VALUE   DATE(S)  VALUE   FROM    VALUE  DATE(S)
                                          NORMAL
................................................................
TEMPERATURE (F)
RECORD
 HIGH             106   08/11/2012
                        08/20/2007
 LOW               43   08/29/1988
HIGHEST            94   08/05                        100  08/04
                                                          08/01
LOWEST             50   08/31                         51  08/15
AVG. MAXIMUM     84.4              89.2    -4.8     89.5
AVG. MINIMUM     61.2              61.3    -0.1     62.3
MEAN             72.8              75.3    -2.5     75.9
DAYS MAX >= 90      6              15.6    -9.6       16
DAYS MAX <= 32      0               0.0     0.0        0
DAYS MIN <= 32      0               0.0     0.0        0
DAYS MIN <= 0       0               0.0     0.0        0

PRECIPITATION (INCHES)
TOTALS           3.83              2.85    0.98     2.89
DAILY AVG.       0.12              0.09    0.03     0.09
DAYS >= .01        13               8.3     4.7       12
DAYS >= .10         7               5.1     1.9        6
DAYS >= .50         1               1.7    -0.7        2
DAYS >= 1.00        1               0.8     0.2        0
GREATEST
 24 HR. TOTAL    2.26   08/13 TO 08/13

SNOWFALL (INCHES)
TOTALS            0.0               0.0     0.0      0.0
SINCE 7/1         0.0               0.0     0.0      0.0
DAYS >= TRACE       0               0.0     0.0
DAYS >= 1.0         0               0.0     0.0        0
GREATEST
 SNOW DEPTH         0   MM
 24 HR TOTAL      0.0   08/31 TO 08/31

DEGREE_DAYS
HEATING TOTAL       0                 2      -2        0
 SINCE 7/1          0                 3      -3        0
COOLING TOTAL     250               319     -69      347
 SINCE 1/1       1148               996     152     1275
.................................................................

WIND (MPH)
AVERAGE WIND SPEED              8.9
HIGHEST WIND SPEED/DIRECTION    54/290    DATE  08/13
HIGHEST GUST SPEED/DIRECTION    73/280    DATE  08/13

SKY COVER
POSSIBLE SUNSHINE (PERCENT)   MM
NUMBER OF DAYS FAIR           20
NUMBER OF DAYS PC             10
NUMBER OF DAYS CLOUDY          1

AVERAGE RH (PERCENT)     71

WEATHER CONDITIONS. NUMBER OF DAYS WITH
THUNDERSTORM              0     MIXED PRECIP               0
HEAVY RAIN                5     RAIN                       9
LIGHT RAIN               15     FREEZING RAIN              0
LT FREEZING RAIN          0     HEAVY SNOW                 0
SNOW                      0     LIGHT SNOW                 0
SLEET                     0     FOG                       20
FOG W/VIS <= 1/4 MILE     2     HAZE                       9

-  INDICATES NEGATIVE NUMBERS.
R  INDICATES RECORD WAS SET OR TIED.
MM INDICATES DATA IS MISSING.
T  INDICATES TRACE AMOUNT.

$$
