000
CXUS53 KEAX 010801
CLMDMO

CLIMATE REPORT
NATIONAL WEATHER SERVICE KANSAS CITY/PLEASANT HILL MO
239 AM CDT SAT APR 1 2017

...................................

...THE SEDALIA CLIMATE SUMMARY FOR THE MONTH OF MARCH 2017...

CLIMATE NORMAL PERIOD 1981 TO 2010
CLIMATE RECORD PERIOD 9999 TO 9999

WEATHER         OBSERVED          NORMAL  DEPART  LAST YEAR`S
                 VALUE   DATE(S)  VALUE   FROM    VALUE  DATE(S)
                                          NORMAL
................................................................
TEMPERATURE (F)
HIGHEST            86   03/20        79       7       76  03/15
LOWEST             17   03/15        15       2       20  03/02
AVG. MAXIMUM     59.8              56.7     3.1     63.3
AVG. MINIMUM     40.9              35.8     5.1     41.6
MEAN             50.3              46.2     4.1     52.5
DAYS MAX >= 90      0               0.0     0.0        0
DAYS MAX <= 32      0               0.9    -0.9        0
DAYS MIN <= 32      8              16.3    -8.3        7
DAYS MIN <= 0       0               0.0     0.0        0

PRECIPITATION (INCHES)
TOTALS           3.30              2.61    0.69     1.69
DAILY AVG.       0.11              0.08    0.03     0.05
DAYS >= .01        12               9.1     2.9       11
DAYS >= .10         6               5.8     0.2        3
DAYS >= .50         2               1.8     0.2        1
DAYS >= 1.00        1               0.3     0.7        0
GREATEST
 24 HR. TOTAL    1.12   03/25 TO 03/25

DEGREE_DAYS
HEATING TOTAL     454               585    -131      387
 SINCE 7/1       3337              4202    -865     3375
COOLING TOTAL       8                 3       5        4
 SINCE 1/1          8                 3       5        4
.................................................................

WIND (MPH)
AVERAGE WIND SPEED              11.5
HIGHEST WIND SPEED/DIRECTION    45/290    DATE  03/06
HIGHEST GUST SPEED/DIRECTION    57/290    DATE  03/06

SKY COVER
POSSIBLE SUNSHINE (PERCENT)   MM
AVERAGE SKY COVER           0.50
NUMBER OF DAYS FAIR           11
NUMBER OF DAYS PC              8
NUMBER OF DAYS CLOUDY         12

AVERAGE RH (PERCENT)     61

WEATHER CONDITIONS. NUMBER OF DAYS WITH
THUNDERSTORM              5     MIXED PRECIP               0
HEAVY RAIN                4     RAIN                       6
LIGHT RAIN               14     FREEZING RAIN              0
LT FREEZING RAIN          0     HAIL                       0
HEAVY SNOW                0     SNOW                       0
LIGHT SNOW                2     SLEET                      0
FOG                      14     FOG W/VIS <= 1/4 MILE      3
HAZE                      5

-  INDICATES NEGATIVE NUMBERS.
R  INDICATES RECORD WAS SET OR TIED.
MM INDICATES DATA IS MISSING.
T  INDICATES TRACE AMOUNT.

$$
