000
CXUS52 KCAE 031657
CLMDNL


CLIMATE REPORT
NATIONAL WEATHER SERVICE COLUMBIA SC
1253 PM EDT SUN APR 3 2016

...................................

...THE AUGUSTA DANIEL FIELD GA CLIMATE SUMMARY FOR THE MONTH OF MARCH 2016...

CLIMATE NORMAL PERIOD 1981 TO 2010
CLIMATE RECORD PERIOD 9999 TO 9999

WEATHER         OBSERVED          NORMAL  DEPART
                 VALUE   DATE(S)  VALUE   FROM
                                          NORMAL
................................................
TEMPERATURE (F)
HIGHEST            87   03/16        MM      MM
                        03/15
LOWEST             39   03/05        MM      MM
AVG. MAXIMUM     74.8              68.2     6.6
AVG. MINIMUM     53.6              47.1     6.5
MEAN             64.2              57.6     6.6
DAYS MAX >= 90      0               0.0     0.0
DAYS MAX <= 32      0               0.0     0.0
DAYS MIN <= 32      0               0.9    -0.9
DAYS MIN <= 0       0               0.0     0.0

PRECIPITATION (INCHES)
TOTALS           2.06              4.31   -2.25
DAYS >= .01         7                MM      MM
DAYS >= .10         7                MM      MM
DAYS >= .50         1                MM      MM
DAYS >= 1.00        0                MM      MM
GREATEST
 24 HR. TOTAL    0.66   03/03 TO 03/03

SNOWFALL (INCHES)
DAYS >= TRACE       0

DEGREE_DAYS
HEATING TOTAL     115               250    -135
 SINCE 7/1       1416              2063    -647
COOLING TOTAL      99                22      77
 SINCE 1/1        105                26      79
.................................................

WIND (MPH)
AVERAGE WIND SPEED              6.5
RESULTANT WIND SPEED/DIRECTION   2/182
HIGHEST WIND SPEED/DIRECTION    24/300    DATE  03/01
HIGHEST GUST SPEED/DIRECTION    34/310    DATE  03/20

SKY COVER
POSSIBLE SUNSHINE (PERCENT)   MM
AVERAGE SKY COVER           0.30
NUMBER OF DAYS FAIR           19
NUMBER OF DAYS PC              9
NUMBER OF DAYS CLOUDY          3

AVERAGE RH (PERCENT)     60

WEATHER CONDITIONS. NUMBER OF DAYS WITH
THUNDERSTORM              M     MIXED PRECIP               0
HEAVY RAIN                4     RAIN                       3
LIGHT RAIN                8     FREEZING RAIN              0
LT FREEZING RAIN          0     HAIL                       0
HEAVY SNOW                0     SNOW                       0
LIGHT SNOW                0     SLEET                      0
FOG                      10     FOG W/VIS <= 1/4 MILE      2
HAZE                      7

-  INDICATES NEGATIVE NUMBERS.
R  INDICATES RECORD WAS SET OR TIED.
MM INDICATES DATA IS MISSING.
T  INDICATES TRACE AMOUNT.

$$
