000
CXUS55 KTWC 011606
CLMDUG

CLIMATE REPORT
NATIONAL WEATHER SERVICE TUCSON AZ
900 AM MST THU DEC 1 2016

...................................

...THE DOUGLAS AZ CLIMATE SUMMARY FOR THE MONTH OF NOVEMBER 2016...

CLIMATE NORMAL PERIOD 1981 TO 2010
CLIMATE RECORD PERIOD 1948 TO 2016

WEATHER         OBSERVED          NORMAL  DEPART  LAST YEAR`S
                 VALUE   DATE(S)  VALUE   FROM    VALUE  DATE(S)
                                          NORMAL
................................................................
TEMPERATURE (F)
RECORD
 HIGH              88   11/01/2011
 LOW               11   11/30/2010
HIGHEST            80   11/15        81      -1       80  11/02
LOWEST             13   11/30        22      -9       20  11/12
AVG. MAXIMUM     71.7              70.7     1.0     70.4
AVG. MINIMUM     36.2              35.9     0.3     33.3
MEAN             53.9              53.3     0.6     51.9
DAYS MAX >= 90      0               0.0     0.0        0
DAYS MAX <= 32      0               0.0     0.0        0
DAYS MIN <= 32     11               9.0     2.0       17
DAYS MIN <= 0       0               0.0     0.0        0

PRECIPITATION (INCHES)
RECORD
 MAXIMUM         3.35   1994
 MINIMUM         0.00   2005
                        1999
                        1980
TOTALS           0.26              0.69   -0.43     0.32
DAILY AVG.       0.01              0.02   -0.01     0.01
DAYS >= .01         4               3.1     0.9        3
DAYS >= .10         1               1.8    -0.8        1
DAYS >= .50         0               0.3    -0.3        0
DAYS >= 1.00        0               0.0     0.0        0
GREATEST
 24 HR. TOTAL    0.20   11/02 TO 11/03           11/26 TO 11/26
                                                          11/30 TO 11/30
                                                          11/30 TO 11/30

DEGREE_DAYS
HEATING TOTAL     323               352     -29      386
 SINCE 7/1        336               435     -99      453
.................................................

WIND (MPH)
AVERAGE WIND SPEED              8.1
HIGHEST WIND SPEED/DIRECTION    37/220    DATE  11/21
HIGHEST GUST SPEED/DIRECTION    46/230    DATE  11/21

AVERAGE RH (PERCENT)     47

WEATHER CONDITIONS. NUMBER OF DAYS WITH
THUNDERSTORM              0     MIXED PRECIP               0
HEAVY RAIN                1     RAIN                       1
LIGHT RAIN                4     FREEZING RAIN              0
LT FREEZING RAIN          0     HAIL                       0
HEAVY SNOW                0     SNOW                       0
LIGHT SNOW                0     SLEET                      0
FOG                       2     FOG W/VIS <= 1/4 MILE      0
HAZE                      0

-  INDICATES NEGATIVE NUMBERS.
R  INDICATES RECORD WAS SET OR TIED.
MM INDICATES DATA IS MISSING.
T  INDICATES TRACE AMOUNT.

$$
