000
CXUS55 KTWC 011542
CLMDUG

CLIMATE REPORT
NATIONAL WEATHER SERVICE TUCSON AZ
838 AM MST TUE SEP 1 2015

...................................

...THE DOUGLAS AZ CLIMATE SUMMARY FOR THE MONTH OF AUGUST 2015...

CLIMATE NORMAL PERIOD 1981 TO 2010
CLIMATE RECORD PERIOD 1948 TO 2015

WEATHER         OBSERVED          NORMAL  DEPART  LAST YEAR`S
                 VALUE   DATE(S)  VALUE   FROM    VALUE  DATE(S)
                                          NORMAL
................................................................
TEMPERATURE (F)
RECORD
 HIGH             104   08/30/2011
 LOW               52   08/15/1985
HIGHEST           101   08/15        98       3       96  08/31
LOWEST             59   08/13        58       1       56  08/30
AVG. MAXIMUM     93.8              91.8     2.0     87.3
AVG. MINIMUM     65.1              64.6     0.5     63.0
MEAN             79.4              78.2     1.2     75.2
DAYS MAX >= 90     26              21.3     4.7       11
DAYS MAX <= 32      0               0.0     0.0        0
DAYS MIN <= 32      0               0.0     0.0        0
DAYS MIN <= 0       0               0.0     0.0        0

PRECIPITATION (INCHES)
RECORD
 MAXIMUM         7.77   1959
 MINIMUM         0.17   1962
TOTALS           3.05              3.05    0.00     4.00
DAILY AVG.       0.10              0.10    0.00     0.13
DAYS >= .01        13              12.7     0.3       14
DAYS >= .10        10               6.7     3.3        9
DAYS >= .50         2               1.7     0.3        2
DAYS >= 1.00        0               0.6    -0.6        0
GREATEST
 24 HR. TOTAL    0.75   08/09 TO 08/09           08/12 TO 08/12
                                                          08/31 TO 08/31
                                                          08/31 TO 08/31

DEGREE_DAYS
COOLING TOTAL     410               409       1      325
 SINCE 1/1       1309              1470    -161     1446
..................................................

WIND (MPH)
AVERAGE WIND SPEED              6.4
HIGHEST WIND SPEED/DIRECTION    37/060    DATE  08/17
HIGHEST GUST SPEED/DIRECTION    50/070    DATE  08/17

AVERAGE RH (PERCENT)     57

WEATHER CONDITIONS. NUMBER OF DAYS WITH
THUNDERSTORM              0     MIXED PRECIP               0
HEAVY RAIN                7     RAIN                       8
LIGHT RAIN               14     FREEZING RAIN              0
LT FREEZING RAIN          0     HAIL                       0
HEAVY SNOW                0     SNOW                       0
LIGHT SNOW                0     SLEET                      0
FOG                       9     FOG W/VIS <= 1/4 MILE      0
HAZE                      3

-  INDICATES NEGATIVE NUMBERS.
R  INDICATES RECORD WAS SET OR TIED.
MM INDICATES DATA IS MISSING.
T  INDICATES TRACE AMOUNT.

$$
