000
CXUS56 KEKA 080240 AAA
CLMEKA

CLIMATE REPORT
NATIONAL WEATHER SERVICE EUREKA CA
630 PM PST FRI NOV 7 2014

...................................

...THE EUREKA CA CLIMATE SUMMARY FOR THE MONTH OF OCTOBER 2014...

CLIMATE NORMAL PERIOD 1981 TO 2010
CLIMATE RECORD PERIOD 1886 TO 2014

WEATHER         OBSERVED          NORMAL  DEPART  LAST YEAR`S
                 VALUE   DATE(S)  VALUE   FROM    VALUE
                                          NORMAL
.............................................................
TEMPERATURE (F)
RECORD
 HIGH              87   10/26/1993
 LOW               32   10/29/1971
HIGHEST            80   10/03                MM
LOWEST             45   10/28                MM
                        10/13
AVG. MAXIMUM     66.3                       4.6
AVG. MINIMUM     51.7                       4.6
MEAN             59.0                       4.6

PRECIPITATION (INCHES)
RECORD
 MAXIMUM        13.04   1950
 MINIMUM         0.00   1917
TOTALS           4.74              2.24    2.50
DAYS >= .01        15               8.5     6.5        4
DAYS >= .10        11               4.6     6.4        0
DAYS >= .50         3               1.6     1.4        0
DAYS >= 1.00        0               0.4    -0.4        0
GREATEST
 24 HR. TOTAL    1.17   10/23 TO 10/24

SNOWFALL (INCHES)
 LIQUID 7/1      0.00                      0.00

DEGREE_DAYS
HEATING TOTAL     179               329    -150      434
 SINCE 7/1        702               994    -292      991
COOLING TOTAL       0                 0       0        0
 SINCE 1/1          4                 0       4        6
..............................................................

WIND (MPH)
AVERAGE WIND SPEED              4.5
HIGHEST WIND SPEED/DIRECTION    23/200    DATE  10/25
HIGHEST GUST SPEED/DIRECTION    44/180    DATE  10/24

SKY COVER
POSSIBLE SUNSHINE (PERCENT)   MM
AVERAGE SKY COVER           0.60
NUMBER OF DAYS FAIR            8
NUMBER OF DAYS PC              7
NUMBER OF DAYS CLOUDY         16


WEATHER CONDITIONS. NUMBER OF DAYS WITH
THUNDERSTORM              1     HEAVY RAIN                 1
RAIN                      8     LIGHT RAIN                14
HAIL                      0     SLEET                      0
FOG                      19     FOG W/VIS <= 1/4 MILE      3
HAZE                      1

-  INDICATES NEGATIVE NUMBERS.
R  INDICATES RECORD WAS SET OR TIED.
MM INDICATES DATA IS MISSING.
T  INDICATES TRACE AMOUNT.
&&

TOTAL RAINFALL...............  4.74 DEPARTURE FROM NORMAL..... +2.50
TOTAL SINCE JANUARY 1ST...... 23.86 DEPARTURE FROM NORMAL..... -2.74
TOTAL SINCE JULY 1ST.........  7.87 DEPARTURE FROM NORMAL..... +4.55

HIGHEST SLP......... 30.24 ON 26 LOWEST SLP.......... 29.58 ON 25

...REMARKS...
EARLY IN THE MONTH...HIGH PRESSURE BROUGHT CLEAR SKIES
AND WARM...DRY CONDITIONS. A RECORD HIGH OF 80 DEGREES WAS SET ON
THE THIRD...SMASHING THE OLD RECORD OF 76 DEGREES WHICH WAS SET IN
1991. TEMPERATURES ENDED THE MONTH SIGNIFICANTLY ABOVE NORMAL WITH
BOTH HIGH AND LOW TEMPERATURES ENDING UP NEARLY 5 DEGREES ABOVE
NORMAL. ALL OF THIS WARM WEATHER WAS DUE TO THE CONTINUED WARM OCEAN
WATER TEMPERATURES AND PERIODIC OFFSHORE FLOW.

DURING THE SECOND HALF OF THE MONTH...A SERIES OF WARM WEATHER
SYSTEMS BROUGHT MUCH NEEDED RAINFALL TO THE AREA. DESPITE 12 OF THE
FIRST 14 DAYS OF THE MONTH BEING DRY...THE MONTH ENDED UP WITH 4.74
INCHES OF RAIN OR 210 PERCENT OF NORMAL. THIS IS THE SECOND MONTH IN
A ROW WITH ABOVE NORMAL RAINFALL...BRINGING THE SEASONAL RAINFALL
SINCE JULY FIRST TO 7.87 INCHES...MORE THAN TWICE THE SEASONAL
NORMAL. LAST YEAR AT THIS POINT WE ONLY HAD 3.22 INCHES.

$$
