265
CXUS55 KLKN 091933
CLMEKO

CLIMATE REPORT...EDITED
NATIONAL WEATHER SERVICE ELKO NV
1200 PM PDT MON OCT 9 2017

...................................

...THE ELKO AIRPORT NV CLIMATE SUMMARY FOR THE MONTH OF
SEPTEMBER 2017...

CLIMATE NORMAL PERIOD 1981 TO 2010
CLIMATE RECORD PERIOD 1888 TO 2017

WEATHER         OBSERVED          NORMAL  DEPART  LAST YEAR`S
                 VALUE   DATE(S)  VALUE   FROM    VALUE  DATE(S)
                                          NORMAL
................................................................
TEMPERATURE (F)
RECORD
 HIGH             100   09/04/2017
 LOW                9   09/26/1934
                        09/24/1891
HIGHEST           100R  09/04        92       8       92  09/01
LOWEST             28   09/24        24       4       33  09/05
AVG. MAXIMUM     76.8              78.5    -1.7     78.1
AVG. MINIMUM     41.9              39.1     2.8     41.7
MEAN             59.4              58.8     0.6     59.9
DAYS MAX >= 90      7               2.0     5.0        1
DAYS MAX <= 32      0               0.0     0.0        0
DAYS MIN <= 32      9               5.3     3.7        0
DAYS MIN <= 0       0               0.0     0.0        0

PRECIPITATION (INCHES)
RECORD
 MAXIMUM         3.22   1978
 MINIMUM         0.00   1974
                        1928
                        1922
TOTALS           1.93              0.57    1.36     1.08
DAILY AVG.       0.06              0.02    0.04     0.04
DAYS >= .01         8               4.3     3.7        6
DAYS >= .10         4               1.8     2.2        3
DAYS >= .50         2               0.3     1.7        1
DAYS >= 1.00        0               0.0     0.0        0
GREATEST
 24 HR. TOTAL    0.71   09/21 TO 09/21              0.69

SNOWFALL (INCHES)
RECORDS
 TOTAL            2.0   1982
TOTALS              T               0.1    -0.1      0.0
SINCE 7/1           T               0.1    -0.1      0.0
SNOWDEPTH AVG.      0                                  0
DAYS >= TRACE       1               0.0     1.0        0
DAYS >= 1.0         0               0.0     0.0        0
GREATEST
 SNOW DEPTH         0   MM                             0
 24 HR TOTAL        T   09/21 TO 09/21               0.0

DEGREE_DAYS
HEATING TOTAL     251               207      44      162
 SINCE 7/1        255               258      -3      175
COOLING TOTAL      89                21      68       16
 SINCE 1/1        785               383     402      560
.................................................................

WIND (MPH)
AVERAGE WIND SPEED              5.3
HIGHEST WIND SPEED/DIRECTION    37/230    DATE  09/14
HIGHEST GUST SPEED/DIRECTION    49/190    DATE  09/08

AVERAGE RH (PERCENT)     46

WEATHER CONDITIONS. NUMBER OF DAYS WITH
THUNDERSTORM              1     MIXED PRECIP               0
HEAVY RAIN                1     RAIN                       4
LIGHT RAIN                8     FREEZING RAIN              0
LT FREEZING RAIN          0     HAIL                       0
HEAVY SNOW                0     SNOW                       0
LIGHT SNOW                1     SLEET                      0
FOG                       4     FOG W/VIS <= 1/4 MILE      1
HAZE                      4

-  INDICATES NEGATIVE NUMBERS.
R  INDICATES RECORD WAS SET OR TIED.
MM INDICATES DATA IS MISSING.
T  INDICATES TRACE AMOUNT.

&&

=====================================================================

...3RD WETTEST SEPTEMBER ON RECORD IN ELKO...
...TIED 4TH SNOWIEST SEPTEMBER ON RECORD IN ELKO...

A RECORD DAILY MAXIMUM TEMP OF 99 WAS TIED ON THE 3RD.
A RECORD DAILY MAXIMUM TEMP OF 100 WAS SET ON THE 4TH.
THIS SET THE ALL TIME WARMEST SEPTEMBER HIGH ON RECORD.
A RECORD DAILY MAXIMUM TEMP OF 99 WAS SET ON THE 5TH.
A RECORD DAILY MAXIMUM TEMP OF 97 WAS TIED ON THE 6TH.

A RECORD DAILY PRECIP OF 0.65 INCHES WAS SET ON THE 20TH.
A RECORD DAILY SNOWFALL OF TRACE WAS SET ON THE 21ST.

$$

DS
