000
CXUS56 KPQR 011507
CLMEUG


CLIMATE REPORT
NATIONAL WEATHER SERVICE PORTLAND OREGON
807 AM PDT SAT AUG 1 2015

...................................

...THE EUGENE OR CLIMATE SUMMARY FOR THE MONTH OF JULY 2015...

CLIMATE NORMAL PERIOD 1981 TO 2010
CLIMATE RECORD PERIOD 1892 TO 2015

WEATHER         OBSERVED          NORMAL  DEPART  LAST YEAR`S
                 VALUE   DATE(S)  VALUE   FROM    VALUE  DATE(S)
                                          NORMAL
................................................................
TEMPERATURE (F)
HIGHEST           105                                 97  07/16
                                                          07/15
LOWEST             47                                 47  07/26
AVG. MAXIMUM     88.2              82.3     5.9     87.5
AVG. MINIMUM     54.8              51.4     3.4     54.1
MEAN             71.5              66.8     4.7     70.8
DAYS MAX >= 90     13               5.2     7.8       16
DAYS MAX <= 32      0               0.0     0.0        0
DAYS MIN <= 32      0               0.0     0.0        0
DAYS MIN <= 0       0               0.0     0.0        0

PRECIPITATION (INCHES)
RECORD
 MAXIMUM         3.38   1916
 MINIMUM         0.00   2013
                        2003
                        1967
TOTALS           0.05              0.54   -0.49     0.37
DAYS >= .01         3               3.1    -0.1        4
DAYS >= .10         0               1.2    -1.2        2
DAYS >= .50         0               0.3    -0.3        0
DAYS >= 1.00        0               0.0     0.0        0
GREATEST
 24 HR. TOTAL    0.04   07/09 TO 07/10

DEGREE_DAYS
HEATING TOTAL       5                36     -31        6
 SINCE 7/1          5                36     -31        6
COOLING TOTAL     213                93     120      193
 SINCE 1/1        331               117     214      202
.................................................................

WIND (MPH)
AVERAGE WIND SPEED              7.5
RESULTANT WIND SPEED/DIRECTION   3/329
HIGHEST WIND SPEED/DIRECTION    24/010    DATE  07/28
HIGHEST GUST SPEED/DIRECTION    31/020    DATE  07/16

SKY COVER
POSSIBLE SUNSHINE (PERCENT)   MM
AVERAGE SKY COVER           0.30
NUMBER OF DAYS FAIR           16
NUMBER OF DAYS PC             13
NUMBER OF DAYS CLOUDY          2

AVERAGE RH (PERCENT)     54

WEATHER CONDITIONS. NUMBER OF DAYS WITH
THUNDERSTORM              0     MIXED PRECIP               0
HEAVY RAIN                0     RAIN                       0
LIGHT RAIN                3     FREEZING RAIN              0
LT FREEZING RAIN          0     HAIL                       0
HEAVY SNOW                0     SNOW                       0
LIGHT SNOW                0     SLEET                      0
FOG                       0     FOG W/VIS <= 1/4 MILE      0
HAZE                      3

-  INDICATES NEGATIVE NUMBERS.
R  INDICATES RECORD WAS SET OR TIED.
MM INDICATES DATA IS MISSING.
T  INDICATES TRACE AMOUNT.

$$
