000
CXUS51 KOKX 011712 RRA
CLMEWR

NYCCLMEWR 000
TTAA00 KOKX 011710


CLIMATE REPORT
NATIONAL WEATHER SERVICE NEW YORK NY
110 PM EDT WED NOV 1 2017

...................................

...THE NEWARK NJ CLIMATE SUMMARY FOR THE MONTH OF OCTOBER 2017...

CLIMATE NORMAL PERIOD 1981 TO 2010
CLIMATE RECORD PERIOD 1929 TO 2017

WEATHER         OBSERVED          NORMAL  DEPART  LAST YEAR`S
                 VALUE   DATE(S)  VALUE   FROM    VALUE  DATE(S)
                                          NORMAL
................................................................
TEMPERATURE (F)
RECORD
 HIGH              93   10/05/1941
 LOW               25   10/28/1936
HIGHEST            86   10/05        MM      MM       87  10/19
LOWEST             40   10/17        MM      MM       37  10/29
                                                          10/26
AVG. MAXIMUM     72.8              65.3     7.5     67.5
AVG. MINIMUM     55.1              48.0     7.1     50.3
MEAN             63.9              56.6     7.3     58.9
DAYS MAX >= 90      0               0.0     0.0        0
DAYS MAX <= 32      0               0.0     0.0        0
DAYS MIN <= 32      0               0.2    -0.2        0
DAYS MIN <= 0       0               0.0     0.0        0

PRECIPITATION (INCHES)
RECORD
 MAXIMUM        13.84   1913
 MINIMUM         0.21   1963
TOTALS           4.94              3.60    1.34     3.00
DAILY AVG.       0.16              0.12    0.04     0.10
DAYS >= .01         9               8.7     0.3        7
DAYS >= .10         6               5.3     0.7        6
DAYS >= .50         1               2.5    -1.5        3
DAYS >= 1.00        1               1.1    -0.1        0
GREATEST
 24 HR. TOTAL    4.07   10/29 TO 10/30           10/30 TO 10/30
                                                          10/31 TO 10/31
                                                          10/31 TO 10/31
 STORM TOTAL       MM                                 MM
 (MM/DD(HH))            MM                    10/30(00) TO 10/30(00)
                                                 10/31(00) TO 10/31(00)1
                                                 10/31(00) TO 10/31(00)1

SNOWFALL (INCHES)
TOTALS            0.0               0.0     0.0      0.0
 LIQUID EQUIV    0.00                 T    0.00     0.00
SINCE 7/1         0.0               0.0     0.0      0.0
 LIQUID 7/1      0.00              0.00    0.00     0.00
SNOWDEPTH AVG.      0                MM      MM        0
DAYS >= TRACE       0               0.0     0.0        0
DAYS >= 1.0         0               0.0     0.0        0
GREATEST
 SNOW DEPTH         0   MM                             0  MM
 24 HR TOTAL      0.0   10/31 TO 10/31           10/31 TO 10/31
                                                          10/31 TO 10/31
                                                          10/31 TO 10/31
 STORM TOTAL       MM                                 MM
 (MM/DD(HH))            MM                    10/31(00) TO 10/31(00)
                                                 10/31(00) TO 10/31(00)1
                                                 10/31(00) TO 10/31(00)1

DEGREE_DAYS
HEATING TOTAL     110               276    -166      215
 SINCE 7/1        127               321    -194      231
COOLING TOTAL      86                17      69       32
 SINCE 1/1       1316              1191     125     1570
..................................................

WIND (MPH)
AVERAGE WIND SPEED              8.8
HIGHEST WIND SPEED/DIRECTION    39/240    DATE  10/29
HIGHEST GUST SPEED/DIRECTION    48/240    DATE  10/29


WEATHER CONDITIONS. NUMBER OF DAYS WITH
THUNDERSTORM              0     MIXED PRECIP               0
HEAVY RAIN                3     RAIN                       5
LIGHT RAIN               14     FREEZING RAIN              0
LT FREEZING RAIN          0     HAIL                       0
HEAVY SNOW                0     SNOW                       0
LIGHT SNOW                0     SLEET                      0
FOG                       8     FOG W/VIS <= 1/4 MILE      0
HAZE                      1

-  INDICATES NEGATIVE NUMBERS.
R  INDICATES RECORD WAS SET OR TIED.
MM INDICATES DATA IS MISSING.
T  INDICATES TRACE AMOUNT.

$$
