000
CXUS53 KIND 011607
CLMEYE


CLIMATE REPORT
NATIONAL WEATHER SERVICE INDIANAPOLIS IN
1107 AM EST MON DEC 1 2014

...................................

...THE INDIANAPOLIS EAGLE CREEK IN CLIMATE SUMMARY FOR THE MONTH OF NOVEMBER 2014...

CLIMATE NORMAL PERIOD 1981 TO 2010
CLIMATE RECORD PERIOD 9999 TO 9999

WEATHER         OBSERVED          NORMAL  DEPART  LAST YEAR`S
                 VALUE   DATE(S)  VALUE   FROM    VALUE  DATE(S)
                                          NORMAL
................................................................
TEMPERATURE (F)
HIGHEST            66   11/03                         66  11/17
LOWEST             10   11/18                         14  11/24
AVG. MAXIMUM     44.1              51.8    -7.7     46.9
AVG. MINIMUM     28.5              36.1    -7.6     31.5
MEAN             36.3              44.0    -7.7     39.2
DAYS MAX >= 90      0               0.0     0.0        0
DAYS MAX <= 32      6               0.7     5.3        3
DAYS MIN <= 32     19              10.4     8.6       18
DAYS MIN <= 0       0               0.0     0.0        0

PRECIPITATION (INCHES)
TOTALS           2.73              3.70   -0.97     2.13
DAILY AVG.       0.09              0.12   -0.03     0.07
DAYS >= .01         8                MM      MM        7
DAYS >= .10         5                MM      MM        3
DAYS >= .50         1                MM      MM        1
DAYS >= 1.00        1                MM      MM        1
GREATEST
 24 HR. TOTAL    1.99   11/23 TO 11/24

DEGREE_DAYS
HEATING TOTAL     853               632     221      765
 SINCE 7/1       1239              1024     215     1178
COOLING TOTAL       0                 0       0        0
 SINCE 1/1        893              1058    -165     1006
.................................................................

WIND (MPH)
AVERAGE WIND SPEED              8.6
HIGHEST WIND SPEED/DIRECTION    29/280    DATE  11/19
HIGHEST GUST SPEED/DIRECTION    41/270    DATE  11/24

SKY COVER
POSSIBLE SUNSHINE (PERCENT)   MM
AVERAGE SKY COVER           0.60
NUMBER OF DAYS FAIR            9
NUMBER OF DAYS PC             11
NUMBER OF DAYS CLOUDY         10

AVERAGE RH (PERCENT)     68

WEATHER CONDITIONS. NUMBER OF DAYS WITH
THUNDERSTORM              1     MIXED PRECIP               0
HEAVY RAIN                1     RAIN                       2
LIGHT RAIN                8     FREEZING RAIN              0
LT FREEZING RAIN          0     HAIL                       0
HEAVY SNOW                0     SNOW                       1
LIGHT SNOW                6     SLEET                      0
FOG                      14     FOG W/VIS <= 1/4 MILE      1
HAZE                      5

-  INDICATES NEGATIVE NUMBERS.
R  INDICATES RECORD WAS SET OR TIED.
MM INDICATES DATA IS MISSING.
T  INDICATES TRACE AMOUNT.

$$
