000
CXUS53 KIND 011610
CLMEYE


CLIMATE REPORT
NATIONAL WEATHER SERVICE INDIANAPOLIS IN
1110 AM EST THU FEB 1 2018

...................................

...THE INDIANAPOLIS EAGLE CREEK IN CLIMATE SUMMARY FOR THE MONTH OF JANUARY 2018...

CLIMATE NORMAL PERIOD 1981 TO 2010
CLIMATE RECORD PERIOD 9999 TO 9999

WEATHER         OBSERVED          NORMAL  DEPART  LAST YEAR`S
                 VALUE   DATE(S)  VALUE   FROM    VALUE  DATE(S)
                                          NORMAL
................................................................
TEMPERATURE (F)
HIGHEST            59   01/26                         67  01/21
LOWEST            -12   01/02                          0  01/07
AVG. MAXIMUM     33.3              35.1    -1.8     42.3
AVG. MINIMUM     16.5              21.0    -4.5     28.3
MEAN             24.9              28.1    -3.2     35.3
DAYS MAX >= 90      0               0.0     0.0        0
DAYS MAX <= 32     13              12.0     1.0        6
DAYS MIN <= 32     25              25.3    -0.3       17
DAYS MIN <= 0       8               1.8     6.2        1

PRECIPITATION (INCHES)
TOTALS           1.83              2.21   -0.38     4.16
DAILY AVG.       0.06              0.07   -0.01     0.13
DAYS >= .01        12                MM      MM       14
DAYS >= .10         6                MM      MM       10
DAYS >= .50         1                MM      MM        3
DAYS >= 1.00        0                MM      MM        0
GREATEST
 24 HR. TOTAL    0.54   01/22 TO 01/22

DEGREE_DAYS
HEATING TOTAL    1169              1145      24      914
 SINCE 7/1       3124              3201     -77     2661
COOLING TOTAL       0                 0       0        0
 SINCE 1/1          0                 0       0        0
.................................................................

WIND (MPH)
AVERAGE WIND SPEED              7.6
HIGHEST WIND SPEED/DIRECTION    26/360    DATE  01/12
HIGHEST GUST SPEED/DIRECTION    37/010    DATE  01/12

SKY COVER
POSSIBLE SUNSHINE (PERCENT)   MM
AVERAGE SKY COVER           0.50
NUMBER OF DAYS FAIR           15
NUMBER OF DAYS PC              6
NUMBER OF DAYS CLOUDY         10

AVERAGE RH (PERCENT)     72

WEATHER CONDITIONS. NUMBER OF DAYS WITH
THUNDERSTORM              1     MIXED PRECIP               0
HEAVY RAIN                2     RAIN                       2
LIGHT RAIN               10     FREEZING RAIN              2
LT FREEZING RAIN          1     HAIL                       0
HEAVY SNOW                0     SNOW                       2
LIGHT SNOW               12     SLEET                      0
FOG                      15     FOG W/VIS <= 1/4 MILE      2
HAZE                      5

-  INDICATES NEGATIVE NUMBERS.
R  INDICATES RECORD WAS SET OR TIED.
MM INDICATES DATA IS MISSING.
T  INDICATES TRACE AMOUNT.

$$
