000
CXUS56 KHNX 020105
CLMFAT


CLIMATE REPORT
NATIONAL WEATHER SERVICE SAN JOAQUIN VALLEY - HANFORD CA
605 PM PDT SAT AUG 1 2015

...................................

...THE FRESNO CA CLIMATE SUMMARY FOR THE MONTH OF JULY 2015...

CLIMATE NORMAL PERIOD 1981 TO 2010
CLIMATE RECORD PERIOD 1887 TO 2015

WEATHER         OBSERVED          NORMAL  DEPART  LAST YEAR`S
                 VALUE   DATE(S)  VALUE   FROM    VALUE  DATE(S)
                                          NORMAL
................................................................
TEMPERATURE (F)
RECORD
 HIGH             115   07/08/1905
 LOW               50   07/06/1955
                        07/03/1901
HIGHEST           108   07/29        MM      MM      108  07/31
                                                          07/27
                                                          07/08
LOWEST             62   07/09        MM      MM       66  07/12
AVG. MAXIMUM     96.8              98.4    -1.6    101.2
AVG. MINIMUM     69.3              67.6     1.7     72.6
MEAN             83.1              83.0     0.1     86.9
DAYS MAX >= 90     29              28.7     0.3       31
DAYS MIN <= 32      0               0.0     0.0        0

PRECIPITATION (INCHES)
RECORD
 MAXIMUM         0.33   1913
TOTALS           0.43R             0.01    0.42     0.01
DAYS >= .01         3               0.2     2.8        1
DAYS >= .10         1               0.0     1.0        0
DAYS >= .50         0               0.0     0.0        0
DAYS >= 1.00        0               0.0     0.0        0
GREATEST
 24 HR. TOTAL    0.36   07/18 TO 07/18

SNOWFALL (INCHES)
RECORDS
 TOTAL             MM   MM
TOTALS            0.0               0.0

DEGREE_DAYS
HEATING TOTAL       0                 0       0        0
 SINCE 7/1          0                 0       0        0
COOLING TOTAL     568               558      10      687
 SINCE 1/1       1354              1168     186     1615
.................................................................

WIND (MPH)
AVERAGE WIND SPEED              8.1
HIGHEST WIND SPEED/DIRECTION    24/300    DATE  07/06
HIGHEST GUST SPEED/DIRECTION    28/320    DATE  07/08

AVERAGE RH (PERCENT)     40

WEATHER CONDITIONS. NUMBER OF DAYS WITH
THUNDERSTORM              0     RAIN                       3
HAIL                      0     FOG                        0
FOG W/VIS <= 1/4 MILE     0     HAZE                       2

-  INDICATES NEGATIVE NUMBERS.
R  INDICATES RECORD WAS SET OR TIED.
MM INDICATES DATA IS MISSING.
T  INDICATES TRACE AMOUNT.

$$

SANGER/OCHS

WEATHER.GOV/HANFORD
