000
CXUS52 KRAH 011343
CLMFAY


CLIMATE REPORT
NATIONAL WEATHER SERVICE RALEIGH NC
935 AM EDT MON JUN 1 2015

...................................

...THE FAYETTEVILLE REGL AIRPORT NC CLIMATE SUMMARY FOR THE MONTH OF MAY 2015...

CLIMATE NORMAL PERIOD 1981 TO 2010
CLIMATE RECORD PERIOD 1910 TO 2015

WEATHER         OBSERVED          NORMAL  DEPART  LAST YEAR`S
                 VALUE   DATE(S)  VALUE   FROM    VALUE
                                          NORMAL
.............................................................
TEMPERATURE (F)
RECORD
 HIGH             102   05/29/1941
                        05/28/1941
                        05/23/1941
 LOW               32   05/29/1942
HIGHEST            93   05/12                         94
LOWEST             48   05/03                         47
AVG. MAXIMUM     83.8              82.4     1.4     85.2
AVG. MINIMUM     60.3              58.9     1.4     61.8
MEAN             72.1              70.6     1.5     73.5
DAYS MAX >= 90      3                                 11
DAYS MAX <= 32      0                                  0
DAYS MIN <= 32      0                                  0
DAYS MIN <= 0       0                                  0

PRECIPITATION (INCHES)
RECORD
 MAXIMUM         8.24   1946
TOTALS           2.26              3.24   -0.98     4.11
DAYS >= .01         9
DAYS >= .10         5
DAYS >= .50         2
DAYS >= 1.00        0
GREATEST
 24 HR. TOTAL    0.84   05/09 TO 05/10

DEGREE_DAYS
COOLING TOTAL     238               201      37      285
 SINCE 1/1        330               284      46      366
..............................................................

WIND (MPH)
AVERAGE WIND SPEED              7.2
HIGHEST WIND SPEED/DIRECTION    30/020    DATE  05/10
HIGHEST GUST SPEED/DIRECTION    40/020    DATE  05/10

SKY COVER
POSSIBLE SUNSHINE (PERCENT)   MM
AVERAGE SKY COVER           0.30
NUMBER OF DAYS FAIR           23
NUMBER OF DAYS PC              6
NUMBER OF DAYS CLOUDY          2

AVERAGE RH (PERCENT)     68

WEATHER CONDITIONS. NUMBER OF DAYS WITH
THUNDERSTORM              4     MIXED PRECIP               0
HEAVY RAIN                3     RAIN                       1
LIGHT RAIN                7     FREEZING RAIN              0
LT FREEZING RAIN          0     HAIL                       0
HEAVY SNOW                0     SNOW                       0
LIGHT SNOW                0     SLEET                      0
FOG                      11     FOG W/VIS <= 1/4 MILE      3
HAZE                      3

-  INDICATES NEGATIVE NUMBERS.
R  INDICATES RECORD WAS SET OR TIED.
MM INDICATES DATA IS MISSING.
T  INDICATES TRACE AMOUNT.

A RECORD HIGH MINIMUM TEMPERATURE OF 71 DEGREES WAS SET ON MAY 12 AT KFAY.
THIS BREAKS THE OLD RECORD OF 68 DEGREES SET IN 1943.

$$
