000
CXUS52 KRAH 012148
CLMFAY


CLIMATE REPORT... CORRECTION
NATIONAL WEATHER SERVICE RALEIGH NC
420 PM EST WED MAR 1 2017

...................................

...THE FAYETTEVILLE REGL AIRPORT NC CLIMATE SUMMARY FOR THE MONTH OF FEBRUARY 2017...

CLIMATE NORMAL PERIOD 1981 TO 2010
CLIMATE RECORD PERIOD 1910 TO 2017

WEATHER         OBSERVED          NORMAL  DEPART  LAST YEAR`S
                 VALUE   DATE(S)  VALUE   FROM    VALUE
                                          NORMAL
.............................................................
TEMPERATURE (F)
RECORD
 HIGH              85   02/25/1930
 LOW                5   02/06/1996
HIGHEST            83   02/25                         76
                        02/12
LOWEST             28   02/04                         19
AVG. MAXIMUM     69.4              59.1    10.3     56.0
AVG. MINIMUM     42.7              35.4     7.3     36.3
MEAN             56.1              47.3     8.8     46.1
DAYS MAX >= 90      0                                  0
DAYS MAX <= 32      0                                  1
DAYS MIN <= 32      3                                 12
DAYS MIN <= 0       0                                  0

PRECIPITATION (INCHES)
RECORD
 MAXIMUM         7.41   1939
TOTALS           0.99              2.76   -1.77     6.14
DAYS >= .01         4
DAYS >= .10         3
DAYS >= .50         1
DAYS >= 1.00        0
GREATEST
 24 HR. TOTAL    0.64   02/14 TO 02/15
                        02/15 TO 02/15
                        02/15 TO 02/16

DEGREE_DAYS
HEATING TOTAL     257               499    -242      541
 SINCE 7/1       1622              2225    -603     1813
..............................................................

WIND (MPH)
AVERAGE WIND SPEED              7.9
HIGHEST WIND SPEED/DIRECTION    32/350    DATE  02/15
HIGHEST GUST SPEED/DIRECTION    43/330    DATE  02/15

SKY COVER
POSSIBLE SUNSHINE (PERCENT)    0
AVERAGE SKY COVER           0.20
NUMBER OF DAYS FAIR           24
NUMBER OF DAYS PC              3
NUMBER OF DAYS CLOUDY          1

AVERAGE RH (PERCENT)     55

WEATHER CONDITIONS. NUMBER OF DAYS WITH
THUNDERSTORM              0     MIXED PRECIP               0
HEAVY RAIN                1     RAIN                       2
LIGHT RAIN                6     FREEZING RAIN              0
LT FREEZING RAIN          0     HAIL                       0
HEAVY SNOW                0     SNOW                       0
LIGHT SNOW                0     SLEET                      0
FOG                       8     FOG W/VIS <= 1/4 MILE      1
HAZE                      2

-  INDICATES NEGATIVE NUMBERS.
R  INDICATES RECORD WAS SET OR TIED.
MM INDICATES DATA IS MISSING.
T  INDICATES TRACE AMOUNT.

&&

THE FEBRUARY MEAN TEMPERATURE OF 56.1 DEGREES IS THE WARMEST ON RECORD,
WHICH DATES TO 1910. THE OLD RECORD WAS 55.4 FROM 1927.

A RECORD HIGH TEMPERATURE OF 77 DEGREES WAS SET ON THE 7TH. THE OLD RECORD
WAS 76 SET IN 1999.

A RECORD HIGH TEMPERATURE OF 83 DEGREES WAS SET ON THE 12TH. THE OLD RECORD
WAS 78 SET IN 1965.

A RECORD HIGH MINIMUM TEMPERATURE OF 58 DEGREES WAS SET ON THE 8TH. THE OLD
RECORD WAS 57 SET IN 1965.

A RECORD HIGH MINIMUM TEMPERATURE OF 63 DEGREES WAS SET ON THE 12TH. THE
OLD RECORD WAS 61 SET IN 1932.

$$
