000
CXUS53 KFGF 010931
CLMFGF

BISCLMFGF 000
TTAA00 KFGF 010852


CLIMATE REPORT
NATIONAL WEATHER SERVICE EASTERN NORTH DAKOTA/GRAND FORKS
337 AM CDT WED NOV 1 2017

...................................

...THE GRAND FORKS UNIV. (NWS) CLIMATE SUMMARY FOR THE MONTH OF OCTOBER 2017...

CLIMATE NORMAL PERIOD 1981 TO 2010
CLIMATE RECORD PERIOD 1893 TO 2017

WEATHER         OBSERVED          NORMAL  DEPART  LAST YEAR`S
                 VALUE   DATE(S)  VALUE   FROM    VALUE
                                          NORMAL
.............................................................
TEMPERATURE (F)
RECORD
 HIGH              95   10/03/1922
 LOW               -9   10/26/1919
HIGHEST            79   10/17        54      25
LOWEST             15   10/31        34     -19
AVG. MAXIMUM     57.5              54.1     3.4
AVG. MINIMUM     35.2              34.0     1.2
MEAN             46.4              44.1     2.3
DAYS MAX >= 90      0               0.0     0.0
DAYS MAX <= 32      0               0.9    -0.9
DAYS MIN <= 32     13              12.6     0.4
DAYS MIN <= 0       0               0.0     0.0

PRECIPITATION (INCHES)
RECORD
 MAXIMUM         5.83   1998
 MINIMUM         0.03   1992
TOTALS           0.35              1.92   -1.57
DAILY AVG.       0.01              0.06   -0.05
DAYS >= .01         6               8.0    -2.0
DAYS >= .10         1               3.9    -2.9
DAYS >= .50         0               1.1    -1.1
DAYS >= 1.00        0               0.5    -0.5
GREATEST
 24 HR. TOTAL    0.12   10/26 TO 10/26              0.83
 STORM TOTAL       MM                                 MM
 (MM/DD(HH))            MM

SNOWFALL (INCHES)
RECORDS
 TOTAL           10.9   2001
TOTALS            0.8               1.0    -0.2
 LIQUID EQUIV    0.08              0.10   -0.02
SINCE 7/1         0.8               1.0    -0.2
 LIQUID 7/1      0.08
DAYS >= TRACE       3               1.0     2.0
DAYS >= 1.0         0               0.4    -0.4
GREATEST
 SNOW DEPTH         0   MM

DEGREE_DAYS
HEATING TOTAL     569               650     -81
 SINCE 7/1        762               954    -192
COOLING TOTAL       0                 1      -1
 SINCE 1/1        440               463     -23
..............................................................

SKY COVER
POSSIBLE SUNSHINE (PERCENT)   MM
AVERAGE SKY COVER             MM
NUMBER OF DAYS FAIR            0
NUMBER OF DAYS PC              0
NUMBER OF DAYS CLOUDY          0


WEATHER CONDITIONS. NUMBER OF DAYS WITH
THUNDERSTORM              0     MIXED PRECIP               0
HEAVY RAIN                0     RAIN                       0
LIGHT RAIN                3     FREEZING RAIN              0
LT FREEZING RAIN          0     HAIL                       0
HEAVY SNOW                0     SNOW                       0
LIGHT SNOW                1     SLEET                      0
FOG                       0     FOG W/VIS <= 1/4 MILE      0
HAZE                      0

-  INDICATES NEGATIVE NUMBERS.
R  INDICATES RECORD WAS SET OR TIED.
MM INDICATES DATA IS MISSING.
T  INDICATES TRACE AMOUNT.

REMARKS...

THE MONTH OF SEPTEMBER AT THE GRAND FORKS NWS/UND SITE OVERALL WAS
SLIGHTLY ABOVE NORMAL WITH RESPECT TO TEMPERATURES. THE AVERAGE
TEMPERATURE FOR THE MONTH WAS 46.4 DEGREES WHICH IS 2.3 DEGREES
ABOVE NORMAL.

PRECIPITATION FOR OCTOBER WAS BELOW NORMAL WITH THE HIGHEST TOTAL
BEING 0.12 INCHES ON OCTOBER 26. THE LIQUID PRECIPITATION FOR THE
MONTH WAS 0.35 INCHES WHICH IS 1.57 INCHES BELOW NORMAL. TOTAL
SNOWFALL FOR OCTOBER AT GRAND FORKS NWS/UND WAS 0.8 INCHES WHICH
IS 0.2 INCHES BELOW THE NORMAL OF 1.0.

REMEMBER...THIS DATA IS PROVISIONAL AND SUBJECT TO CHANGE. THE FINAL
AND OFFICIAL RECORDS WILL BE AVAILABLE FROM THE NATIONAL CENTERS FOR
ENVIRONMENTAL INFORMATION (FORMERLY THE NATIONAL CLIMATE DATA
CENTER).

$$
