863
CXUS52 KILM 011929
CLMFLO


CLIMATE REPORT
NATIONAL WEATHER SERVICE WILMINGTON NC
327 PM EDT FRI JUL 1 2016

...................................

...THE FLORENCE SC CLIMATE SUMMARY FOR THE MONTH OF JUNE 2016...

CLIMATE NORMAL PERIOD 1981 TO 2010
CLIMATE RECORD PERIOD 1948 TO 2016

WEATHER         OBSERVED          NORMAL  DEPART  LAST YEAR`S
                 VALUE   DATE(S)  VALUE   FROM    VALUE  DATE(S)
                                          NORMAL
................................................................
TEMPERATURE (F)
RECORD
 HIGH             108   06/27/1954
 LOW               47   06/02/1966
HIGHEST            97   06/23                        101  06/26
                        06/16                             06/18
                        06/14                             06/17
LOWEST             63   06/19                         64  06/05
                        06/09
AVG. MAXIMUM     91.1              88.4     2.7     93.8
AVG. MINIMUM     70.9              68.0     2.9     71.7
MEAN             81.0              78.2     2.8     82.8
DAYS MAX >= 90     23              12.6    10.4       24
DAYS MAX <= 32      0               0.0     0.0        0
DAYS MIN <= 32      0               0.0     0.0        0
DAYS MIN <= 0       0               0.0     0.0        0

PRECIPITATION (INCHES)
RECORD
 MAXIMUM         9.29   1961
 MINIMUM         0.17   2008
TOTALS           3.94              4.62   -0.68     3.50
DAILY AVG.       0.13              0.15   -0.02     0.12
DAYS >= .01        10              10.0     0.0       12
DAYS >= .10         5               7.0    -2.0        9
DAYS >= .50         4               3.0     1.0        3
DAYS >= 1.00        2               1.2     0.8        0
GREATEST
 24 HR. TOTAL    1.24   06/24 TO 06/25

SNOWFALL (INCHES)
RECORDS
 TOTAL             MM   MM
TOTALS             MM               0.0
SINCE 7/1          MM               1.5

DEGREE_DAYS
HEATING TOTAL       0                 1      -1        0
COOLING TOTAL     487               397      90      541
..................................................

WIND (MPH)
AVERAGE WIND SPEED              6.8
RESULTANT WIND SPEED/DIRECTION   1/212
HIGHEST WIND SPEED/DIRECTION    25/010    DATE  06/14
HIGHEST GUST SPEED/DIRECTION    32/250    DATE  06/15

SKY COVER
POSSIBLE SUNSHINE (PERCENT)   MM
AVERAGE SKY COVER           0.20
NUMBER OF DAYS FAIR           24
NUMBER OF DAYS PC              6
NUMBER OF DAYS CLOUDY          0

AVERAGE RH (PERCENT)     67

WEATHER CONDITIONS. NUMBER OF DAYS WITH
THUNDERSTORM              6     MIXED PRECIP              MM
HEAVY RAIN                4     RAIN                       3
LIGHT RAIN               12     FREEZING RAIN              0
LT FREEZING RAIN          0     HAIL                      MM
HEAVY SNOW                0     SNOW                       0
LIGHT SNOW                0     SLEET                     MM
FOG                      10     FOG W/VIS <= 1/4 MILE      1
HAZE                      1

-  INDICATES NEGATIVE NUMBERS.
R  INDICATES RECORD WAS SET OR TIED.
MM INDICATES DATA IS MISSING.
T  INDICATES TRACE AMOUNT.

$$
