000
CXUS52 KILM 051528
CLMFLO


CLIMATE REPORT
NATIONAL WEATHER SERVICE WILMINGTON NC
1127 AM EDT FRI SEP 5 2014

...................................

...THE FLORENCE SC CLIMATE SUMMARY FOR THE MONTH OF AUGUST 2014...

CLIMATE NORMAL PERIOD 1981 TO 2010
CLIMATE RECORD PERIOD 1948 TO 2014

WEATHER         OBSERVED          NORMAL  DEPART  LAST YEAR`S
                 VALUE   DATE(S)  VALUE   FROM    VALUE  DATE(S)
                                          NORMAL
................................................................
TEMPERATURE (F)
RECORD
 HIGH             106   08/10/2007
                        08/09/2007
                        08/08/2007
 LOW               54   08/17/1979
HIGHEST            98   08/22                         96  08/12
                                                          08/11
LOWEST             61   08/28                         61  08/27
                                                          08/26
AVG. MAXIMUM     89.6              89.4     0.2     87.5
AVG. MINIMUM     69.8              70.5    -0.7     70.6
MEAN             79.7              79.9    -0.2     79.0
DAYS MAX >= 90     17              14.2     2.8       14
DAYS MAX <= 32      0               0.0     0.0        0
DAYS MIN <= 32      0               0.0     0.0        0
DAYS MIN <= 0       0               0.0     0.0        0

PRECIPITATION (INCHES)
RECORD
 MAXIMUM        14.36   1992
 MINIMUM         1.25   1954
TOTALS           3.89              5.24   -1.35     4.44
DAILY AVG.       0.13              0.17   -0.04     0.14
DAYS >= .01         8              10.7    -2.7       12
DAYS >= .10         5               7.1    -2.1        6
DAYS >= .50         2               3.4    -1.4        3
DAYS >= 1.00        1               1.9    -0.9        1
GREATEST
 24 HR. TOTAL    2.71   08/09 TO 08/10

SNOWFALL (INCHES)
RECORDS
 TOTAL             MM   MM
TOTALS             MM               0.0
SINCE 7/1          MM               0.0

DEGREE_DAYS
HEATING TOTAL       0                 0       0        0
COOLING TOTAL     464               464       0      442
..........................................................

WIND (MPH)
AVERAGE WIND SPEED              5.5
RESULTANT WIND SPEED/DIRECTION   2/044
HIGHEST WIND SPEED/DIRECTION    24/060    DATE  08/23
HIGHEST GUST SPEED/DIRECTION    30/070    DATE  08/23

SKY COVER
POSSIBLE SUNSHINE (PERCENT)   MM
AVERAGE SKY COVER           0.30
NUMBER OF DAYS FAIR           18
NUMBER OF DAYS PC              7
NUMBER OF DAYS CLOUDY          6

AVERAGE RH (PERCENT)     71

WEATHER CONDITIONS. NUMBER OF DAYS WITH
THUNDERSTORM              3     MIXED PRECIP               0
HEAVY RAIN                4     RAIN                       5
LIGHT RAIN               11     FREEZING RAIN              0
LT FREEZING RAIN          0     HAIL                       0
HEAVY SNOW                0     SNOW                       0
LIGHT SNOW                0     SLEET                      0
FOG                      22     FOG W/VIS <= 1/4 MILE      6
HAZE                      8

-  INDICATES NEGATIVE NUMBERS.
R  INDICATES RECORD WAS SET OR TIED.
MM INDICATES DATA IS MISSING.
T  INDICATES TRACE AMOUNT.

$$
