000
CXUS52 KTBW 011241
CLMFMY


CLIMATE REPORT
NATIONAL WEATHER SERVICE TAMPA BAY FL
840 AM EDT TUE SEP 1 2015

...................................

...THE FORT MYERS CLIMATE SUMMARY FOR THE MONTH OF AUGUST 2015...

CLIMATE NORMAL PERIOD 1981 TO 2010
CLIMATE RECORD PERIOD 1902 TO 2015

WEATHER         OBSERVED          NORMAL  DEPART  LAST YEAR`S
                 VALUE   DATE(S)  VALUE   FROM    VALUE  DATE(S)
                                          NORMAL
................................................................
TEMPERATURE (F)
ALL-TIME AUGUST RECORD
 HIGH             100   08/04/1942
 LOW               65   08/24/1957
                        08/24/1925

AUGUST 2015
HIGHEST            96   08/24        MM      MM       97  08/24
                                                          08/21
                                                          08/20
LOWEST             72   08/26        MM      MM       71  08/27
                        08/03
AVG. MAXIMUM     91.4              91.8    -0.4     93.2
AVG. MINIMUM     75.1              74.9     0.2     75.7
MEAN             83.2              83.4    -0.2     84.4
DAYS MAX >= 90     25              24.4     0.6       29
DAYS MAX <= 32      0               0.0     0.0        0
DAYS MIN <= 32      0               0.0     0.0        0
DAYS MIN <= 0       0               0.0     0.0        0

PRECIPITATION (INCHES)
ALL-TIME AUGUST RECORD
 MAXIMUM        17.64   1932
 MINIMUM         3.12   1919

AUGUST 2015
TOTALS          10.81             10.14    0.67     6.78
DAILY AVG.       0.35              0.33    0.02     0.22
DAYS >= .01        20              17.9     2.1       17
DAYS >= .10        14              13.4     0.6       11
DAYS >= .50         8               7.0     1.0        7
DAYS >= 1.00        4               3.7     0.3        1
GREATEST
 24 HR. TOTAL    3.10   08/17 TO 08/17

DEGREE_DAYS
HEATING TOTAL       0                 0       0        0
 SINCE 7/1          0                 0       0        0
COOLING TOTAL     574               569       5      610
 SINCE 1/1       3017              2724     293     2911
.................................................................

WIND (MPH)
AVERAGE WIND SPEED              5.5
HIGHEST WIND SPEED/DIRECTION    35/100    DATE  08/17
HIGHEST GUST SPEED/DIRECTION    50/110    DATE  08/17

SKY COVER (DOES NOT INCLUDE ANY CLOUDS ABOVE 12000 FEET)
POSSIBLE SUNSHINE (PERCENT)   MM
AVERAGE SKY COVER           0.20
NUMBER OF DAYS FAIR           29
NUMBER OF DAYS PC              2
NUMBER OF DAYS CLOUDY          0

AVERAGE RH (PERCENT)     76

WEATHER CONDITIONS. NUMBER OF DAYS WITH
THUNDERSTORM             25     MIXED PRECIP               0
HEAVY RAIN               12     RAIN                      14
LIGHT RAIN               23     FREEZING RAIN              0
LT FREEZING RAIN          0     HAIL                       0
HEAVY SNOW                0     SNOW                       0
LIGHT SNOW                0     SLEET                      0
FOG                      18     FOG W/VIS <= 1/4 MILE      0
HAZE                      6

-  INDICATES NEGATIVE NUMBERS.
R  INDICATES RECORD WAS SET OR TIED.
MM INDICATES DATA IS MISSING.
T  INDICATES TRACE AMOUNT.

$$
