375
CXUS52 KTBW 011346
CLMFMY


CLIMATE REPORT
NATIONAL WEATHER SERVICE TAMPA BAY FL
945 AM EDT MON AUG 1 2016

...................................

...THE FORT MYERS CLIMATE SUMMARY FOR THE MONTH OF JULY 2016...

  ...TIED FOR 5TH WARMEST JULY SINCE RECORDS BEGAN IN 1902...

CLIMATE NORMAL PERIOD 1981 TO 2010
CLIMATE RECORD PERIOD 1902 TO 2016

WEATHER         OBSERVED          NORMAL  DEPART  LAST YEAR`S
                 VALUE   DATE(S)  VALUE   FROM    VALUE  DATE(S)
                                          NORMAL
................................................................
TEMPERATURE (F)
ALL-TIME JULY RECORD
 HIGH             101   07/20/1942
                        07/07/1942
 LOW               66   07/25/1950
                        07/30/1928

JULY 2016
HIGHEST            96   07/11        MM      MM       96  07/01
                        07/06
LOWEST             72   07/31        MM      MM       72  07/15
                        07/24                             07/06
                                                          07/05
AVG. MAXIMUM     93.4              91.9     1.5     90.7
AVG. MINIMUM     75.5              74.5     1.0     74.5
MEAN             84.5              83.2     1.3     82.6
DAYS MAX >= 90     31              24.7     6.3       23
DAYS MAX <= 32      0               0.0     0.0        0
DAYS MIN <= 32      0               0.0     0.0        0
DAYS MIN <= 0       0               0.0     0.0        0

PRECIPITATION (INCHES)
ALL-TIME JULY RECORD
 MAXIMUM        15.28   1941
 MINIMUM         2.28   1964

JULY 2016
TOTALS           9.00              9.04   -0.04    13.07
DAILY AVG.       0.29              0.29    0.00     0.42
DAYS >= .01        24              17.6     6.4       20
DAYS >= .10        17              12.7     4.3       14
DAYS >= .50         8               6.2     1.8       11
DAYS >= 1.00        2               2.9    -0.9        6
GREATEST
 24 HR. TOTAL    2.19   07/23 TO 07/24

DEGREE_DAYS
HEATING TOTAL       0                 0       0        0
 SINCE 7/1          0                 0       0        0
COOLING TOTAL     610               564      46      551
 SINCE 1/1       2252              2155      97     2443
.................................................................

WIND (MPH)
AVERAGE WIND SPEED              5.2
HIGHEST WIND SPEED/DIRECTION    29/100    DATE  07/31
HIGHEST GUST SPEED/DIRECTION    38/090    DATE  07/31

SKY COVER (DOES NOT INCLUDE ANY CLOUDS ABOVE 12000 FEET)
POSSIBLE SUNSHINE (PERCENT)   MM
AVERAGE SKY COVER           0.20
NUMBER OF DAYS FAIR           31
NUMBER OF DAYS PC              0
NUMBER OF DAYS CLOUDY          0

AVERAGE RH (PERCENT)     75

WEATHER CONDITIONS. NUMBER OF DAYS WITH
THUNDERSTORM             29     MIXED PRECIP               0
HEAVY RAIN               15     RAIN                      19
LIGHT RAIN               26     FREEZING RAIN              0
LT FREEZING RAIN          0     HAIL                       0
HEAVY SNOW                0     SNOW                       0
LIGHT SNOW                0     SLEET                      0
FOG                      17     FOG W/VIS <= 1/4 MILE      0
HAZE                      7
.................................................................

REMARKS
THE JULY 2016 MONTHLY AVERAGE TEMPERATURE OF 84.5 DEGREES TIES
WITH 1992 AND 1942 AS THE 5TH WARMEST JULY SINCE RECORDS BEGAN
IN 1902. THE WARMEST JULY HAD AN AVERAGE TEMPERATURE OF 85.7
DEGREES WHICH OCCURRED IN 1981 AND 1979.

THE JULY 2016 MONTHLY RAINFALL TOTAL OF 9.00 INCHES RANKS AS THE
55TH WETTEST/61ST DRIEST JULY SINCE RECORDS BEGAN IN 1902.

-  INDICATES NEGATIVE NUMBERS.
R  INDICATES RECORD WAS SET OR TIED.
MM INDICATES DATA IS MISSING.
T  INDICATES TRACE AMOUNT.

$$
