000
CXUS54 KTSA 011116
CLMFSM

CLIMATE REPORT
NATIONAL WEATHER SERVICE TULSA OK
615 AM CDT TUE JUL 1 2014

...................................

...THE FORT SMITH ARKANSAS CLIMATE SUMMARY FOR THE MONTH OF JUNE 2014...

CLIMATE NORMAL PERIOD 1981 TO 2010
CLIMATE RECORD PERIOD 1882 TO 2014

WEATHER         OBSERVED          NORMAL  DEPART  LAST YEAR`S
                 VALUE   DATE(S)  VALUE   FROM    VALUE  DATE(S)
                                          NORMAL
................................................................
TEMPERATURE (F)
RECORD
 HIGH             106   MM
 LOW               56   06/05/2009
HIGHEST            95   06/30       106     -11      101
LOWEST             61   06/11        47      14       57
AVG. MAXIMUM     88.2              88.1     0.1     89.9
AVG. MINIMUM     70.4              67.5     2.9     69.8
MEAN             79.3              77.8     1.5     79.9
DAYS MAX >= 90     13
DAYS MAX <= 32      0
DAYS MIN <= 32      0
DAYS MIN <= 0       0

PRECIPITATION (INCHES)
RECORD
 MAXIMUM        15.02   1945
 MINIMUM         0.38   1914
TOTALS           4.45              4.28    0.17     6.10
DAILY AVG.       0.15              0.14    0.01     0.20
DAYS >= .01        12               9.3     2.7        4
DAYS >= .10         8               6.2     1.8        4
DAYS >= .50         3               3.1    -0.1        3
DAYS >= 1.00        1               1.3    -0.3        2
GREATEST
 24 HR. TOTAL    1.59   06/08 TO 06/09

DEGREE_DAYS
COOLING TOTAL     438               385      53      453
 SINCE 1/1        716               629      87      727
.................................................................

WIND (MPH)
AVERAGE WIND SPEED              6.5
HIGHEST WIND SPEED/DIRECTION    44/230    DATE  06/06
HIGHEST GUST SPEED/DIRECTION    53/230    DATE  06/06

SKY COVER
POSSIBLE SUNSHINE (PERCENT)   MM
AVERAGE SKY COVER           0.30
NUMBER OF DAYS FAIR           18
NUMBER OF DAYS PC              9
NUMBER OF DAYS CLOUDY          3

AVERAGE RH (PERCENT)     72

WEATHER CONDITIONS. NUMBER OF DAYS WITH
THUNDERSTORM              0     MIXED PRECIP               0
HEAVY RAIN                5     RAIN                       6
LIGHT RAIN               12     FREEZING RAIN              0
LT FREEZING RAIN          0     HAIL                       0
HEAVY SNOW                0     SNOW                       0
LIGHT SNOW                0     SLEET                      0
FOG                      11     FOG W/VIS <= 1/4 MILE      0
HAZE                      3

-  INDICATES NEGATIVE NUMBERS.
R  INDICATES RECORD WAS SET OR TIED.
MM INDICATES DATA IS MISSING.
T  INDICATES TRACE AMOUNT.

&&
-------------------------------------------------------------------
 YEARLY PRECIPITATION (INCHES):
 TOTAL.....................19.19
 DEPARTURE FROM NORMAL.....-4.28
$$
