000
CXUS53 KIWX 011057
CLMFWA

INDCLMFWA 000
TTAA00 KIWX 011030


CLIMATE REPORT
NATIONAL WEATHER SERVICE NORTHERN INDIANA
629 AM EDT WED JUL 1 2015

...................................

...THE FORT WAYNE CLIMATE SUMMARY FOR THE MONTH OF JUNE 2015...

CLIMATE NORMAL PERIOD 1981 TO 2010
CLIMATE RECORD PERIOD 1897 TO 2015

WEATHER         OBSERVED          NORMAL  DEPART  LAST YEAR`S
                 VALUE   DATE(S)  VALUE   FROM    VALUE  DATE(S)
                                          NORMAL
................................................................
TEMPERATURE (F)
RECORD
 HIGH             106   06/28/2012
                        06/25/1988
 LOW               36   06/02/1910
HIGHEST            89   06/11        MM      MM       93  06/17
                        06/10
LOWEST             44   06/02        MM      MM       45  06/14
AVG. MAXIMUM     78.5              80.9    -2.4     82.1
AVG. MINIMUM     60.8              59.3     1.5     61.8
MEAN             69.7              70.1    -0.4
DAYS MAX >= 90      0               3.2    -3.2        2
DAYS MAX <= 32      0               0.0     0.0        0
DAYS MIN <= 32      0               0.0     0.0        0
DAYS MIN <= 0       0               0.0     0.0        0

PRECIPITATION (INCHES)
RECORD
 MAXIMUM         8.29   1958
 MINIMUM         0.50   1933
TOTALS          11.98R             4.16    7.82     5.81
DAILY AVG.       0.40              0.14    0.26     0.19
DAYS >= .01        18              10.9     7.1       12
DAYS >= .10        13               7.3     5.7       10
DAYS >= .50         7               2.9     4.1        4
DAYS >= 1.00        4               1.0     3.0        2
GREATEST
 24 HR. TOTAL    2.89   06/15 TO 06/16

SNOWFALL (INCHES)
RECORDS
 TOTAL            0.0   MM
TOTALS            0.0               0.0     0.0      0.0
SINCE 7/1        45.1              33.5    11.6     74.7
SNOWDEPTH AVG.      0                MM      MM        0
DAYS >= 1.0         0               0.0     0.0        0
GREATEST
 SNOW DEPTH         0   MM                             0
 24 HR TOTAL      0.0   06/30 TO 06/30

DEGREE_DAYS
HEATING TOTAL      28                29      -1       14
 SINCE 7/1       6679              6101     578     6965
COOLING TOTAL     176               182      -6      230
 SINCE 1/1        272               239      33      311
.................................................................

WIND (MPH)
AVERAGE WIND SPEED              9.2
HIGHEST WIND SPEED/DIRECTION    53/040    DATE  06/27
HIGHEST GUST SPEED/DIRECTION    65/040    DATE  06/27

SKY COVER
POSSIBLE SUNSHINE (PERCENT)   MM
AVERAGE SKY COVER           0.70
NUMBER OF DAYS FAIR            1
NUMBER OF DAYS PC             12
NUMBER OF DAYS CLOUDY         17

AVERAGE RH (PERCENT)     77

WEATHER CONDITIONS. NUMBER OF DAYS WITH
THUNDERSTORM              0     MIXED PRECIP               0
HEAVY RAIN                9     RAIN                      13
LIGHT RAIN               18     FREEZING RAIN              0
LT FREEZING RAIN          0     HAIL                       0
HEAVY SNOW                0     SNOW                       0
LIGHT SNOW                0     SLEET                      0
FOG                      22     FOG W/VIS <= 1/4 MILE      1
HAZE                      9

-  INDICATES NEGATIVE NUMBERS.
R  INDICATES RECORD WAS SET OR TIED.
MM INDICATES DATA IS MISSING.
T  INDICATES TRACE AMOUNT.

&&

...ALL-TIME RECORD RAINFALL IN THE FORT WAYNE AREA...

JUNE 2015 WAS NOT ONLY THE WETTEST JUNE ON RECORD SINCE 1912 BUT IT
WAS ALSO THE WETTEST MONTH EVER. NEARLY A FOOT OF RAIN WAS MEASURED
AT THE FORT WAYNE INTERNATIONAL AIRPORT...SHATTERING THE PREVIOUS
RECORD FOR JUNE BY OVER 3 INCHES AND BREAKING THE ALL TIME WETTEST
MONTHLY RECORD BY NEARLY AN INCH. THIS RAINFALL LED TO SEVERAL
ROUNDS OF MODERATE TO MAJOR AND SIGNIFICANT FLOODING ON AREA
RIVERS...LAKES AND RESERVOIRS...ESPECIALLY SOUTH AND SOUTHWEST OF
FORT WAYNE WHERE THE SALMONIE AND ROUSH RESERVOIRS REACHED CAPACITY.
FLOODING OF URBAN AND RURAL ROADS WAS WIDESPREAD AFTER EVENTS ON THE
15TH AND 16TH AND AGAIN ON THE 26TH AND 27TH. TO MAKE MATTERS
WORSE...SEVERE WEATHER HIT THE FORT WAYNE AREA ON THE 27TH WITH 60
TO 70 MPH WINDS CAUSING DAMAGE AND BRINGING DOWN HUNDREDS OF TREES
ACROSS ALLEN COUNTY. A WIND GUST OF 66 MPH WAS MEASURED AT THE
AIRPORT.

THE AVERAGE MONTHLY TEMPERATURE OF 69.7 DEGREES WAS JUST 0.4 DEGREES
BELOW NORMAL. THIS RANKED AS THE 56TH WARMEST JUNE ON RECORD. THE
HIGHEST TEMPERATURE WAS 89 ON THE 10TH AND 11TH AND THE COOLEST
TEMPERATURE WAS 44 ON THE SECOND.

HEAVY RAINFALL WAS THE STORY FOR JUNE AT FORT WAYNE AS 11.98 INCHES
OF PRECIPITATION WAS MEASURED. THIS WAS 7.82 INCHES ABOVE NORMAL.
THIS RANKED AS THE WETTEST JUNE ON RECORD SINCE 1912...BREAKING THE
OLD RECORD OF 8.55 INCHES SET IN 2000. THE 11.98 INCHES WAS ALSO THE
GREATEST PRECIPITATION TOTAL EVER FOR ANY MONTH AT FORT
WAYNE...BREAKING THE OLD RECORD OF 11.00 INCHES SET IN JULY 1986.
THERE WERE 18 DAYS WITH MEASURABLE PRECIPITATION...7 OF THESE DAYS
HAD A HALF INCH OR MORE...4 DAYS HAD AT LEAST ONE INCH OF
RAINFALL...AND THREE DAYS...THE 13TH...15TH AND 27TH...HAD OVER 2
INCHES OF RAIN.

$$

LASHLEY/MCD
