000
CXUS53 KDDC 032022
CLMGCK


CLIMATE REPORT
NATIONAL WEATHER SERVICE DODGE CITY KS
317 PM CDT MON JUL 3 2017

...................................

...THE GARDEN CITY REGIONAL ARPT KS CLIMATE SUMMARY FOR THE MONTH OF JUNE 2017...

CLIMATE NORMAL PERIOD 1981 TO 2010
CLIMATE RECORD PERIOD 1948 TO 2017

WEATHER         OBSERVED          NORMAL  DEPART  LAST YEAR`S
                 VALUE   DATE(S)  VALUE   FROM    VALUE  DATE(S)
                                          NORMAL
................................................................
TEMPERATURE (F)
RECORD
 HIGH             110   06/08/1985
                        06/24/1953
 LOW               40   06/08/2007
                        06/06/1998
                        06/02/1969
HIGHEST           104   06/17        MM      MM       97  06/22
                        06/11                             06/21
LOWEST             53   06/14        MM      MM       47  06/05
AVG. MAXIMUM     90.8              86.0     4.8     90.3
AVG. MINIMUM     61.1              59.7     1.4     62.1
MEAN             75.9              72.8     3.1     76.2
DAYS MAX >= 90     17              10.8     6.2       17
DAYS MAX <= 32      0               0.0     0.0        0
DAYS MIN <= 32      0               0.0     0.0        0
DAYS MIN <= 0       0               0.0     0.0        0

PRECIPITATION (INCHES)
RECORD
 MAXIMUM        10.88   2014
 MINIMUM            T   1952
TOTALS           0.65              3.48   -2.83     5.08
DAYS >= .01         9               9.5    -0.5       10
DAYS >= .10         1               6.2    -5.2        9
DAYS >= .50         0               2.3    -2.3        4
DAYS >= 1.00        0               1.1    -1.1        1
GREATEST
 24 HR. TOTAL    0.27   06/03 TO 06/03           06/13 TO 06/13

DEGREE_DAYS
HEATING TOTAL       0                16     -16        2
 SINCE 7/1       4431              5207    -776     4433
COOLING TOTAL     335               252      83      346
 SINCE 1/1        425               341      84      405
....................................................

WIND (MPH)
AVERAGE WIND SPEED              12.2
HIGHEST WIND SPEED/DIRECTION    49/310    DATE  06/21
HIGHEST GUST SPEED/DIRECTION    68/320    DATE  06/21


WEATHER CONDITIONS. NUMBER OF DAYS WITH
THUNDERSTORM             11     MIXED PRECIP               0
HEAVY RAIN                1     RAIN                       4
LIGHT RAIN                8     FREEZING RAIN              0
LT FREEZING RAIN          0     HAIL                       0
HEAVY SNOW                0     SNOW                       0
LIGHT SNOW                0     SLEET                      0
FOG                       8     FOG W/VIS <= 1/4 MILE      1
HAZE                      0

-  INDICATES NEGATIVE NUMBERS.
R  INDICATES RECORD WAS SET OR TIED.
MM INDICATES DATA IS MISSING.
T  INDICATES TRACE AMOUNT.

$$
