000
CXUS51 KPHI 022034
CLMGED


CLIMATE REPORT
NATIONAL WEATHER SERVICE MOUNT HOLLY NJ
434 PM EDT FRI JUN 2 2017

...................................

...THE GEORGETOWN DE CLIMATE SUMMARY FOR THE MONTH OF MAY 2017...

CLIMATE NORMAL PERIOD 1981 TO 2010
CLIMATE RECORD PERIOD 1948 TO 2017

WEATHER         OBSERVED          NORMAL  DEPART  LAST YEAR`S
                 VALUE   DATE(S)  VALUE   FROM    VALUE
                                          NORMAL
.............................................................
TEMPERATURE (F)
RECORD
 HIGH              96   05/31/1991
                        05/19/1962
 LOW               28   05/11/1966
HIGHEST            94                MM      MM       90
LOWEST             43                MM      MM       37
AVG. MAXIMUM     72.9              73.5    -0.6     70.6
AVG. MINIMUM     54.5              52.7     1.8     53.0
MEAN             63.7              63.1     0.6     61.8
DAYS MAX >= 90      3               0.6     2.4        1
DAYS MAX <= 32      0               0.0     0.0        0
DAYS MIN <= 32      0               0.0     0.0        0
DAYS MIN <= 0       0               0.0     0.0        0

PRECIPITATION (INCHES)
RECORD
 MAXIMUM           MM   MM
 MINIMUM           MM   MM
TOTALS           5.09              3.55    1.54     6.40
DAILY AVG.       0.16              0.11    0.05     0.21
DAYS >= .01        14              11.7     2.3       16
DAYS >= .10        11               6.7     4.3       12
DAYS >= .50         4               2.2     1.8        5
DAYS >= 1.00        1               0.7     0.3        1
GREATEST
 24 HR. TOTAL    1.35   05/05 TO 05/05              1.43

DEGREE_DAYS
HEATING TOTAL     112               133     -21      159
 SINCE 7/1       3578              4393    -815     3659
COOLING TOTAL      78                74       4       69
 SINCE 1/1        146                94      52       90
..............................................................

WIND (MPH)
AVERAGE WIND SPEED              8.1
HIGHEST WIND SPEED/DIRECTION    30/220    DATE  05/02
HIGHEST GUST SPEED/DIRECTION    42/230    DATE  05/01

SKY COVER
POSSIBLE SUNSHINE (PERCENT)   MM
AVERAGE SKY COVER           0.50
NUMBER OF DAYS FAIR           13
NUMBER OF DAYS PC              8
NUMBER OF DAYS CLOUDY         10

AVERAGE RH (PERCENT)     69

WEATHER CONDITIONS. NUMBER OF DAYS WITH
THUNDERSTORM              0     MIXED PRECIP               0
HEAVY RAIN                5     RAIN                       9
LIGHT RAIN               19     FREEZING RAIN              0
LT FREEZING RAIN          0     HEAVY SNOW                 0
SNOW                      0     LIGHT SNOW                 0
SLEET                     0     FOG                       15
FOG W/VIS <= 1/4 MILE     2     HAZE                       3

-  INDICATES NEGATIVE NUMBERS.
R  INDICATES RECORD WAS SET OR TIED.
MM INDICATES DATA IS MISSING.
T  INDICATES TRACE AMOUNT.

$$
