000
CXUS51 KPHI 011109
CLMGED


CLIMATE REPORT
NATIONAL WEATHER SERVICE MOUNT HOLLY NJ
709 AM EDT MON JUN 1 2015

...................................

...THE GEORGETOWN CLIMATE SUMMARY FOR THE MONTH OF MAY 2015...

CLIMATE NORMAL PERIOD 1981 TO 2010
CLIMATE RECORD PERIOD 1948 TO 2015

WEATHER         OBSERVED          NORMAL  DEPART  LAST YEAR`S
                 VALUE   DATE(S)  VALUE   FROM    VALUE  DATE(S)
                                          NORMAL
................................................................
TEMPERATURE (F)
RECORD
 HIGH              96   05/31/1991
                        05/19/1962
 LOW               28   05/11/1966
HIGHEST            89                MM      MM       90
LOWEST             42                MM      MM       45
AVG. MAXIMUM     79.2              73.5     5.7     75.8
AVG. MINIMUM     57.2              52.7     4.5     55.1
MEAN             68.2              63.1     5.1     65.5
DAYS MAX >= 90      0               0.6    -0.6        1
DAYS MAX <= 32      0               0.0     0.0        0
DAYS MIN <= 32      0               0.0     0.0        0
DAYS MIN <= 0       0               0.0     0.0        0

PRECIPITATION (INCHES)
RECORD
 MAXIMUM           MM   MM
 MINIMUM           MM   MM
TOTALS           1.19              3.55   -2.36     3.14
DAILY AVG.       0.04              0.11   -0.07     0.10
DAYS >= .01         6              11.7    -5.7       10
DAYS >= .10         3               6.7    -3.7        5
DAYS >= .50         1               2.2    -1.2        2
DAYS >= 1.00        0               0.7    -0.7        1
GREATEST
 24 HR. TOTAL    0.64   05/21 TO 05/21              1.26
                        05/20 TO 05/21
                        05/21 TO 05/21

SNOWFALL (INCHES)
RECORDS
 TOTAL             MM   5
 24 HR TOTAL       MM
TOTALS             MM                MM      MM       MM
SINCE 7/1          MM                MM      MM       MM
SNOWDEPTH AVG.     MM                MM      MM       MM
DAYS >= 1.0         0                MM      MM        0
GREATEST
 SNOW DEPTH        MM                                 MM  MM
 24 HR TOTAL       MM                                 MM

DEGREE_DAYS
HEATING TOTAL      63               133     -70       67
 SINCE 7/1       4616              4393     223     4500
COOLING TOTAL     170                74      96       89
 SINCE 1/1        175                94      81      101
.................................................................

WIND (MPH)
AVERAGE WIND SPEED              8.8
HIGHEST WIND SPEED/DIRECTION    28/150    DATE  05/11
HIGHEST GUST SPEED/DIRECTION    34/150    DATE  05/11

SKY COVER
POSSIBLE SUNSHINE (PERCENT)   MM
AVERAGE SKY COVER           0.30
NUMBER OF DAYS FAIR           22
NUMBER OF DAYS PC              8
NUMBER OF DAYS CLOUDY          1

AVERAGE RH (PERCENT)     68

WEATHER CONDITIONS. NUMBER OF DAYS WITH
THUNDERSTORM              0     MIXED PRECIP               0
HEAVY RAIN                2     RAIN                       4
LIGHT RAIN                6     FREEZING RAIN              0
LT FREEZING RAIN          0     HEAVY SNOW                 0
SNOW                      0     LIGHT SNOW                 0
SLEET                     0     FOG                       14
FOG W/VIS <= 1/4 MILE     4     HAZE                       4

-  INDICATES NEGATIVE NUMBERS.
R  INDICATES RECORD WAS SET OR TIED.
MM INDICATES DATA IS MISSING.
T  INDICATES TRACE AMOUNT.

$$
