000
CXUS55 KMSO 011335
CLMGPI


CLIMATE REPORT
NATIONAL WEATHER SERVICE MISSOULA, MT
735 AM MDT SAT OCT 1 2016

...................................

...THE KALISPELL MT CLIMATE SUMMARY FOR THE MONTH OF SEPTEMBER 2016...

CLIMATE NORMAL PERIOD 1981 TO 2010
CLIMATE RECORD PERIOD 1894 TO 2016

WEATHER         OBSERVED          NORMAL  DEPART  LAST YEAR`S
                 VALUE   DATE(S)  VALUE   FROM    VALUE
                                          NORMAL
.............................................................
TEMPERATURE (F)
RECORD
 HIGH              99   09/01/1967
 LOW                7   09/24/1926
HIGHEST            83   09/27        MM      MM       84
LOWEST             26   09/14        MM      MM       24
                        09/13
AVG. MAXIMUM     68.7              69.9    -1.2     70.2
AVG. MINIMUM     38.1              38.4    -0.3     37.2
MEAN             53.4              54.2    -0.8
DAYS MAX >= 90      0               0.5    -0.5        0
DAYS MAX <= 32      0               0.0     0.0        0
DAYS MIN <= 32      6               4.7     1.3        8
DAYS MIN <= 0       0               0.0     0.0        0

PRECIPITATION (INCHES)
RECORD
 MAXIMUM         3.97   1985
 MINIMUM         0.01   1990
TOTALS           0.87              1.38   -0.51
DAILY AVG.       0.03              0.05   -0.02     0.03
DAYS >= .01        13               8.2     4.8        6
DAYS >= .10         4               4.2    -0.2        3
DAYS >= .50         0               0.6    -0.6        0
DAYS >= 1.00        0               0.1    -0.1        0
GREATEST
 24 HR. TOTAL    0.19   09/01 TO 09/02              0.37
                        09/02 TO 09/02
                        09/02 TO 09/03

SNOWFALL (INCHES)
TOTALS            0.0                 T     0.0      0.0
SINCE 7/1         0.0                 T     0.0      0.0
DAYS >= TRACE       0               0.0     0.0        0
DAYS >= 1.0         0               0.0     0.0        0
GREATEST
 SNOW DEPTH         0   MM
 24 HR TOTAL      0.0   09/30 TO 09/30               0.0

DEGREE_DAYS
HEATING TOTAL     341               330      11
 SINCE 7/1        488               500     -12
COOLING TOTAL       1                 4      -3
 SINCE 1/1        157               147      10
..............................................................

WIND (MPH)
AVERAGE WIND SPEED              6.3
HIGHEST WIND SPEED/DIRECTION    30/030    DATE  09/11
HIGHEST GUST SPEED/DIRECTION    45/020    DATE  09/11

SKY COVER
POSSIBLE SUNSHINE (PERCENT)   MM
AVERAGE SKY COVER           0.40
NUMBER OF DAYS FAIR           13
NUMBER OF DAYS PC             13
NUMBER OF DAYS CLOUDY          4

AVERAGE RH (PERCENT)     66

WEATHER CONDITIONS. NUMBER OF DAYS WITH
THUNDERSTORM              0     MIXED PRECIP               0
HEAVY RAIN                0     RAIN                       3
LIGHT RAIN               16     FREEZING RAIN              0
LT FREEZING RAIN          0     HAIL                       0
HEAVY SNOW                0     SNOW                       0
LIGHT SNOW                0     SLEET                      0
FOG                       3     FOG W/VIS <= 1/4 MILE      2
HAZE                      0

-  INDICATES NEGATIVE NUMBERS.
R  INDICATES RECORD WAS SET OR TIED.
MM INDICATES DATA IS MISSING.
T  INDICATES TRACE AMOUNT.

$$
