000
CXUS53 KGRB 010857
CLMGRB

CLIMATE REPORT
NATIONAL WEATHER SERVICE GREEN BAY
353 AM CDT TUE SEP 1 2015

...................................

...THE GREEN BAY WI CLIMATE SUMMARY FOR THE MONTH OF AUGUST 2015...

CLIMATE NORMAL PERIOD 1981 TO 2010
CLIMATE RECORD PERIOD 1886 TO 2015

WEATHER         OBSERVED          NORMAL  DEPART  LAST YEAR`S
                 VALUE   DATE(S)  VALUE   FROM    VALUE  DATE(S)
                                          NORMAL
................................................................
TEMPERATURE (F)
RECORD
 HIGH             100   08/24/1948
 LOW               38   08/22/1967
                        08/29/1965
                        08/22/1950
HIGHEST            93   08/02        90       3       85  08/03
LOWEST             47   08/27        44       3       47  08/15
AVG. MAXIMUM     77.8              77.7     0.1     78.3
AVG. MINIMUM     58.3              56.9     1.4     58.1
MEAN             68.1              67.3     0.8     68.2
DAYS MAX >= 90      2               0.6     1.4        0
DAYS MAX <= 32      0               0.0     0.0        0
DAYS MIN <= 32      0               0.0     0.0        0
DAYS MIN <= 0       0               0.0     0.0        0

PRECIPITATION (INCHES)
RECORD
 MAXIMUM         9.04   1975
 MINIMUM         0.36   1899
TOTALS           4.22              3.37    0.85     4.80
DAILY AVG.       0.14              0.11    0.03     0.15
DAYS >= .01        11              10.4     0.6       12
DAYS >= .10         8               6.6     1.4        7
DAYS >= .50         3               2.1     0.9        5
DAYS >= 1.00        2               0.6     1.4        2
GREATEST
 24 HR. TOTAL    1.24   08/07 TO 08/07

SNOWFALL (INCHES)
RECORDS
 TOTAL            0.0   MM
TOTALS            0.0               0.0     0.0      0.0
SINCE 7/1         0.0               0.0     0.0      0.0
SNOWDEPTH AVG.      0                MM      MM        0
DAYS >= 1.0         0               0.0     0.0        0
GREATEST
 SNOW DEPTH         0   MM                             0  MM

DEGREE_DAYS
HEATING TOTAL      31                40      -9       14
 SINCE 7/1         50                63     -13       29
COOLING TOTAL     131               111      20      122
 SINCE 1/1        402               362      40      343
.................................................................

WIND (MPH)
AVERAGE WIND SPEED              6.7
HIGHEST WIND SPEED/DIRECTION    49/010    DATE  08/14
HIGHEST GUST SPEED/DIRECTION    62/010    DATE  08/14

SKY COVER
POSSIBLE SUNSHINE (PERCENT)   MM
AVERAGE SKY COVER           0.40
NUMBER OF DAYS FAIR           13
NUMBER OF DAYS PC             13
NUMBER OF DAYS CLOUDY          5

AVERAGE RH (PERCENT)     77

WEATHER CONDITIONS. NUMBER OF DAYS WITH
THUNDERSTORM              5     MIXED PRECIP               0
HEAVY RAIN                6     RAIN                       8
LIGHT RAIN               12     FREEZING RAIN              0
LT FREEZING RAIN          0     HAIL                       1
HEAVY SNOW                0     SNOW                       0
LIGHT SNOW                0     SLEET                      0
FOG                      20     FOG W/VIS <= 1/4 MILE      7
HAZE                      7

-  INDICATES NEGATIVE NUMBERS.
R  INDICATES RECORD WAS SET OR TIED.
MM INDICATES DATA IS MISSING.
T  INDICATES TRACE AMOUNT.

$$
