000
CXUS52 KGSP 011201
CLMGSP

CLIMATE REPORT
NATIONAL WEATHER SERVICE GREENVILLE-SPARTANBURG SC
759 AM EDT FRI MAY 1 2015

...................................

...THE GREENVILLE-SPARTANBURG CLIMATE SUMMARY FOR THE MONTH OF APRIL 2015...

CLIMATE NORMAL PERIOD 1981 TO 2010
CLIMATE RECORD PERIOD 1884 TO 2015

WEATHER         OBSERVED          NORMAL  DEPART  LAST YEAR`S
                 VALUE   DATE(S)  VALUE   FROM    VALUE  DATE(S)
                                          NORMAL
................................................................
TEMPERATURE (F)
RECORD
 HIGH              94   04/20/1917
 LOW               22   04/15/1907
                        04/14/1907
HIGHEST            87   04/09        MM      MM       85  04/02
LOWEST             41   04/05        MM      MM       32  04/16
AVG. MAXIMUM     73.0              72.8     0.2     73.3
AVG. MINIMUM     53.7              48.3     5.4     49.9
MEAN             63.4              60.5     2.9     61.6
DAYS MAX >= 90      0               0.3    -0.3        0
DAYS MAX <= 32      0               0.0     0.0        0
DAYS MIN <= 32      0               0.6    -0.6        1
DAYS MIN <= 0       0               0.0     0.0        0

PRECIPITATION (INCHES)
RECORD
 MAXIMUM        11.30   1964
 MINIMUM         0.57   1915
TOTALS           6.18              3.36    2.82     5.05
DAILY AVG.       0.21              0.11    0.10     0.17
DAYS >= .01        16               9.0     7.0        8
DAYS >= .10         9               6.3     2.7        6
DAYS >= .50         3               2.6     0.4        4
DAYS >= 1.00        3               0.8     2.2        1
GREATEST
 24 HR. TOTAL    1.61   04/19 TO 04/19           04/07 TO 04/08
                                                          04/08 TO 04/08
                                                          04/08 TO 04/08
 STORM TOTAL       MM                                 MM
 (MM/DD(HH))            MM                    04/08(00) TO 04/08(00)
                                                 04/08(00) TO 04/08(00)8
                                                 04/08(00) TO 04/08(00)8

SNOWFALL (INCHES)
RECORDS
 TOTAL            0.3   1987
 24 HR TOTAL      0.3   04/03/1987 TO 04/03/1987
 SNOW DEPTH        MM   MM
TOTALS            0.0                 T     0.0      0.0
 LIQUID EQUIV    0.00                MM      MM     0.00
SINCE 7/1         3.7               4.7    -1.0      7.2
 LIQUID 7/1      0.37                MM      MM     0.72
SNOWDEPTH AVG.      0                MM      MM        0
DAYS >= TRACE       0               0.1    -0.1        0
DAYS >= 1.0         0               0.0     0.0        0
GREATEST
 SNOW DEPTH         0   MM                             0  MM
 24 HR TOTAL      0.0   MM                       04/08 TO 04/08
                                                          04/08 TO 04/08
                                                          04/08 TO 04/08
 STORM TOTAL       MM                                 MM
 (MM/DD(HH))            MM                    04/08(00) TO 04/08(00)
                                                 04/08(00) TO 04/08(00)8
                                                 04/08(00) TO 04/08(00)8

DEGREE_DAYS
HEATING TOTAL      91               173     -82      136
 SINCE 7/1       3009              3006       3     3172
COOLING TOTAL      50                40      10       42
 SINCE 1/1         56                48       8       42

FREEZE DATES
RECORD
 EARLIEST     MM
 LATEST       MM
EARLIEST                        MM
LATEST                          MM
.........................................................

WIND (MPH)
AVERAGE WIND SPEED              6.8
HIGHEST WIND SPEED/DIRECTION    26/220    DATE  04/10
HIGHEST GUST SPEED/DIRECTION    35/270    DATE  04/22

SKY COVER
POSSIBLE SUNSHINE (PERCENT)   MM
AVERAGE SKY COVER           0.50
NUMBER OF DAYS FAIR           13
NUMBER OF DAYS PC              9
NUMBER OF DAYS CLOUDY          8

AVERAGE RH (PERCENT)     69

WEATHER CONDITIONS. NUMBER OF DAYS WITH
THUNDERSTORM              4     MIXED PRECIP               0
HEAVY RAIN                6     RAIN                       8
LIGHT RAIN               19     FREEZING RAIN              0
LT FREEZING RAIN          0     HAIL                       0
HEAVY SNOW                0     SNOW                       0
LIGHT SNOW                0     SLEET                      0
FOG                      18     FOG W/VIS <= 1/4 MILE      4
HAZE                      3

-  INDICATES NEGATIVE NUMBERS.
R  INDICATES RECORD WAS SET OR TIED.
MM INDICATES DATA IS MISSING.
T  INDICATES TRACE AMOUNT.

$$
