000
CXGM50 PGUM 041520
CLMGUM


CLIMATE REPORT
NATIONAL WEATHER SERVICE TIYAN, GUAM
120 AM CHST MON SEP 5 2016

...................................

...THE GUAM INTERNATIONAL AIRPORT GU CLIMATE SUMMARY FOR THE MONTH OF AUGUST 2016...

CLIMATE NORMAL PERIOD 1981 TO 2010
CLIMATE RECORD PERIOD 1945 TO 2016

WEATHER         OBSERVED          NORMAL  DEPART  LAST YEAR`S
                 VALUE   DATE(S)  VALUE   FROM    VALUE  DATE(S)
                                          NORMAL
................................................................
TEMPERATURE (F)
RECORD
 HIGH              94   08/30/1994
                        08/06/1994
 LOW               70   08/15/1989
                        08/22/1986
                        08/13/1967
HIGHEST            91   08/31        MM      MM       90  08/29
                        08/30                             08/12
                        08/27
LOWEST             74   08/04        MM      MM       74  08/22
                                                          08/21
                                                          08/16
AVG. MAXIMUM     87.7              86.5     1.2     86.5
AVG. MINIMUM     77.8              76.3     1.5     76.1
MEAN             82.7              81.4     1.3     81.3
DAYS MAX >= 90      9               0.6     8.4        2
DAYS MAX <= 32      0               0.0     0.0        0
DAYS MIN <= 32      0               0.0     0.0        0
DAYS MIN <= 0       0               0.0     0.0        0

PRECIPITATION (INCHES)
RECORD
 MAXIMUM        26.42   2012
 MINIMUM         7.84   2008
TOTALS          20.85             17.15    3.70    21.54
DAILY AVG.       0.67              0.55    0.12     0.69
DAYS >= .01        24              26.4    -2.4       25
DAYS >= .10        21              19.3     1.7       20
DAYS >= .50        11               9.8     1.2        6
DAYS >= 1.00        7               5.1     1.9        3
GREATEST
 24 HR. TOTAL    4.03   08/03 TO 08/03           08/15 TO 08/16
                                                          08/31 TO 08/31
                                                          08/31 TO 08/31
 STORM TOTAL       MM                                 MM
 (MM/DD(HH))            MM                    08/16(00) TO 08/16(00)
                                                 08/31(00) TO 08/31(00)1
                                                 08/31(00) TO 08/31(00)1

DEGREE_DAYS
COOLING TOTAL     556               508      48      512
 SINCE 1/1       4464              3987     477     4088

FREEZE DATES
RECORD
 EARLIEST     MM
 LATEST       MM
EARLIEST                        MM
LATEST                          MM
..................................................

WIND (MPH)
AVERAGE WIND SPEED              7.2
RESULTANT WIND SPEED/DIRECTION   4/219
HIGHEST WIND SPEED/DIRECTION    32/240    DATE  08/04
HIGHEST GUST SPEED/DIRECTION    40/240    DATE  08/04

SKY COVER
POSSIBLE SUNSHINE (PERCENT)   MM
AVERAGE SKY COVER           0.40
NUMBER OF DAYS FAIR           11
NUMBER OF DAYS PC             19
NUMBER OF DAYS CLOUDY          1

AVERAGE RH (PERCENT)     85

WEATHER CONDITIONS. NUMBER OF DAYS WITH
THUNDERSTORM              0     MIXED PRECIP               0
HEAVY RAIN               14     RAIN                      18
LIGHT RAIN               24     FREEZING RAIN              0
LT FREEZING RAIN          0     HAIL                       0
HEAVY SNOW                0     SNOW                       0
LIGHT SNOW                0     SLEET                      0
FOG                      22     FOG W/VIS <= 1/4 MILE      0
HAZE                      3

-  INDICATES NEGATIVE NUMBERS.
R  INDICATES RECORD WAS SET OR TIED.
MM INDICATES DATA IS MISSING.
T  INDICATES TRACE AMOUNT.

$$
