000
CXUS54 KAMA 011623
CLMGUY


CLIMATE REPORT
NATIONAL WEATHER SERVICE AMARILLO TX
1020 AM CST TUE MAR 1 2016

...................................

...THE GUYMON CLIMATE SUMMARY FOR THE MONTH OF FEBRUARY 2016...

CLIMATE NORMAL PERIOD 1981 TO 2010
CLIMATE RECORD PERIOD 1998 TO 2016

WEATHER         OBSERVED          NORMAL  DEPART  LAST YEAR`S
                 VALUE   DATE(S)  VALUE   FROM    VALUE  DATE(S)
                                          NORMAL
................................................................
TEMPERATURE (F)
HIGHEST            88R  02/18                         85  02/07
LOWEST             17   02/04                         13  02/27
                        02/03                             02/24
AVG. MAXIMUM     62.1              53.4     8.7     53.4
AVG. MINIMUM     28.6              23.8     4.8     23.7
MEAN             45.3              38.6     6.7     38.6
DAYS MAX >= 90      0               0.0     0.0        0
DAYS MAX <= 32      0               1.7    -1.7        4
DAYS MIN <= 32     24              23.6     0.4       24
DAYS MIN <= 0       0               0.1    -0.1        0

PRECIPITATION (INCHES)
TOTALS           0.29              0.47   -0.18     0.74
DAILY AVG.       0.01                MM      MM     0.03
DAYS >= .01         2                MM      MM        6
DAYS >= .10         1                MM      MM        4
DAYS >= .50         0                MM      MM        0
DAYS >= 1.00        0                MM      MM        0
GREATEST
 24 HR. TOTAL    0.22   02/01 TO 02/01

SNOWFALL (INCHES)
TOTALS            0.0                MM      MM      9.5
SINCE 7/1         0.0                MM      MM     21.3
DAYS >= TRACE       0                MM      MM
DAYS >= 1.0         0                MM      MM        4
GREATEST
 SNOW DEPTH         0   MM
 24 HR TOTAL      0.0   02/29 TO 02/29

DEGREE_DAYS
HEATING TOTAL     566               739    -173      733
 SINCE 7/1       2967              3490    -523     3217
COOLING TOTAL       3                 0       3        0
 SINCE 1/1          3                 0       3        0
.................................................................

WIND (MPH)
AVERAGE WIND SPEED              11.7
HIGHEST WIND SPEED/DIRECTION    40/220    DATE  02/18
HIGHEST GUST SPEED/DIRECTION    49/230    DATE  02/18

SKY COVER
POSSIBLE SUNSHINE (PERCENT)   MM
NUMBER OF DAYS FAIR           25
NUMBER OF DAYS PC              4
NUMBER OF DAYS CLOUDY          0

AVERAGE RH (PERCENT)     46

WEATHER CONDITIONS. NUMBER OF DAYS WITH
THUNDERSTORM              0     MIXED PRECIP               0
HEAVY RAIN                1     RAIN                       1
LIGHT RAIN                3     FREEZING RAIN              0
LT FREEZING RAIN          0     HEAVY SNOW                 0
SNOW                      0     LIGHT SNOW                 0
SLEET                     0     FOG                        2
FOG W/VIS <= 1/4 MILE     0     HAZE                       1

-  INDICATES NEGATIVE NUMBERS.
R  INDICATES RECORD WAS SET OR TIED.
MM INDICATES DATA IS MISSING.
T  INDICATES TRACE AMOUNT.

$$
