000
CXUS56 KHNX 011700
CLMHJO


CLIMATE REPORT
NATIONAL WEATHER SERVICE SAN JOAQUIN VALLEY, CA
853 AM PST SUN JAN 1 2017

...................................

...THE HANFORD CA AIRPORT CLIMATE SUMMARY FOR THE MONTH OF DECEMBER 2016...

CLIMATE NORMAL PERIOD 1981 TO 2010
CLIMATE RECORD PERIOD 1998 TO 2016

WEATHER         OBSERVED          NORMAL  DEPART  LAST YEAR`S
                 VALUE   DATE(S)  VALUE   FROM    VALUE  DATE(S)
                                          NORMAL
................................................................
TEMPERATURE (F)
RECORD
 HIGH              80   12/08/2006
 LOW               18   12/25/1998
                        12/22/1998
HIGHEST            69   12/14        MM      MM       72  12/03
                        12/10
                        12/09
LOWEST             27   12/20        MM      MM       27  12/31
                        12/19                             12/15
AVG. MAXIMUM     56.5              54.3     2.2     56.0
AVG. MINIMUM     35.8              34.7     1.1     33.1
MEAN             46.2              44.5     1.7     44.6
DAYS MAX >= 90      0               0.0     0.0        0
DAYS MIN <= 32     15              11.8     3.2       16

PRECIPITATION (INCHES)
RECORD
 MAXIMUM         5.22   2010
TOTALS           1.87              1.63    0.24     1.34
DAYS >= .01         6                MM      MM        8
DAYS >= .10         4                MM      MM        3
DAYS >= .50         2                MM      MM        1
DAYS >= 1.00        0                MM      MM        0
GREATEST
 24 HR. TOTAL    0.91   12/15 TO 12/16

SNOWFALL (INCHES)
RECORDS
 TOTAL            0.0
TOTALS            0.0               0.0

DEGREE_DAYS
HEATING TOTAL     576               635     -59      623
 SINCE 7/1        882              1132    -250     1073
COOLING TOTAL       0                 0       0        0
 SINCE 1/1       1966              1643     323     2335
.................................................................

WIND (MPH)
AVERAGE WIND SPEED              3.3
HIGHEST WIND SPEED/DIRECTION    23/320    DATE  12/16
HIGHEST GUST SPEED/DIRECTION    27/310    DATE  12/16

AVERAGE RH (PERCENT)     82

WEATHER CONDITIONS. NUMBER OF DAYS WITH
THUNDERSTORM              0     RAIN                       4
HAIL                      0     FOG                       30
FOG W/VIS <= 1/4 MILE    17     HAZE                      18

-  INDICATES NEGATIVE NUMBERS.
R  INDICATES RECORD WAS SET OR TIED.
MM INDICATES DATA IS MISSING.
T  INDICATES TRACE AMOUNT.

$$
