000
CXUS56 KHNX 031650
CLMHJO


CLIMATE REPORT
NATIONAL WEATHER SERVICE SAN JOAQUIN VALLEY - HANFORD CA
850 AM PST TUE FEB 3 2015

...................................

...THE HANFORD CA AIRPORT CLIMATE SUMMARY FOR THE MONTH OF JANUARY 2015...

CLIMATE NORMAL PERIOD 1981 TO 2010
CLIMATE RECORD PERIOD 1998 TO 2015

WEATHER         OBSERVED          NORMAL  DEPART  LAST YEAR`S
                 VALUE   DATE(S)  VALUE   FROM    VALUE  DATE(S)
                                          NORMAL
................................................................
TEMPERATURE (F)
RECORD
 HIGH              77   01/24/2014
 LOW               19   01/17/2012
                        01/15/2007
                        01/14/2007
                        01/13/2007
HIGHEST            67   01/27        MM      MM       77  01/24
                        01/10
LOWEST             26   01/02        MM      MM       27  01/14
                        01/01
AVG. MAXIMUM     56.5              54.3     2.2     66.4
AVG. MINIMUM     38.6              36.3     2.3     33.7
MEAN             47.6              45.3     2.3     50.1
DAYS MAX >= 90      0               0.0     0.0        0
DAYS MIN <= 32      6               9.3    -3.3       16

PRECIPITATION (INCHES)
RECORD
 MAXIMUM         3.07   2006
TOTALS           0.04              2.04   -2.00     0.11
DAYS >= .01         1                MM      MM        2
DAYS >= .10         0                MM      MM        0
DAYS >= .50         0                MM      MM        0
DAYS >= 1.00        0                MM      MM        0
GREATEST
 24 HR. TOTAL    0.04   01/27 TO 01/27

SNOWFALL (INCHES)
RECORDS
 TOTAL             MM   MM
TOTALS            0.0                MM

DEGREE_DAYS
HEATING TOTAL     532               611     -79      454
 SINCE 7/1       1280              1743    -463     1479
COOLING TOTAL       0                 0       0        0
 SINCE 1/1          0                 0       0        0
.................................................................

WIND (MPH)
AVERAGE WIND SPEED              2.3
HIGHEST WIND SPEED/DIRECTION    14/180    DATE  01/04
HIGHEST GUST SPEED/DIRECTION    18/110    DATE  01/04

AVERAGE RH (PERCENT)     82

WEATHER CONDITIONS. NUMBER OF DAYS WITH
THUNDERSTORM              0     RAIN                       2
HAIL                      0     FOG                       31
FOG W/VIS <= 1/4 MILE    21     HAZE                      26

-  INDICATES NEGATIVE NUMBERS.
R  INDICATES RECORD WAS SET OR TIED.
MM INDICATES DATA IS MISSING.
T  INDICATES TRACE AMOUNT.

$$

SANGER/OCHS

WEATHER.GOV/HANFORD
