000
CXUS53 KFSD 011356
CLMHON

CLIMATE REPORT
NATIONAL WEATHER SERVICE SIOUX FALLS SD
843 AM CDT TUE AUG 1 2017

...................................

...THE HURON CLIMATE SUMMARY FOR THE MONTH OF JULY 2017...

CLIMATE NORMAL PERIOD 1981 TO 2010
CLIMATE RECORD PERIOD 1881 TO 2017

WEATHER         OBSERVED          NORMAL  DEPART  LAST YEAR`S
                 VALUE   DATE(S)  VALUE   FROM    VALUE  DATE(S)
                                          NORMAL
................................................................
TEMPERATURE (F)
RECORD
 HIGH             112   07/10/1966
 LOW               37   07/30/1971
HIGHEST           101   07/17        MM      MM       99  07/22
                                                          07/20
LOWEST             46   07/01        MM      MM       42  07/01
AVG. MAXIMUM     89.5              86.0     3.5     87.0
AVG. MINIMUM     62.5              61.4     1.1     60.9
MEAN             76.0              73.7     2.3     74.0
DAYS MAX >= 90     17               9.7     7.3        9
DAYS MAX <= 32      0               0.0     0.0        0
DAYS MIN <= 32      0               0.0     0.0        0
DAYS MIN <= 0       0               0.0     0.0        0

PRECIPITATION (INCHES)
RECORD
 MAXIMUM         6.69   1993
 MINIMUM         0.15   1932
TOTALS           3.40              2.92    0.48     1.00
DAILY AVG.       0.11              0.09    0.02     0.03
DAYS >= .01         8               8.8    -0.8        5
DAYS >= .10         3               5.7    -2.7        3
DAYS >= .50         2               1.6     0.4        1
DAYS >= 1.00        2               0.7     1.3        0
GREATEST
 24 HR. TOTAL    1.50   07/17 TO 07/18

DEGREE_DAYS
HEATING TOTAL       0                 8      -8        6
 SINCE 7/1          0                 8      -8        6
COOLING TOTAL     349               277      72      294
 SINCE 1/1        524               443      81      553
.................................................................

WIND (MPH)
AVERAGE WIND SPEED              9.5
HIGHEST WIND SPEED/DIRECTION    56/300    DATE  07/19
HIGHEST GUST SPEED/DIRECTION    83/290    DATE  07/19

SKY COVER
POSSIBLE SUNSHINE (PERCENT)   MM
AVERAGE SKY COVER           0.10
NUMBER OF DAYS FAIR           29
NUMBER OF DAYS PC              2
NUMBER OF DAYS CLOUDY          0

AVERAGE RH (PERCENT)     65

WEATHER CONDITIONS. NUMBER OF DAYS WITH
THUNDERSTORM              8     MIXED PRECIP               0
HEAVY RAIN                3     RAIN                       2
LIGHT RAIN               12     FREEZING RAIN              0
LT FREEZING RAIN          0     HAIL                       0
HEAVY SNOW                0     SNOW                       0
LIGHT SNOW                0     SLEET                      0
FOG                       6     FOG W/VIS <= 1/4 MILE      0
HAZE                      0

-  INDICATES NEGATIVE NUMBERS.
R  INDICATES RECORD WAS SET OR TIED.
MM INDICATES DATA IS MISSING.
T  INDICATES TRACE AMOUNT.

$$
