000
CXUS53 KFSD 011633
CLMHON

CLIMATE REPORT
NATIONAL WEATHER SERVICE SIOUX FALLS SD
1032 AM CST WED MAR 1 2017

...................................

...THE HURON SD CLIMATE SUMMARY FOR THE MONTH OF FEBRUARY 2017...

CLIMATE NORMAL PERIOD 1981 TO 2010
CLIMATE RECORD PERIOD 1881 TO 2017

WEATHER         OBSERVED          NORMAL  DEPART  LAST YEAR`S
                 VALUE   DATE(S)  VALUE   FROM    VALUE  DATE(S)
                                          NORMAL
................................................................
TEMPERATURE (F)
RECORD
 HIGH              71   02/25/1958
 LOW              -41   02/09/1994
HIGHEST            69   02/21        MM      MM       70  02/27
LOWEST              0   02/08        MM      MM        1  02/12
AVG. MAXIMUM     41.5              31.8     9.7     37.5
AVG. MINIMUM     20.2              11.4     8.8     20.6
MEAN             30.9              21.6     9.3     29.0
DAYS MAX >= 90      0               0.0     0.0        0
DAYS MAX <= 32      7              13.7    -6.7       10
DAYS MIN <= 32     24              26.8    -2.8       27
DAYS MIN <= 0       1               6.6    -5.6        0

PRECIPITATION (INCHES)
RECORD
 MAXIMUM         3.87   1962
 MINIMUM         0.03   1968
                        1921
TOTALS           0.22              0.60   -0.38     0.58
DAILY AVG.       0.01              0.02   -0.01     0.02
DAYS >= .01         3               6.3    -3.3       12
DAYS >= .10         1               1.9    -0.9        1
DAYS >= .50         0               0.1    -0.1        0
DAYS >= 1.00        0               0.0     0.0        0
GREATEST
 24 HR. TOTAL    0.14   02/11 TO 02/11

SNOWFALL (INCHES)
RECORDS
 TOTAL           39.9   1962
TOTALS            0.3               7.4    -7.1      5.5
SINCE 7/1        22.0              31.0    -9.0     30.7
SNOWDEPTH AVG.      0                 4      -4        0
DAYS >= 1.0         0               2.2    -2.2        1
GREATEST
 SNOW DEPTH         0   MM                             1  02/05
                                                          02/04
                                                          02/03
 24 HR TOTAL      0.3   02/28 TO 02/28

DEGREE_DAYS
HEATING TOTAL     946              1215    -269     1038
 SINCE 7/1       5149              5832    -683     5076
COOLING TOTAL       0                 0       0        0
 SINCE 1/1          0                 0       0        0
.................................................................

WIND (MPH)
AVERAGE WIND SPEED              11.0
HIGHEST WIND SPEED/DIRECTION    33/320    DATE  02/20
HIGHEST GUST SPEED/DIRECTION    40/320    DATE  02/20

SKY COVER
POSSIBLE SUNSHINE (PERCENT)   MM
AVERAGE SKY COVER           0.30
NUMBER OF DAYS FAIR           19
NUMBER OF DAYS PC              7
NUMBER OF DAYS CLOUDY          2

AVERAGE RH (PERCENT)     74

WEATHER CONDITIONS. NUMBER OF DAYS WITH
THUNDERSTORM              0     MIXED PRECIP               0
HEAVY RAIN                0     RAIN                       0
LIGHT RAIN                3     FREEZING RAIN              0
LT FREEZING RAIN          0     HAIL                       0
HEAVY SNOW                0     SNOW                       0
LIGHT SNOW                5     SLEET                      0
FOG                       5     FOG W/VIS <= 1/4 MILE      0
HAZE                      0

-  INDICATES NEGATIVE NUMBERS.
R  INDICATES RECORD WAS SET OR TIED.
MM INDICATES DATA IS MISSING.
T  INDICATES TRACE AMOUNT.

$$
