000
CXUS54 KLZK 012329
CLMHRO


CLIMATE REPORT
NATIONAL WEATHER SERVICE LITTLE ROCK AR
517 PM CST SUN JAN 1 2017

...................................

...THE HARRISON CLIMATE SUMMARY FOR THE MONTH OF DECEMBER 2016...

CLIMATE NORMAL PERIOD 1981 TO 2010
CLIMATE RECORD PERIOD 1891 TO 2016

WEATHER         OBSERVED          NORMAL  DEPART  LAST YEAR`S
                 VALUE   DATE(S)  VALUE   FROM    VALUE  DATE(S)
                                          NORMAL
................................................................
TEMPERATURE (F)
RECORD
 HIGH              82   12/24/1955
 LOW              -11   12/23/1989
HIGHEST            68   12/26        47      21       74  12/10
                        12/25
LOWEST              5   12/19        29     -24       25  12/30
AVG. MAXIMUM     48.8              47.7     1.1     57.2
AVG. MINIMUM     28.4              28.4     0.0     36.2
MEAN             38.6              38.1     0.5     46.7
DAYS MAX >= 90      0               0.0     0.0        0
DAYS MAX <= 32      3               2.6     0.4        0
DAYS MIN <= 32     19              19.7    -0.7       14
DAYS MIN <= 0       0               0.3    -0.3        0

PRECIPITATION (INCHES)
RECORD
 MAXIMUM        11.64   1982
 MINIMUM         0.22   1919
TOTALS           1.32              3.20   -1.88     8.44
DAILY AVG.       0.04              0.10   -0.06     0.27
DAYS >= .01         8               7.9     0.1        9
DAYS >= .10         4                                  7
DAYS >= .50         1                                  4
DAYS >= 1.00        0               0.5    -0.5        3
GREATEST
 24 HR. TOTAL    0.61   12/23 TO 12/23

SNOWFALL (INCHES)
RECORDS
 TOTAL           13.2   1917
 24 HR TOTAL     12.9   12/22/1966 TO 12/23/1966
 SNOW DEPTH        13   12/08/1917
TOTALS            0.5               1.3    -0.8        T
 LIQUID EQUIV    0.05              0.10   -0.05       MM
SINCE 7/1         0.5               1.8    -1.3        T
 LIQUID 7/1      0.05              0.10   -0.05       MM
SNOWDEPTH AVG.      0
DAYS >= TRACE       2               4.0    -2.0        1
DAYS >= 1.0         0                                  0
GREATEST
 SNOW DEPTH         T   MM
 24 HR TOTAL      0.5   12/17 TO 12/18

DEGREE_DAYS
HEATING TOTAL     809               835     -26      561
 SINCE 7/1       1259              1599    -340     1147
COOLING TOTAL       0                 0       0        2
 SINCE 1/1       1647              1416     231     1466

FREEZE DATES
RECORD
 EARLIEST     09/13/1902
 LATEST       05/17/1912
EARLIEST                        10/29
LATEST                          04/04
........................................................

WIND (MPH)
AVERAGE WIND SPEED              7.3
HIGHEST WIND SPEED/DIRECTION    25/160    DATE  12/25
HIGHEST GUST SPEED/DIRECTION    41/170    DATE  12/11

SKY COVER
POSSIBLE SUNSHINE (PERCENT)   MM
AVERAGE SKY COVER           0.50
NUMBER OF DAYS FAIR           12
NUMBER OF DAYS PC             10
NUMBER OF DAYS CLOUDY          9

AVERAGE RH (PERCENT)     65

WEATHER CONDITIONS. NUMBER OF DAYS WITH
THUNDERSTORM              0     MIXED PRECIP               0
HEAVY RAIN                1     RAIN                       3
LIGHT RAIN                8     FREEZING RAIN              1
LT FREEZING RAIN          1     HAIL                       0
HEAVY SNOW                0     SNOW                       0
LIGHT SNOW                2     SLEET                      0
FOG                      13     FOG W/VIS <= 1/4 MILE      6
HAZE                      3

-  INDICATES NEGATIVE NUMBERS.
R  INDICATES RECORD WAS SET OR TIED.
MM INDICATES DATA IS MISSING.
T  INDICATES TRACE AMOUNT.

&&

...DATA FOR HARRISON FOR DECEMBER 2016...

.SUMMARY...
AS FAR AS TEMPERATURES GO...ON THE WHOLE...DECEMBER WAS PRETTY CLOSE
TO AVERAGE IN HARRISON. HOWEVER...THIS PARTICULAR DECEMBER HAD
SOME SIGNIFICANT TEMPERATURE SWINGS. MUCH OF THE FIRST TWENTY DAYS
OF THE MONTH WERE SIGNIFICANTLY BELOW AVERAGE...WITH DAILY TEMPERATURES
AS COLD AS AROUND 15-20 DEGREES BELOW AVERAGE DURING PORTIONS OF THE SECOND
AND THIRD WEEKS. A STRONG ARCTIC FRONT MOVED THROUGH ON THE 17TH...DROPPING
TEMPERATURES 57 DEGREES IN LESS THAN 24 HOURS...AND PRODUCING BRIEF LIGHT
MEASURABLE WINTRY PRECIPITATION.

RAINFALL WAS WELL BELOW AVERAGE FOR THE MONTH...AND WAS FAIRLY SCATTERED
THROUGHOUT DECEMBER. THIS DECEMBER...HOWEVER...FAILED TO PLACE IN THE TOP
TEN DRIEST.

.MONTHLY TEMPERATURES...
THE AVERAGE HIGH TEMPERATURE WAS THE COOLEST SINCE 2014. THE AVERAGE LOW
TEMPERATURE WAS THE COOLEST SINCE 2013. THE AVERAGE MONTHLY TEMPERATURE
WAS THE COOLEST SINCE 2013.

.DAILY TEMPERATURES...
DAILY TEMPERATURES WERE ABOVE AVERAGE ON 17 DAYS...BELOW AVERAGE ON
12 DAYS AND AVERAGE ON TWO DAYS.

.TEMPERATURE RECORDS TIED OR BROKEN DURING THE MONTH...

DATE  RECORD TYPE              NEW RECORD             PREVIOUS RECORD
25TH  WARMEST LOW TEMPERATURE  49 IN 2016                49 IN 1940

.MONTHLY RAINFALL...
IT WAS THE DRIEST DECEMBER SINCE 2010.

.DAILY RAINFALL RECORDS TIED OR BROKEN...
NONE.

.MONTHLY SNOWFALL...
THIS WAS THE FIRST IN THREE YEARS WITH MEASURABLE SNOWFALL.

.DAILY SNOWFALL RECORDS TIED OR BROKEN...
NONE.

$$

57
