000
CXUS53 KAPX 010530
CLMHTL


CLIMATE REPORT
NATIONAL WEATHER SERVICE GAYLORD MI
130 AM EDT TUE AUG 1 2017

...................................

...THE HOUGHTON LAKE MI CLIMATE SUMMARY FOR THE MONTH OF JULY 2017...

CLIMATE NORMAL PERIOD 1981 TO 2010
CLIMATE RECORD PERIOD 1913 TO 2017

WEATHER         OBSERVED          NORMAL  DEPART  LAST YEAR`S
                 VALUE   DATE(S)  VALUE   FROM    VALUE  DATE(S)
                                          NORMAL
................................................................
TEMPERATURE (F)
RECORD
 HIGH             107   07/13/1936
                        07/08/1936
 LOW               26   07/11/1919
HIGHEST            87   07/06        MM      MM       92  07/22
LOWEST             47   07/29        MM      MM       42  07/16
                        07/25
                        07/03
AVG. MAXIMUM     79.6              79.7    -0.1     81.3
AVG. MINIMUM     55.5              54.5     1.0     57.4
MEAN             67.6              67.1     0.5     69.3
DAYS MAX >= 90      0               1.4    -1.4        2
DAYS MAX <= 32      0               0.0     0.0        0
DAYS MIN <= 32      0               0.0     0.0        0
DAYS MIN <= 0       0               0.0     0.0        0

PRECIPITATION (INCHES)
RECORD
 MAXIMUM           MM   MM
 MINIMUM           MM   MM
TOTALS           2.15              2.76   -0.61     3.02
DAILY AVG.       0.07              0.09   -0.02     0.10
DAYS >= .01        10               9.6     0.4       12
DAYS >= .10         7               5.4     1.6        7
DAYS >= .50         1               1.7    -0.7        2
DAYS >= 1.00        0               0.6    -0.6        1
GREATEST
 24 HR. TOTAL    0.95   07/06 TO 07/06
 STORM TOTAL       MM
 (MM/DD(HH))            MM

SNOWFALL (INCHES)
RECORDS
 TOTAL             MM   MM
 24 HR TOTAL       MM
 SNOW DEPTH        MM   MM
TOTALS            0.0               0.0     0.0      0.0
SINCE 7/1         0.0               0.0     0.0      0.0
SNOWDEPTH AVG.      0                MM      MM        0
DAYS >= TRACE       0               0.0     0.0        0
DAYS >= 1.0         0               0.0     0.0        0
GREATEST
 SNOW DEPTH         0   MM                             0  MM
 24 HR TOTAL      0.0   07/31 TO 07/31               0.0

DEGREE_DAYS
HEATING TOTAL      12                47     -35       27
 SINCE 7/1         12                47     -35       27
COOLING TOTAL     101               112     -11      166
 SINCE 1/1        198               187      11      239
.................................................................

WIND (MPH)
AVERAGE WIND SPEED              6.2
HIGHEST WIND SPEED/DIRECTION    29/330    DATE  07/06
HIGHEST GUST SPEED/DIRECTION    47/360    DATE  07/06

SKY COVER
POSSIBLE SUNSHINE (PERCENT)   MM
AVERAGE SKY COVER           0.30
NUMBER OF DAYS FAIR           19
NUMBER OF DAYS PC              8
NUMBER OF DAYS CLOUDY          4

AVERAGE RH (PERCENT)     72

WEATHER CONDITIONS. NUMBER OF DAYS WITH
THUNDERSTORM              0     MIXED PRECIP               0
HEAVY RAIN                5     RAIN                       5
LIGHT RAIN               13     FREEZING RAIN              0
LT FREEZING RAIN          0     HAIL                       0
HEAVY SNOW                0     SNOW                       0
LIGHT SNOW                0     SLEET                      0
FOG                      22     FOG W/VIS <= 1/4 MILE      3
HAZE                      0

-  INDICATES NEGATIVE NUMBERS.
R  INDICATES RECORD WAS SET OR TIED.
MM INDICATES DATA IS MISSING.
T  INDICATES TRACE AMOUNT.

$$
