000
CXUS51 KRLX 071802
CLMHTS


CLIMATE REPORT
NATIONAL WEATHER SERVICE CHARLESTON WV
151 PM EDT THU JUL 7 2016

...................................

...THE HUNTINGTON CLIMATE SUMMARY FOR THE MONTH OF JUNE 2016...

CLIMATE NORMAL PERIOD 1981 TO 2010
CLIMATE RECORD PERIOD 1897 TO 2016

WEATHER         OBSERVED          NORMAL  DEPART  LAST YEAR`S
                 VALUE   DATE(S)  VALUE   FROM    VALUE  DATE(S)
                                          NORMAL
................................................................
TEMPERATURE (F)
RECORD
 HIGH             105   06/24/1930
 LOW               39   06/06/1945
HIGHEST            92   06/16        MM      MM       92  06/14
                        06/11
LOWEST             50   06/09        MM      MM       53  06/02
                                                          06/01
AVG. MAXIMUM     84.8              82.8     2.0     83.6
AVG. MINIMUM     63.5              61.4     2.1     63.2
MEAN             74.2              72.1     2.1     73.4
DAYS MAX >= 90      5               3.4     1.6        7
DAYS MAX <= 32      0               0.0     0.0        0
DAYS MIN <= 32      0               0.0     0.0        0
DAYS MIN <= 0       0               0.0     0.0        0

PRECIPITATION (INCHES)
RECORD
 MAXIMUM         8.88   1946
 MINIMUM         0.41   1966
TOTALS           7.25              3.88    3.37     5.20
DAILY AVG.       0.24              0.13    0.11     0.17
DAYS >= .01        12              12.1    -0.1       15
DAYS >= .10         9               8.0     1.0       10
DAYS >= .50         4               2.9     1.1        6
DAYS >= 1.00        2               0.7     1.3        1
GREATEST
 24 HR. TOTAL    2.17   06/15 TO 06/15              1.08
                        06/14 TO 06/15
                        06/15 TO 06/15

SNOWFALL (INCHES)
RECORDS
 TOTAL             MM   MM
TOTALS            0.0               0.0     0.0      0.0
SINCE 7/1        23.8              23.6     0.2     36.6
DAYS >= 1.0         0               0.0     0.0        0
GREATEST
 SNOW DEPTH         0   MM                             0  MM
 24 HR TOTAL      0.0   06/30 TO 06/30           06/30 TO 06/30
                                                          06/30 TO 06/30
                                                          06/30 TO 06/30

DEGREE_DAYS
HEATING TOTAL       1                12     -11       14
 SINCE 7/1       3789              4512    -723     4996
COOLING TOTAL     280               225      55      273
 SINCE 1/1        420               338      82      439
.................................................

WIND (MPH)
AVERAGE WIND SPEED              4.5
HIGHEST WIND SPEED/DIRECTION    21/250    DATE  06/04
HIGHEST GUST SPEED/DIRECTION    30/290    DATE  06/15

SKY COVER
POSSIBLE SUNSHINE (PERCENT)   MM
AVERAGE SKY COVER           0.30
NUMBER OF DAYS FAIR           19
NUMBER OF DAYS PC             11
NUMBER OF DAYS CLOUDY          0

AVERAGE RH (PERCENT)     71

WEATHER CONDITIONS. NUMBER OF DAYS WITH
THUNDERSTORM              0     MIXED PRECIP               0
HEAVY RAIN                6     RAIN                       7
LIGHT RAIN               12     FREEZING RAIN              0
LT FREEZING RAIN          0     HAIL                       0
HEAVY SNOW                0     SNOW                       0
LIGHT SNOW                0     SLEET                      0
FOG                      17     FOG W/VIS <= 1/4 MILE      7
HAZE                      4

-  INDICATES NEGATIVE NUMBERS.
R  INDICATES RECORD WAS SET OR TIED.
MM INDICATES DATA IS MISSING.
T  INDICATES TRACE AMOUNT.

$$
