000
CXUS53 KIND 011610
CLMHUF


CLIMATE REPORT
NATIONAL WEATHER SERVICE INDIANAPOLIS IN
1110 AM EST MON FEB 1 2016

...................................

...THE TERRE HAUTE IN CLIMATE SUMMARY FOR THE MONTH OF JANUARY 2016...

CLIMATE NORMAL PERIOD 1981 TO 2010
CLIMATE RECORD PERIOD 9999 TO 9999

WEATHER         OBSERVED          NORMAL  DEPART  LAST YEAR`S
                 VALUE   DATE(S)  VALUE   FROM    VALUE  DATE(S)
                                          NORMAL
................................................................
TEMPERATURE (F)
HIGHEST            64   01/31                         50  01/20
                                                          01/19
                                                          01/17
LOWEST              2   01/18                         -4  01/08
AVG. MAXIMUM     37.8              36.3     1.5     35.7
AVG. MINIMUM     20.9              20.2     0.7     19.4
MEAN             29.4              28.2     1.2     27.5
DAYS MAX >= 90      0               0.0     0.0        0
DAYS MAX <= 32     10              10.6    -0.6       10
DAYS MIN <= 32     27              25.8     1.2       28
DAYS MIN <= 0       0               1.9    -1.9        2

PRECIPITATION (INCHES)
TOTALS           0.68              2.36   -1.68     1.73
DAILY AVG.       0.02              0.08   -0.06     0.06
DAYS >= .01         4                MM      MM        9
DAYS >= .10         2                MM      MM        4
DAYS >= .50         1                MM      MM        1
DAYS >= 1.00        0                MM      MM        0
GREATEST
 24 HR. TOTAL    0.50   01/09 TO 01/09

DEGREE_DAYS
HEATING TOTAL    1094              1139     -45     1155
 SINCE 7/1       2594              3250    -656     3388
COOLING TOTAL       0                 0       0        0
 SINCE 1/1          0                 0       0        0
.................................................................

WIND (MPH)
AVERAGE WIND SPEED              9.4
HIGHEST WIND SPEED/DIRECTION    32/320    DATE  01/12
HIGHEST GUST SPEED/DIRECTION    44/320    DATE  01/12

SKY COVER
POSSIBLE SUNSHINE (PERCENT)   MM
AVERAGE SKY COVER           0.40
NUMBER OF DAYS FAIR           12
NUMBER OF DAYS PC             12
NUMBER OF DAYS CLOUDY          7

AVERAGE RH (PERCENT)     72

WEATHER CONDITIONS. NUMBER OF DAYS WITH
THUNDERSTORM              0     MIXED PRECIP               0
HEAVY RAIN                0     RAIN                       1
LIGHT RAIN                6     FREEZING RAIN              0
LT FREEZING RAIN          0     HAIL                       0
HEAVY SNOW                1     SNOW                       2
LIGHT SNOW                8     SLEET                      0
FOG                      11     FOG W/VIS <= 1/4 MILE      1
HAZE                      4

-  INDICATES NEGATIVE NUMBERS.
R  INDICATES RECORD WAS SET OR TIED.
MM INDICATES DATA IS MISSING.
T  INDICATES TRACE AMOUNT.

$$
