808
CXUS55 KTFX 010908
CLMHVR


CLIMATE REPORT
NATIONAL WEATHER SERVICE GREAT FALLS MT
308 AM MDT FRI JUL 1 2016

...................................

...THE HAVRE MT CLIMATE SUMMARY FOR THE MONTH OF JUNE 2016...

CLIMATE NORMAL PERIOD 1981 TO 2010
CLIMATE RECORD PERIOD 1880 TO 2016

WEATHER         OBSERVED          NORMAL  DEPART  LAST YEAR`S
                 VALUE   DATE(S)  VALUE   FROM    VALUE
                                          NORMAL
.............................................................
TEMPERATURE (F)
RECORD
 HIGH             108   06/21/1900
 LOW               29   06/06/1992
                        06/03/1910
HIGHEST            93   06/08        81      12      103
LOWEST             39   06/15        45      -6       36
                        06/01
AVG. MAXIMUM     79.0              75.8     3.2     83.3
AVG. MINIMUM     48.4              48.5    -0.1     49.6
MEAN             63.7              62.2     1.5     66.5
DAYS MAX >= 90      3               2.4     0.6        6
DAYS MAX <= 32      0               0.0     0.0        0
DAYS MIN <= 32      0               0.1    -0.1        0
DAYS MIN <= 0       0               0.0     0.0        0

PRECIPITATION (INCHES)
RECORD
 MAXIMUM           MM   MM
 MINIMUM           MM   MM
TOTALS           1.93              2.19   -0.26     0.43
DAYS >= .01        14              11.4     2.6
DAYS >= .10         7               5.3     1.7
DAYS >= .50         0               1.1    -1.1
DAYS >= 1.00        0               0.5    -0.5
GREATEST
 24 HR. TOTAL    0.33   06/16 TO 06/16

SNOWFALL (INCHES)
RECORDS
 TOTAL             MM   5
 24 HR TOTAL       MM
 SNOW DEPTH        MM   MM
TOTALS            0.0               0.0     0.0      0.0
SNOWDEPTH AVG.      0
DAYS >= TRACE       0               0.0     0.0
DAYS >= 1.0         0               0.0     0.0
GREATEST
 SNOW DEPTH         0   MM                             0
 24 HR TOTAL      0.0   06/30 TO 06/30

DEGREE_DAYS
HEATING TOTAL      85               133     -48       57
 SINCE 7/1       7168              8221   -1053     7461
COOLING TOTAL      54                48       6      110
 SINCE 1/1         55                59      -4      110
..............................................................

WIND (MPH)
AVERAGE WIND SPEED              9.2
HIGHEST WIND SPEED/DIRECTION    39/MM     DATE   MM
HIGHEST GUST SPEED/DIRECTION    54/MM     DATE   MM

SKY COVER
AVERAGE SKY COVER           0.20

AVERAGE RH (PERCENT)     63

WEATHER CONDITIONS. NUMBER OF DAYS WITH
THUNDERSTORM              0     MIXED PRECIP               0
HEAVY RAIN                0     RAIN                       7
LIGHT RAIN               15     FREEZING RAIN              0
LT FREEZING RAIN          0     HAIL                       0
HEAVY SNOW                0     SNOW                       0
LIGHT SNOW                0     SLEET                      0
FOG                       5     FOG W/VIS <= 1/4 MILE      0
HAZE                      3

-  INDICATES NEGATIVE NUMBERS.
R  INDICATES RECORD WAS SET OR TIED.
MM INDICATES DATA IS MISSING.
T  INDICATES TRACE AMOUNT.

$$
