000
CXUS53 KUNR 011602
CLMICR


CLIMATE REPORT
NATIONAL WEATHER SERVICE RAPID CITY SD
901 AM MST SUN MAR 1 2015

...................................

...THE WINNER REGIONAL AIRPORT SD CLIMATE SUMMARY FOR THE MONTH OF FEBRUARY 2015...

CLIMATE NORMAL PERIOD 1981 TO 2010
CLIMATE RECORD PERIOD 9999 TO 9999

WEATHER         OBSERVED          NORMAL  DEPART  LAST YEAR`S
                 VALUE   DATE(S)  VALUE   FROM    VALUE  DATE(S)
                                          NORMAL
................................................................
TEMPERATURE (F)
HIGHEST            74   02/07                         64  02/19
LOWEST             -9   02/01                        -11  02/06
AVG. MAXIMUM     38.1              37.7     0.4     31.3
AVG. MINIMUM     11.9              17.0    -5.1      8.1
MEAN             25.0              27.3    -2.3     19.7
DAYS MAX >= 90      0                                  0
DAYS MAX <= 32      9                                 15
DAYS MIN <= 32     26                                 27
DAYS MIN <= 0       7                                 10

PRECIPITATION (INCHES)
TOTALS           0.01              0.51   -0.50     0.06
DAILY AVG.       0.00              0.02   -0.02     0.00
DAYS >= .01         1                                  2
DAYS >= .10         0                                  0
DAYS >= .50         0                                  0
DAYS >= 1.00        0                                  0
GREATEST
 24 HR. TOTAL    0.04   01/31 TO 02/01              0.05

DEGREE_DAYS
HEATING TOTAL    1115              1054      61     1261
 SINCE 7/1       4760              5009    -249     5333
COOLING TOTAL       0                 0       0        0
 SINCE 1/1          0                 0       0        0
.................................................................

WIND (MPH)
AVERAGE WIND SPEED              12.4
HIGHEST WIND SPEED/DIRECTION    36/310    DATE  02/17
HIGHEST GUST SPEED/DIRECTION    44/320    DATE  02/17

AVERAGE RH (PERCENT)     61

WEATHER CONDITIONS. NUMBER OF DAYS WITH
THUNDERSTORM              0     MIXED PRECIP               0
HEAVY RAIN                0     RAIN                       0
LIGHT RAIN                2     FREEZING RAIN              0
LT FREEZING RAIN          1     HAIL                       0
HEAVY SNOW                0     SNOW                       0
LIGHT SNOW                8     SLEET                      0
FOG                       5     FOG W/VIS <= 1/4 MILE      1
HAZE                      7

-  INDICATES NEGATIVE NUMBERS.
R  INDICATES RECORD WAS SET OR TIED.
MM INDICATES DATA IS MISSING.
T  INDICATES TRACE AMOUNT.

$$
