000
CXUS53 KUNR 011615
CLMICR


CLIMATE REPORT
NATIONAL WEATHER SERVICE RAPID CITY SD
912 AM MST MON FEB 1 2016

...................................

...THE WINNER REGIONAL AIRPORT SD CLIMATE SUMMARY FOR THE MONTH OF JANUARY 2016...

CLIMATE NORMAL PERIOD 1981 TO 2010
CLIMATE RECORD PERIOD 9999 TO 9999

WEATHER         OBSERVED          NORMAL  DEPART  LAST YEAR`S
                 VALUE   DATE(S)  VALUE   FROM    VALUE  DATE(S)
                                          NORMAL
................................................................
TEMPERATURE (F)
HIGHEST            46   01/29                         67  01/27
LOWEST             -8   01/17                         -8  01/07
                        01/09                             01/04
AVG. MAXIMUM     32.0              35.5    -3.5     37.6
AVG. MINIMUM     16.9              13.9     3.0     17.3
MEAN             24.4              24.7    -0.3     27.4
DAYS MAX >= 90      0                                  0
DAYS MAX <= 32     15                                 10
DAYS MIN <= 32     30                                 25
DAYS MIN <= 0       5                                  7

PRECIPITATION (INCHES)
TOTALS           0.07              0.25   -0.18     0.08
DAILY AVG.       0.00              0.01   -0.01     0.00
DAYS >= .01         3                                  4
DAYS >= .10         0                                  0
DAYS >= .50         0                                  0
DAYS >= 1.00        0                                  0
GREATEST
 24 HR. TOTAL    0.04   01/25 TO 01/25              0.03
                        01/24 TO 01/25
                        01/25 TO 01/25

DEGREE_DAYS
HEATING TOTAL    1251              1249       2     1156
 SINCE 7/1       3470              3955    -485     3645
COOLING TOTAL       0                 0       0        0
 SINCE 1/1          0                 0       0        0
.................................................................

WIND (MPH)
AVERAGE WIND SPEED              11.2
HIGHEST WIND SPEED/DIRECTION    35/190    DATE  01/04
HIGHEST GUST SPEED/DIRECTION    42/340    DATE  01/14

AVERAGE RH (PERCENT)     72

WEATHER CONDITIONS. NUMBER OF DAYS WITH
THUNDERSTORM              0     MIXED PRECIP               0
HEAVY RAIN                0     RAIN                       0
LIGHT RAIN                1     FREEZING RAIN              0
LT FREEZING RAIN          5     HAIL                       0
HEAVY SNOW                0     SNOW                       1
LIGHT SNOW               12     SLEET                      0
FOG                      13     FOG W/VIS <= 1/4 MILE      5
HAZE                     11

-  INDICATES NEGATIVE NUMBERS.
R  INDICATES RECORD WAS SET OR TIED.
MM INDICATES DATA IS MISSING.
T  INDICATES TRACE AMOUNT.

$$
