051
CXUS53 KUNR 011903
CLMIEN


CLIMATE REPORT
NATIONAL WEATHER SERVICE RAPID CITY SD
103 PM MDT FRI MAY 1 2015

...................................

...THE PINE RIDGE SD CLIMATE SUMMARY FOR THE MONTH OF APRIL 2015...

CLIMATE NORMAL PERIOD 1981 TO 2010
CLIMATE RECORD PERIOD 9999 TO 9999

WEATHER         OBSERVED          NORMAL  DEPART  LAST YEAR`S
                 VALUE   DATE(S)  VALUE   FROM    VALUE  DATE(S)
                                          NORMAL
................................................................
TEMPERATURE (F)
HIGHEST            77   04/14                         80  04/22
                        04/11                             04/18
LOWEST             11   04/03                         -1  04/01
AVG. MAXIMUM     61.2              59.9     1.3     58.7
AVG. MINIMUM     31.4              31.3     0.1     29.6
MEAN             46.3              45.6     0.7     44.1
DAYS MAX >= 90      0                                  0
DAYS MAX <= 32      0                                  1
DAYS MIN <= 32     15                                 22
DAYS MIN <= 0       0                                  1

PRECIPITATION (INCHES)
TOTALS           1.88              1.91   -0.03     3.16
DAILY AVG.       0.06              0.06    0.00     0.11
DAYS >= .01        11                                 11
DAYS >= .10         5                                  6
DAYS >= .50         2                                  2
DAYS >= 1.00        0                                  1
GREATEST
 24 HR. TOTAL    1.07   04/17 TO 04/18              1.71

DEGREE_DAYS
HEATING TOTAL     553               582     -29      622
 SINCE 7/1       6470              6820    -350     7037
COOLING TOTAL       0                 0       0        1
 SINCE 1/1          0                 0       0        1
.................................................................

WIND (MPH)
AVERAGE WIND SPEED              9.3
HIGHEST WIND SPEED/DIRECTION    40/170    DATE  04/15
HIGHEST GUST SPEED/DIRECTION    52/170    DATE  04/15

AVERAGE RH (PERCENT)     58

WEATHER CONDITIONS. NUMBER OF DAYS WITH
THUNDERSTORM              0     MIXED PRECIP               0
HEAVY RAIN                2     RAIN                       5
LIGHT RAIN               10     FREEZING RAIN              0
LT FREEZING RAIN          0     HAIL                       0
HEAVY SNOW                0     SNOW                       0
LIGHT SNOW                1     SLEET                      0
FOG                      12     FOG W/VIS <= 1/4 MILE      1
HAZE                      4

-  INDICATES NEGATIVE NUMBERS.
R  INDICATES RECORD WAS SET OR TIED.
MM INDICATES DATA IS MISSING.
T  INDICATES TRACE AMOUNT.

$$
