000
CXUS51 KPHI 011927
CLMILG
CLIMATE REPORT
NATIONAL WEATHER SERVICE MOUNT HOLLY NJ
327 PM EDT MON APR 01 2024
...................................
...THE WILMINGTON DE CLIMATE SUMMARY FOR THE MONTH OF MARCH 2024...
CLIMATE NORMAL PERIOD: 1991 TO 2020
CLIMATE RECORD PERIOD: 1894 TO 2024
WEATHER OBSERVED NORMAL DEPART LAST YEAR`S
VALUE DATE(S) VALUE FROM VALUE DATE(S)
NORMAL
................................................................
TEMPERATURE (F)
RECORD
HIGH 86 03/30/1998
03/21/1948
LOW 2 03/10/1984
HIGHEST 77 73 4 67
LOWEST 23 18 5 26
AVG. MAXIMUM 57.2 52.5 4.7 55.4
AVG. MINIMUM 37.5 33.9 3.6 35.9
MEAN 47.3 43.2 4.1 45.6
DAYS MAX >= 90 0 0.0 0.0 0
DAYS MAX <= 32 0 0.6 -0.6 0
DAYS MIN <= 32 7 14.2 -7.2 10
DAYS MIN <= 0 0 0.0 0.0 0
PRECIPITATION (INCHES)
RECORD
MAXIMUM 9.17 2000
MINIMUM 0.29 2006
TOTALS 7.20 4.16 3.04 2.26
DAILY AVG. 0.23 0.13 0.10 0.07
DAYS >= .01 10 11.2 -1.2 9
DAYS >= .10 7 7.0 0.0 6
DAYS >= .50 4 3.1 0.9 2
DAYS >= 1.00 3 1.1 1.9 0
GREATEST
24 HR. TOTAL 2.81 03/23 TO 03/23 0.89
SNOWFALL (INCHES)
RECORDS
TOTAL 20.3 1958
24 HR TOTAL MM
TOTALS T 3.1 -3.1 T
SINCE 7/1 11.6 20.1 -8.5 MM
SNOWDEPTH AVG. 0 0
DAYS >= 1.0 0 0.9 -0.9 0
GREATEST
SNOW DEPTH 0 0 MM
24 HR TOTAL MM T
DEGREE DAYS
HEATING TOTAL 541 676 -135 595
SINCE 7/1 3780 4166 -386 MM
COOLING TOTAL 0 1 -1 0
SINCE 1/1 0 1 -1 MM
................................................................
WIND (MPH)
AVERAGE WIND SPEED 10.0
HIGHEST WIND SPEED/DIRECTION 38/280 DATE 03/10
HIGHEST GUST SPEED/DIRECTION 48/290 DATE 03/10
SKY COVER
POSSIBLE SUNSHINE (PERCENT) MM
AVERAGE SKY COVER 0.44
NUMBER OF DAYS FAIR 13
NUMBER OF DAYS PC 9
NUMBER OF DAYS CLOUDY 9
AVERAGE RH (PERCENT) 63
WEATHER CONDITIONS. NUMBER OF DAYS WITH
THUNDERSTORM 0 MIXED PRECIP 0
HEAVY RAIN 6 RAIN 7
LIGHT RAIN 14 FREEZING RAIN 0
LT FREEZING RAIN 0 HEAVY SNOW 0
SNOW 0 LIGHT SNOW 1
SLEET 0 FOG 10
FOG W/VIS <= 1/4 MILE 2 HAZE 0
- INDICATES NEGATIVE NUMBERS.
R INDICATES RECORD WAS SET OR TIED.
MM INDICATES DATA IS MISSING.
T INDICATES TRACE AMOUNT.
$$