793
CXUS52 KILM 051345
CLMILM


CLIMATE REPORT
NATIONAL WEATHER SERVICE WILMINGTON NC
944 AM EDT MON JUN 5 2017

...................................

...THE WILMINGTON NC CLIMATE SUMMARY FOR THE MONTH OF MAY 2017...

CLIMATE NORMAL PERIOD 1981 TO 2010
CLIMATE RECORD PERIOD 1871 TO 2017

WEATHER         OBSERVED          NORMAL  DEPART  LAST YEAR`S
                 VALUE   DATE(S)  VALUE   FROM    VALUE  DATE(S)
                                          NORMAL
................................................................
TEMPERATURE (F)
RECORD
 HIGH              98   05/31/1953
                        05/26/1953
 LOW               35   05/02/1963
HIGHEST            91   05/29                         91  05/09
                        05/28
                        05/20
LOWEST             48   05/08                         48  05/06
AVG. MAXIMUM     82.9              80.7     2.2     79.7
AVG. MINIMUM     63.1              60.0     3.1     60.9
MEAN             73.0              70.4     2.6     70.3
DAYS MAX >= 90      6               1.9     4.1        1
DAYS MAX <= 32      0               0.0     0.0        0
DAYS MIN <= 32      0               0.0     0.0        0
DAYS MIN <= 0       0               0.0     0.0        0

PRECIPITATION (INCHES)
RECORD
 MAXIMUM         9.12   1956
 MINIMUM         0.10   1914
TOTALS           5.19              4.49    0.70     5.88
DAILY AVG.       0.17              0.14    0.03     0.19
DAYS >= .01        12              10.9     1.1       15
DAYS >= .10         8               6.0     2.0       13
DAYS >= .50         3               2.5     0.5        4
DAYS >= 1.00        3               1.2     1.8        1
GREATEST
 24 HR. TOTAL    1.30   05/05 TO 05/05

SNOWFALL (INCHES)
RECORDS
 TOTAL             MM   MM
 24 HR TOTAL       MM
TOTALS            0.0               0.0     0.0      0.0
SINCE 7/1         1.1               1.7    -0.6        T
DAYS >= TRACE       0               0.0     0.0        0
DAYS >= 1.0         0               0.0     0.0        0
GREATEST
 SNOW DEPTH         0   MM                             0  MM
 24 HR TOTAL      0.0   05/31 TO 05/31

DEGREE_DAYS
HEATING TOTAL      12                27     -15       19
COOLING TOTAL     267               193      74      189
.....................................................

WIND (MPH)
AVERAGE WIND SPEED              8.7
RESULTANT WIND SPEED/DIRECTION   5/223
HIGHEST WIND SPEED/DIRECTION    30/190    DATE  05/01
HIGHEST GUST SPEED/DIRECTION    43/200    DATE  05/05

SKY COVER
POSSIBLE SUNSHINE (PERCENT)   MM
AVERAGE SKY COVER           0.30
NUMBER OF DAYS FAIR           20
NUMBER OF DAYS PC              7
NUMBER OF DAYS CLOUDY          4

AVERAGE RH (PERCENT)     71

WEATHER CONDITIONS. NUMBER OF DAYS WITH
THUNDERSTORM              8     MIXED PRECIP               0
HEAVY RAIN                8     RAIN                       4
LIGHT RAIN               14     FREEZING RAIN              0
LT FREEZING RAIN          0     HAIL                       0
HEAVY SNOW                0     SNOW                       0
LIGHT SNOW                0     SLEET                      0
FOG                      14     FOG W/VIS <= 1/4 MILE      0
HAZE                      3

-  INDICATES NEGATIVE NUMBERS.
R  INDICATES RECORD WAS SET OR TIED.
MM INDICATES DATA IS MISSING.
T  INDICATES TRACE AMOUNT.

$$
