161
CXUS53 KIND 011516
CLMIND


CLIMATE REPORT
NATIONAL WEATHER SERVICE INDIANAPOLIS IN
1113 AM EDT THU SEP 1 2016

...................................

...THE INDIANAPOLIS IN CLIMATE SUMMARY FOR THE MONTH OF AUGUST 2016...

CLIMATE NORMAL PERIOD 1981 TO 2010
CLIMATE RECORD PERIOD 1871 TO 2016

WEATHER         OBSERVED          NORMAL  DEPART  LAST YEAR`S
                 VALUE   DATE(S)  VALUE   FROM    VALUE  DATE(S)
                                          NORMAL
................................................................
TEMPERATURE (F)
RECORD
 HIGH             103   08/05/1918
 LOW               41   08/29/1965
HIGHEST            93   08/11                         89  08/03
LOWEST             58   08/22                         52  08/25
AVG. MAXIMUM     86.2              84.0     2.2     82.5
AVG. MINIMUM     70.1              64.4     5.7     63.2
MEAN             78.2              74.2     4.0     72.9
DAYS MAX >= 90     12               5.0     7.0        0
DAYS MAX <= 32      0               0.0     0.0        0
DAYS MIN <= 32      0               0.0     0.0        0
DAYS MIN <= 0       0               0.0     0.0        0

PRECIPITATION (INCHES)
RECORD
 MAXIMUM         8.34   1980
 MINIMUM         0.37   2010
TOTALS           7.32              3.13    4.19     1.55
DAILY AVG.       0.24              0.10    0.14     0.05
DAYS >= .01        10               8.5     1.5        6
DAYS >= .10         9               5.4     3.6        5
DAYS >= .50         7               2.3     4.7        1
DAYS >= 1.00        2               0.9     1.1        0
GREATEST
 24 HR. TOTAL    2.48   08/26 TO 08/27

SNOWFALL (INCHES)
RECORDS
 TOTAL             MM   MM
 SNOW DEPTH        MM   MM
TOTALS            0.0               0.0     0.0      0.0
SINCE 7/1         0.0               0.0     0.0      0.0
SNOWDEPTH AVG.      0
DAYS >= 1.0         0               0.0     0.0        0
DAYS >= 0.1         0                                  0
GREATEST
 SNOW DEPTH         0   MM                             0  MM
 24 HR TOTAL      0.0   MM                          MM TO MM

DEGREE_DAYS
HEATING TOTAL       0                 3      -3        2
 SINCE 7/1          2                 4      -2        2
COOLING TOTAL     416               288     128      252
 SINCE 1/1       1180               921     259      955
..........................................................

WIND (MPH)
AVERAGE WIND SPEED              7.0
HIGHEST WIND SPEED/DIRECTION    29/190    DATE  08/26
HIGHEST GUST SPEED/DIRECTION    36/110    DATE  08/26

SKY COVER
POSSIBLE SUNSHINE (PERCENT)   MM
AVERAGE SKY COVER           0.60
NUMBER OF DAYS FAIR            4
NUMBER OF DAYS PC             21
NUMBER OF DAYS CLOUDY          6

AVERAGE RH (PERCENT)     75

WEATHER CONDITIONS. NUMBER OF DAYS WITH
THUNDERSTORM              9     MIXED PRECIP               0
HEAVY RAIN                6     RAIN                       9
LIGHT RAIN               14     FREEZING RAIN              0
LT FREEZING RAIN          0     HAIL                       0
HEAVY SNOW                0     SNOW                       0
LIGHT SNOW                0     SLEET                      0
FOG                      15     FOG W/VIS <= 1/4 MILE      1
HAZE                      6

-  INDICATES NEGATIVE NUMBERS.
R  INDICATES RECORD WAS SET OR TIED.
MM INDICATES DATA IS MISSING.
T  INDICATES TRACE AMOUNT.

$$
