000
CXUS53 KIND 011515
CLMIND


CLIMATE REPORT
NATIONAL WEATHER SERVICE INDIANAPOLIS IN
1115 AM EDT FRI JUL 1 2016

...................................

...THE INDIANAPOLIS IN CLIMATE SUMMARY FOR THE MONTH OF JUNE 2016...

CLIMATE NORMAL PERIOD 1981 TO 2010
CLIMATE RECORD PERIOD 1871 TO 2016

WEATHER         OBSERVED          NORMAL  DEPART  LAST YEAR`S
                 VALUE   DATE(S)  VALUE   FROM    VALUE  DATE(S)
                                          NORMAL
................................................................
TEMPERATURE (F)
RECORD
 HIGH             104   06/28/2012
 LOW               37   06/22/1992
HIGHEST            92   06/12                         90  06/11
                        06/11                             06/10
LOWEST             51   06/08                         49  06/02
AVG. MAXIMUM     84.3              81.9     2.4     81.2
AVG. MINIMUM     64.7              62.1     2.6     63.9
MEAN             74.5              72.0     2.5     72.6
DAYS MAX >= 90      8               2.7     5.3        2
DAYS MAX <= 32      0               0.0     0.0        0
DAYS MIN <= 32      0               0.0     0.0        0
DAYS MIN <= 0       0               0.0     0.0        0

PRECIPITATION (INCHES)
RECORD
 MAXIMUM        12.21   1875
 MINIMUM         0.09   2012
TOTALS           4.53              4.25    0.28     8.36
DAILY AVG.       0.15              0.14    0.01     0.28
DAYS >= .01         8              11.1    -3.1       13
DAYS >= .10         7               7.4    -0.4       12
DAYS >= .50         4               3.0     1.0        8
DAYS >= 1.00        1               1.1    -0.1        2
GREATEST
 24 HR. TOTAL    1.52   06/15 TO 06/15

SNOWFALL (INCHES)
RECORDS
 TOTAL             MM   MM
 SNOW DEPTH        MM   MM
TOTALS            0.0               0.0     0.0        T
SINCE 7/1        13.3              25.9   -12.6     25.6
SNOWDEPTH AVG.      0
DAYS >= 1.0         0               0.0     0.0        0
DAYS >= 0.1         0                                  0
GREATEST
 SNOW DEPTH         0   MM                             0  MM
 24 HR TOTAL      0.0   MM                             T  06/18 TO 06/18

DEGREE_DAYS
HEATING TOTAL       1                16     -15       16
 SINCE 7/1       4445              5378    -933     5924
COOLING TOTAL     295               226      69      251
 SINCE 1/1        396               310      86      399
.........................................................

WIND (MPH)
AVERAGE WIND SPEED              8.8
HIGHEST WIND SPEED/DIRECTION    32/030    DATE  06/15
HIGHEST GUST SPEED/DIRECTION    38/360    DATE  06/20

SKY COVER
POSSIBLE SUNSHINE (PERCENT)   MM
AVERAGE SKY COVER           0.50
NUMBER OF DAYS FAIR            6
NUMBER OF DAYS PC             22
NUMBER OF DAYS CLOUDY          2

AVERAGE RH (PERCENT)     65

WEATHER CONDITIONS. NUMBER OF DAYS WITH
THUNDERSTORM              9     MIXED PRECIP               0
HEAVY RAIN                3     RAIN                       7
LIGHT RAIN               10     FREEZING RAIN              0
LT FREEZING RAIN          0     HAIL                       0
HEAVY SNOW                0     SNOW                       0
LIGHT SNOW                0     SLEET                      0
FOG                      14     FOG W/VIS <= 1/4 MILE      1
HAZE                      3

-  INDICATES NEGATIVE NUMBERS.
R  INDICATES RECORD WAS SET OR TIED.
MM INDICATES DATA IS MISSING.
T  INDICATES TRACE AMOUNT.

$$
