000
CXUS53 KIND 011510
CLMIND


CLIMATE REPORT
NATIONAL WEATHER SERVICE INDIANAPOLIS IN
1110 AM EDT TUE APR 1 2014

...................................

...THE INDIANAPOLIS IN CLIMATE SUMMARY FOR THE MONTH OF MARCH 2014...

CLIMATE NORMAL PERIOD 1981 TO 2010
CLIMATE RECORD PERIOD 1871 TO 2014

WEATHER         OBSERVED          NORMAL  DEPART  LAST YEAR`S
                 VALUE   DATE(S)  VALUE   FROM    VALUE  DATE(S)
                                          NORMAL
................................................................
TEMPERATURE (F)
RECORD
 HIGH              85   03/31/1981
 LOW               -7   03/02/1980
HIGHEST            68   03/21                         67  03/10
                        03/11
LOWEST              7   03/04                         16  03/21
                        03/03
AVG. MAXIMUM     46.8              51.7    -4.9     43.1
AVG. MINIMUM     24.7              32.8    -8.1     27.9
MEAN             35.7              42.2    -6.5     35.5
DAYS MAX >= 90      0               0.0     0.0        0
DAYS MAX <= 32      4               1.3     2.7        3
DAYS MIN <= 32     23              15.3     7.7       26
DAYS MIN <= 0       0               0.0     0.0        0

PRECIPITATION (INCHES)
RECORD
 MAXIMUM        10.95   1904
 MINIMUM         0.07   1910
TOTALS           2.38              3.56   -1.18     1.96
DAILY AVG.       0.08              0.11   -0.03     0.06
DAYS >= .01         5              11.9    -6.9       12
DAYS >= .10         4               6.7    -2.7        6
DAYS >= .50         2               2.4    -0.4        0
DAYS >= 1.00        1               0.8     0.2        0
GREATEST
 24 HR. TOTAL    1.29   03/12 TO 03/12

SNOWFALL (INCHES)
RECORDS
 TOTAL           30.4   1906
 SNOW DEPTH        15   03/19/1906
TOTALS            3.1               2.6     0.5     14.5
SINCE 7/1        55.4              25.7    29.7     34.5
SNOWDEPTH AVG.      0
DAYS >= 1.0         1               0.7     0.3        4
DAYS >= 0.1         3                                  8
GREATEST
 SNOW DEPTH         2   03/03                          7  03/25
                        03/04
 24 HR TOTAL      2.4   03/02 TO 03/02               6.2  03/24 TO 03/24

DEGREE_DAYS
HEATING TOTAL     899               707     192      906
 SINCE 7/1       5696              4850     846     4917
COOLING TOTAL       0                 2      -2        0
 SINCE 1/1          0                 2      -2        0
.....................................................

WIND (MPH)
AVERAGE WIND SPEED              11.6
HIGHEST WIND SPEED/DIRECTION    43/240    DATE  03/14
HIGHEST GUST SPEED/DIRECTION    52/220    DATE  03/14

SKY COVER
POSSIBLE SUNSHINE (PERCENT)   MM
AVERAGE SKY COVER           0.60
NUMBER OF DAYS FAIR            6
NUMBER OF DAYS PC             13
NUMBER OF DAYS CLOUDY         12

AVERAGE RH (PERCENT)     64

WEATHER CONDITIONS. NUMBER OF DAYS WITH
THUNDERSTORM              2     MIXED PRECIP               0
HEAVY RAIN                2     RAIN                       3
LIGHT RAIN                5     FREEZING RAIN              0
LT FREEZING RAIN          2     HAIL                       0
HEAVY SNOW                1     SNOW                       2
LIGHT SNOW                5     SLEET                      1
FOG                      13     FOG W/VIS <= 1/4 MILE      1
HAZE                      8

-  INDICATES NEGATIVE NUMBERS.
R  INDICATES RECORD WAS SET OR TIED.
MM INDICATES DATA IS MISSING.
T  INDICATES TRACE AMOUNT.

$$
