000
CXUS53 KIND 011742
CLMIND


CLIMATE REPORT
NATIONAL WEATHER SERVICE INDIANAPOLIS IN
1236 PM EST SUN FEB 1 2015

...................................

...THE INDIANAPOLIS IN CLIMATE SUMMARY FOR THE MONTH OF JANUARY 2015...

CLIMATE NORMAL PERIOD 1981 TO 2010
CLIMATE RECORD PERIOD 1871 TO 2015

WEATHER         OBSERVED          NORMAL  DEPART  LAST YEAR`S
                 VALUE   DATE(S)  VALUE   FROM    VALUE  DATE(S)
                                          NORMAL
................................................................
TEMPERATURE (F)
RECORD
 HIGH              71   01/25/1950
 LOW              -27   01/19/1994
HIGHEST            52   01/03                         50  01/13
LOWEST             -7   01/08                        -15  01/06
AVG. MAXIMUM     33.7              35.6    -1.9     29.8
AVG. MINIMUM     16.8              20.5    -3.7     10.4
MEAN             25.3              28.1    -2.8     20.1
DAYS MAX >= 90      0               0.0     0.0        0
DAYS MAX <= 32     12              11.6     0.4       17
DAYS MIN <= 32     30              25.4     4.6       29
DAYS MIN <= 0       3               2.2     0.8        8

PRECIPITATION (INCHES)
RECORD
 MAXIMUM        12.69   1950
 MINIMUM         0.21   1944
TOTALS           1.81              2.66   -0.85     2.34
DAILY AVG.       0.06              0.09   -0.03     0.08
DAYS >= .01        11              12.1    -1.1       13
DAYS >= .10         5               5.8    -0.8        5
DAYS >= .50         1               1.6    -0.6        1
DAYS >= 1.00        0               0.4    -0.4        1
GREATEST
 24 HR. TOTAL    0.79   01/03 TO 01/03

SNOWFALL (INCHES)
RECORDS
 TOTAL           30.6   1978
 SNOW DEPTH        20   01/28/1978
                        01/27/1978
TOTALS            3.1               8.6    -5.5     26.9
SINCE 7/1         5.9              16.6   -10.7     35.8
SNOWDEPTH AVG.      0
DAYS >= 1.0         1               2.5    -1.5        6
DAYS >= 0.1         7                                 11
GREATEST
 SNOW DEPTH         2   01/06                         16  01/06
 24 HR TOTAL      2.1   01/05 TO 01/06               11.4 01/05 TO 01/05

DEGREE_DAYS
HEATING TOTAL    1224              1145      79     1387
 SINCE 7/1       3477              3221     256     3610
COOLING TOTAL       0                 0       0        0
 SINCE 1/1          0                 0       0        0
......................................................

WIND (MPH)
AVERAGE WIND SPEED              10.2
HIGHEST WIND SPEED/DIRECTION    33/210    DATE  01/17
HIGHEST GUST SPEED/DIRECTION    40/210    DATE  01/17

SKY COVER
POSSIBLE SUNSHINE (PERCENT)   MM
AVERAGE SKY COVER           0.70
NUMBER OF DAYS FAIR            5
NUMBER OF DAYS PC             14
NUMBER OF DAYS CLOUDY         12

AVERAGE RH (PERCENT)     75

WEATHER CONDITIONS. NUMBER OF DAYS WITH
THUNDERSTORM              0     MIXED PRECIP               1
HEAVY RAIN                0     RAIN                       2
LIGHT RAIN               11     FREEZING RAIN              1
LT FREEZING RAIN          3     HAIL                       0
HEAVY SNOW                0     SNOW                       2
LIGHT SNOW               15     SLEET                      3
FOG                      23     FOG W/VIS <= 1/4 MILE      0
HAZE                     10

-  INDICATES NEGATIVE NUMBERS.
R  INDICATES RECORD WAS SET OR TIED.
MM INDICATES DATA IS MISSING.
T  INDICATES TRACE AMOUNT.

$$
