929
CXUS53 KDVN 011640
CLMIOW


CLIMATE REPORT
NATIONAL WEATHER SERVICE QUAD CITIES IA IL
1040 AM CST THU DEC 1 2016

...................................

...THE IOWA CITY IA CLIMATE SUMMARY FOR THE MONTH OF NOVEMBER 2016...

CLIMATE NORMAL PERIOD 1981 TO 2010
CLIMATE RECORD PERIOD 9999 TO 9999

WEATHER         OBSERVED          NORMAL  DEPART
                 VALUE   DATE(S)  VALUE   FROM
                                          NORMAL
................................................
TEMPERATURE (F)
HIGHEST            76   11/01        56      20
LOWEST             20   11/20        23      -3
AVG. MAXIMUM     57.1              47.7     9.4
AVG. MINIMUM     35.7              30.2     5.5
MEAN             46.4              39.0     7.4
DAYS MAX >= 90      0
DAYS MAX <= 32      0
DAYS MIN <= 32     11
DAYS MIN <= 0       0

PRECIPITATION (INCHES)
TOTALS           1.08              2.35   -1.27
DAILY AVG.       0.04              0.08   -0.04
DAYS >= .01         5
DAYS >= .10         2
DAYS >= .50         1
DAYS >= 1.00        0
GREATEST
 24 HR. TOTAL    0.77   11/27 TO 11/28

DEGREE_DAYS
HEATING TOTAL     551               782    -231
 SINCE 7/1        802              1307    -505
COOLING TOTAL       0                 0       0
 SINCE 1/1       1192               912     280
.................................................

WIND (MPH)
AVERAGE WIND SPEED              7.7
HIGHEST WIND SPEED/DIRECTION    36/290    DATE  11/18
HIGHEST GUST SPEED/DIRECTION    46/280    DATE  11/18

SKY COVER
POSSIBLE SUNSHINE (PERCENT)   MM
AVERAGE SKY COVER           0.30
NUMBER OF DAYS FAIR           20
NUMBER OF DAYS PC              4
NUMBER OF DAYS CLOUDY          6

AVERAGE RH (PERCENT)     70

WEATHER CONDITIONS. NUMBER OF DAYS WITH
THUNDERSTORM              2     HAIL                       0
SLEET                     0     FOG                       13
FOG W/VIS <= 1/4 MILE     5     HAZE                       4

-  INDICATES NEGATIVE NUMBERS.
R  INDICATES RECORD WAS SET OR TIED.
MM INDICATES DATA IS MISSING.
T  INDICATES TRACE AMOUNT.

$$


NOTE: SUPPLEMENTAL CLIMATE DATA WAS USED FROM A NEARBY
CLIMATOLOGICALLY REPRESENTATIVE STATION.
