000
CXCA52 TJSJ 010918
CLMIST


CLIMATE REPORT
NATIONAL WEATHER SERVICE SAN JUAN, PR
314 AM AST TUE JUL 1 2014

...................................

...THE CYRIL E. KING AIRPORT/USVI CLIMATE SUMMARY FOR THE MONTH OF JUNE 2014...

CLIMATE NORMAL PERIOD 1981 TO 2010
CLIMATE RECORD PERIOD 1956 TO 2014

WEATHER         OBSERVED          NORMAL  DEPART
                 VALUE   DATE(S)  VALUE   FROM
                                          NORMAL
................................................
TEMPERATURE (F)
RECORD
 HIGH              99   06/23/1996
 LOW               67   06/21/1972
                        06/20/1972
HIGHEST            91   06/25        MM      MM
                        06/17
LOWEST             77   06/14        MM      MM
AVG. MAXIMUM     88.3              89.3    -1.0
AVG. MINIMUM     79.3              77.7     1.6
MEAN             83.8              83.5     0.3
DAYS MAX >= 90      5               9.5    -4.5
DAYS MAX <= 32      0               0.0     0.0
DAYS MIN <= 32      0               0.0     0.0
DAYS MIN <= 0       0               0.0     0.0

PRECIPITATION (INCHES)
RECORD
 MAXIMUM         9.51   2010
 MINIMUM         0.07   2007
TOTALS           0.14              2.53   -2.39
DAILY AVG.       0.00              0.08   -0.08
DAYS >= .01         7              11.4    -4.4
DAYS >= .10         0               4.8    -4.8
DAYS >= .50         0               1.5    -1.5
DAYS >= 1.00        0               0.5    -0.5
GREATEST
 24 HR. TOTAL    0.05   06/24 TO 06/24
                        06/23 TO 06/24
                        06/24 TO 06/24
 STORM TOTAL       MM
 (MM/DD(HH))            MM

DEGREE_DAYS
HEATING TOTAL       0                 0       0
 SINCE 7/1          0                 0       0
COOLING TOTAL     575               555      20
 SINCE 1/1       2798              2807      -9
.................................................

WIND (MPH)
AVERAGE WIND SPEED              10.5
RESULTANT WIND SPEED/DIRECTION  10/116
HIGHEST WIND SPEED/DIRECTION    25/130    DATE  06/30
HIGHEST GUST SPEED/DIRECTION    29/130    DATE  06/30

SKY COVER
POSSIBLE SUNSHINE (PERCENT)   MM
AVERAGE SKY COVER           0.70
NUMBER OF DAYS FAIR            6
NUMBER OF DAYS PC             10
NUMBER OF DAYS CLOUDY         14

AVERAGE RH (PERCENT)     75

WEATHER CONDITIONS. NUMBER OF DAYS WITH
THUNDERSTORM              0     MIXED PRECIP               0
HEAVY RAIN                0     RAIN                       1
LIGHT RAIN                7     FREEZING RAIN              0
LT FREEZING RAIN          0     HAIL                       0
HEAVY SNOW                0     SNOW                       0
LIGHT SNOW                0     SLEET                      0
FOG                       1     FOG W/VIS <= 1/4 MILE      0
HAZE                      2

-  INDICATES NEGATIVE NUMBERS.
R  INDICATES RECORD WAS SET OR TIED.
MM INDICATES DATA IS MISSING.
T  INDICATES TRACE AMOUNT.

$$
