517
CXCA52 TJSJ 010432
CLMIST


CLIMATE REPORT
NATIONAL WEATHER SERVICE SAN JUAN, PR
1231 AM AST SAT APR 1 2017

...................................

...THE CYRIL E. KING AP/ST THOMAS  CLIMATE SUMMARY FOR THE MONTH OF MARCH 2017...

CLIMATE NORMAL PERIOD 1981 TO 2010
CLIMATE RECORD PERIOD 1953 TO 2017

WEATHER         OBSERVED          NORMAL  DEPART  LAST YEAR`S
                 VALUE   DATE(S)  VALUE   FROM    VALUE  DATE(S)
                                          NORMAL
................................................................
TEMPERATURE (F)
RECORD
 HIGH              94   03/27/1994
                        03/26/1994
                        03/21/1994
 LOW               60   03/30/1972
                        03/01/1972
HIGHEST            87   03/18        86       1       89  03/26
                        03/01                             03/02
LOWEST             70   03/25        73      -3       72  03/17
                        03/07
AVG. MAXIMUM     83.0              85.9    -2.9     86.0
AVG. MINIMUM     73.2              72.8     0.4     75.4
MEAN             78.1              79.4    -1.3     80.7
DAYS MAX >= 90      0               3.0    -3.0        0
DAYS MAX <= 32      0               0.0     0.0        0
DAYS MIN <= 32      0               0.0     0.0        0
DAYS MIN <= 0       0               0.0     0.0        0

PRECIPITATION (INCHES)
RECORD
 MAXIMUM         6.23   2004
 MINIMUM         0.01   2008
TOTALS           5.83              1.42    4.41     2.43
DAILY AVG.       0.19              0.05    0.14     0.08
DAYS >= .01        15               9.1     5.9       14
DAYS >= .10         6               3.5     2.5        7
DAYS >= .50         5               0.7     4.3        0
DAYS >= 1.00        2               0.2     1.8        0
GREATEST
 24 HR. TOTAL    1.60   03/25 TO 03/25

SNOWFALL (INCHES)
TOTALS            0.0               0.0     0.0      0.0

DEGREE_DAYS
HEATING TOTAL       0                 0       0        0
COOLING TOTAL     411               445     -34      493
.................................................................

WIND (MPH)
AVERAGE WIND SPEED              11.7
HIGHEST WIND SPEED/DIRECTION    31/040    DATE  03/06
HIGHEST GUST SPEED/DIRECTION    45/040    DATE  03/07

SKY COVER
AVERAGE SKY COVER           0.40

AVERAGE RH (PERCENT)     78

WEATHER CONDITIONS. NUMBER OF DAYS WITH
THUNDERSTORM              0     MIXED PRECIP               0
HEAVY RAIN                4     RAIN                       8
LIGHT RAIN               15     FREEZING RAIN              0
LT FREEZING RAIN          0     HAIL                       0
HEAVY SNOW                0     SNOW                       0
LIGHT SNOW                0     SLEET                      0
FOG                      11     FOG W/VIS <= 1/4 MILE      0
HAZE                      5

-  INDICATES NEGATIVE NUMBERS.
R  INDICATES RECORD WAS SET OR TIED.
MM INDICATES DATA IS MISSING.
T  INDICATES TRACE AMOUNT.

$$
