000
CXHW53 PHFO 012042
CLMITO


CLIMATE REPORT
NATIONAL WEATHER SERVICE HONOLULU HI
1041 AM HST THU JAN 1 2015

...................................

...THE HILO HI CLIMATE SUMMARY FOR THE MONTH OF DECEMBER 2014...

CLIMATE NORMAL PERIOD 1981 TO 2010
CLIMATE RECORD PERIOD 1946 TO 2014

WEATHER         OBSERVED          NORMAL  DEPART  LAST YEAR`S
                 VALUE   DATE(S)  VALUE   FROM    VALUE  DATE(S)
                                          NORMAL
................................................................
TEMPERATURE (F)
RECORD
 HIGH              93   12/14/1980
 LOW               55   12/23/1977
HIGHEST            83   12/22        80       3       84  12/09
                        12/21
                        12/20
LOWEST             60   12/11        65      -5       62  12/22
AVG. MAXIMUM     79.8              79.4     0.4     80.2
AVG. MINIMUM     65.3              65.1     0.2     65.1
MEAN             72.5              72.3     0.2     72.7
DAYS MAX >= 90      0               0.0     0.0        0
DAYS MAX <= 32      0               0.0     0.0        0
DAYS MIN <= 32      0               0.0     0.0        0
DAYS MIN <= 0       0               0.0     0.0        0

PRECIPITATION (INCHES)
RECORD
 MAXIMUM        50.82   1954
 MINIMUM         0.28   1980
TOTALS           6.10             11.57   -5.47    20.20
DAILY AVG.       0.20              0.37   -0.17     0.65
DAYS >= .01        17              20.6    -3.6       25
DAYS >= .10        13              14.2    -1.2       18
DAYS >= .50         4               6.2    -2.2        8
DAYS >= 1.00        2               3.1    -1.1        6
GREATEST
 24 HR. TOTAL    1.99   12/12 TO 12/13              8.76

SNOWFALL (INCHES)
RECORDS
 TOTAL            0.0   5
                        0
                        -26215
TOTALS            0.0               0.0     0.0      0.0
SINCE 7/1         0.0               0.0     0.0      0.0
SNOWDEPTH AVG.      0                MM      MM        0
DAYS >= 1.0         0               0.0     0.0        0
GREATEST
 SNOW DEPTH         0   MM                             0  MM
 24 HR TOTAL      0.0   12/31 TO 12/31               0.0

DEGREE_DAYS
HEATING TOTAL       0                 0       0        0
 SINCE 7/1          0                 0       0        0
COOLING TOTAL     241               225      16      247
 SINCE 1/1       3651              3232     419     3523
.................................................................

WIND (MPH)
AVERAGE WIND SPEED              6.3
HIGHEST WIND SPEED/DIRECTION    25/340    DATE  12/27
HIGHEST GUST SPEED/DIRECTION    32/150    DATE  12/30

SKY COVER
POSSIBLE SUNSHINE (PERCENT)   MM
AVERAGE SKY COVER           0.70
NUMBER OF DAYS FAIR            4
NUMBER OF DAYS PC             10
NUMBER OF DAYS CLOUDY         17

AVERAGE RH (PERCENT)     75

WEATHER CONDITIONS. NUMBER OF DAYS WITH
THUNDERSTORM              0     MIXED PRECIP               0
HEAVY RAIN                4     RAIN                      10
LIGHT RAIN               20     FREEZING RAIN              0
LT FREEZING RAIN          0     HAIL                       0
HEAVY SNOW                0     SNOW                       0
LIGHT SNOW                0     SLEET                      0
FOG                      14     FOG W/VIS <= 1/4 MILE      0
HAZE                      2

-  INDICATES NEGATIVE NUMBERS.
R  INDICATES RECORD WAS SET OR TIED.
MM INDICATES DATA IS MISSING.
T  INDICATES TRACE AMOUNT.

$$
