000
CXHW53 PHFO 011607
CLMITO


CLIMATE REPORT
NATIONAL WEATHER SERVICE HONOLULU HI
605 AM HST MON MAY 1 2017

...................................

...THE HILO HI CLIMATE SUMMARY FOR THE MONTH OF APRIL 2017...

CLIMATE NORMAL PERIOD 1981 TO 2010
CLIMATE RECORD PERIOD 1946 TO 2017

WEATHER         OBSERVED          NORMAL  DEPART  LAST YEAR`S
                 VALUE   DATE(S)  VALUE   FROM    VALUE  DATE(S)
                                          NORMAL
................................................................
TEMPERATURE (F)
RECORD
 HIGH              89   04/29/2017
                        04/20/1978
                        04/02/1963
 LOW               58   04/02/2013
                        04/05/2008
                        01/22/1969
HIGHEST            89R  04/29        79      10       87  04/05
LOWEST             64   04/29        66      -2       65  04/17
                        04/20
AVG. MAXIMUM     82.0              78.9     3.1     82.1
AVG. MINIMUM     66.4              65.5     0.9     68.6
MEAN             74.2              72.2     2.0     75.3
DAYS MAX >= 90      0               0.0     0.0        0
DAYS MAX <= 32      0               0.0     0.0        0
DAYS MIN <= 32      0               0.0     0.0        0
DAYS MIN <= 0       0               0.0     0.0        0

PRECIPITATION (INCHES)
RECORD
 MAXIMUM        43.24   1986
 MINIMUM         2.93   1962
TOTALS           5.08             11.54   -6.46     9.57
DAILY AVG.       0.17              0.38   -0.21     0.33
DAYS >= .01        20              24.9    -4.9       25
DAYS >= .10        11              18.3    -7.3       20
DAYS >= .50         4               6.8    -2.8        5
DAYS >= 1.00        1               2.6    -1.6        2
GREATEST
 24 HR. TOTAL    1.49   04/17 TO 04/17              2.49

SNOWFALL (INCHES)
RECORDS
 TOTAL             MM   5
TOTALS            0.0               0.0     0.0      0.0
SINCE 7/1         0.0               0.0     0.0      0.0
SNOWDEPTH AVG.      0                MM      MM        0
DAYS >= 1.0         0               0.0     0.0        0
GREATEST
 SNOW DEPTH         0   MM                             0  MM
 24 HR TOTAL      0.0   04/30 TO 04/30               0.0

DEGREE_DAYS
HEATING TOTAL       0                 0       0        0
 SINCE 7/1          0                 0       0        0
COOLING TOTAL     283               216      67      317
 SINCE 1/1        994               797     197     1190
.................................................................

WIND (MPH)
AVERAGE WIND SPEED              6.8
HIGHEST WIND SPEED/DIRECTION    23/350    DATE  04/29
HIGHEST GUST SPEED/DIRECTION    28/070    DATE  04/17

SKY COVER
POSSIBLE SUNSHINE (PERCENT)   MM
AVERAGE SKY COVER             MM
NUMBER OF DAYS FAIR            0
NUMBER OF DAYS PC              0
NUMBER OF DAYS CLOUDY          0

AVERAGE RH (PERCENT)     MM

WEATHER CONDITIONS. NUMBER OF DAYS WITH
THUNDERSTORM              0     MIXED PRECIP               0
HEAVY RAIN                0     RAIN                       0
LIGHT RAIN                0     FREEZING RAIN              0
LT FREEZING RAIN          0     HAIL                       0
HEAVY SNOW                0     SNOW                       0
LIGHT SNOW                0     SLEET                      0
FOG                      17     FOG W/VIS <= 1/4 MILE      0
HAZE                      8

-  INDICATES NEGATIVE NUMBERS.
R  INDICATES RECORD WAS SET OR TIED.
MM INDICATES DATA IS MISSING.
T  INDICATES TRACE AMOUNT.

$$
