000
CXUS53 KGLD 032203
CLMITR

CLIMATE REPORT
NATIONAL WEATHER SERVICE GOODLAND
400 PM MDT SAT SEP 3 2016

...................................

...THE BURLINGTON CLIMATE SUMMARY FOR THE MONTH OF AUGUST 2016...

CLIMATE NORMAL PERIOD 1981 TO 2010
CLIMATE RECORD PERIOD 1896 TO 2016

WEATHER         OBSERVED          NORMAL  DEPART  LAST YEAR`S
                 VALUE   DATE(S)  VALUE   FROM    VALUE  DATE(S)
                                          NORMAL
................................................................
TEMPERATURE (F)
RECORD
 HIGH             107   08/23/1919
 LOW               38   08/06/1972
HIGHEST            99   08/10        98       1       96  08/26
                                                          08/22
                                                          08/13
LOWEST             48   08/20        51      -3       47  08/24
                                                          08/23
AVG. MAXIMUM     86.1              85.9     0.2     87.8
AVG. MINIMUM     57.5              58.2    -0.7     59.1
MEAN             71.8              72.1    -0.3     73.5
DAYS MAX >= 90     12              10.5     1.5       11
DAYS MAX <= 32      0               0.0     0.0        0
DAYS MIN <= 32      0               0.0     0.0        0
DAYS MIN <= 0       0               0.0     0.0        0

PRECIPITATION (INCHES)
RECORD
 MAXIMUM         8.73   1915
 MINIMUM         0.00   1960
TOTALS           0.53              2.41   -1.88     0.88
DAILY AVG.       0.02              0.08   -0.06     0.03
DAYS >= .01         9                MM      MM        9
DAYS >= .10         1                MM      MM        2
DAYS >= .50         0                MM      MM        0
DAYS >= 1.00        0                MM      MM        0
GREATEST
 24 HR. TOTAL    0.16   08/09 TO 08/10              0.48



.................................................................



-  INDICATES NEGATIVE NUMBERS.
R  INDICATES RECORD WAS SET OR TIED.
MM INDICATES DATA IS MISSING.
T  INDICATES TRACE AMOUNT.

$$
